{"id":8784,"date":"2025-05-27T17:14:09","date_gmt":"2025-05-27T21:14:09","guid":{"rendered":"https:\/\/medicina.udd.cl\/odontologia-santiago\/?page_id=8784"},"modified":"2025-09-24T11:50:08","modified_gmt":"2025-09-24T14:50:08","slug":"postitulos-odontologicos","status":"publish","type":"page","link":"https:\/\/medicina.udd.cl\/odontologia-santiago\/postitulos-odontologicos\/","title":{"rendered":"Post\u00edtulos Odontol\u00f3gicos"},"content":{"rendered":"<!-- WP Block: UDD - Cards Alternate -->\n<section class=\"wp-block-udd-access-cards\">\n\t<div class=\"container\">\n\t\t\t\t<div class=\"block__content\">\n\t\t\t<div class=\"access-cards\">\n\t\t\t\t\t\t\t<div class=\"access-card-wrapper\">\n\t\t\t\t\t\t\t\t\t\t<div class=\"access-card\">\n\t\t\t\t\t\t<h3 class=\"access-card__title\">Post\u00edtulo de Especialidad Odontol\u00f3gica en Rehabilitaci\u00f3n Oral, Menci\u00f3n en Pr\u00f3tesis Dento e Implanto Asistidas<\/h3>\n\t\t\t\t\t\t<p class=\"access-card__description\">\n\t\t\t\t\t\t\t\t\t\t\t\t\t<\/p>\n\t\t\t\t\t\t\t\t\t\t\t\t\t\t\t\t\t\t<div class=\"access-card__link\">\n\t\t\t\t\t\t\t\t<a href=\"https:\/\/postgrados.udd.cl\/programas\/postitulo-de-especialidad-odontologica-en-rehabilitacion-oral-mencion-en-protesis-dento-e-implanto-asistidas-145087\/\" class=\"access-card__link-text\" data-url=\"https:\/\/postgrados.udd.cl\/programas\/postitulo-de-especialidad-odontologica-en-rehabilitacion-oral-mencion-en-protesis-dento-e-implanto-asistidas-145087\/\">Ver m\u00e1s<\/a>\n\t\t\t\t\t\t\t<\/div>\n\t\t\t\t\t\t\t\t\t\t\t<\/div>\n\t\t\t\t<\/div>\n\t\t\t\t\t\t\t<div class=\"access-card-wrapper\">\n\t\t\t\t\t\t\t\t\t\t<div class=\"access-card\">\n\t\t\t\t\t\t<h3 class=\"access-card__title\">Post\u00edtulo de Especialidad Odontol\u00f3gica en Cirug\u00eda y Traumatolog\u00eda Bucal y Maxilofacial<\/h3>\n\t\t\t\t\t\t<p class=\"access-card__description\">\n\t\t\t\t\t\t\t\t\t\t\t\t\t<\/p>\n\t\t\t\t\t\t\t\t\t\t\t\t\t\t\t\t\t\t<div class=\"access-card__link\">\n\t\t\t\t\t\t\t\t<a href=\"https:\/\/postgrados.udd.cl\/programas\/postitulo-de-especialidad-odontologica-en-cirugia-y-traumatologia-bucal-y-maxilofacial-100177\/\" class=\"access-card__link-text\" data-url=\"https:\/\/postgrados.udd.cl\/programas\/postitulo-de-especialidad-odontologica-en-cirugia-y-traumatologia-bucal-y-maxilofacial-100177\/\">Ver m\u00e1s<\/a>\n\t\t\t\t\t\t\t<\/div>\n\t\t\t\t\t\t\t\t\t\t\t<\/div>\n\t\t\t\t<\/div>\n\t\t\t\t\t\t\t<div class=\"access-card-wrapper\">\n\t\t\t\t\t\t\t\t\t\t<div class=\"access-card\">\n\t\t\t\t\t\t<h3 class=\"access-card__title\">Post\u00edtulo de Especialidad Odontol\u00f3gica en Implantolog\u00eda Buco Maxilofacial<\/h3>\n\t\t\t\t\t\t<p class=\"access-card__description\">\n\t\t\t\t\t\t\t\t\t\t\t\t\t<\/p>\n\t\t\t\t\t\t\t\t\t\t\t\t\t\t\t\t\t\t<div class=\"access-card__link\">\n\t\t\t\t\t\t\t\t<a href=\"https:\/\/postgrados.udd.cl\/programas\/postitulo-de-especialidad-odontologica-en-implantologia-buco-maxilofacial-70945\/\" class=\"access-card__link-text\" data-url=\"https:\/\/postgrados.udd.cl\/programas\/postitulo-de-especialidad-odontologica-en-implantologia-buco-maxilofacial-70945\/\">Ver m\u00e1s<\/a>\n\t\t\t\t\t\t\t<\/div>\n\t\t\t\t\t\t\t\t\t\t\t<\/div>\n\t\t\t\t<\/div>\n\t\t\t\t\t\t<\/div>\n\t\t<\/div>\n\t<\/div>\n<\/section>\n\n\n<!-- WP Block: UDD - Cards Alternate -->\n<section class=\"wp-block-udd-access-cards\">\n\t<div class=\"container\">\n\t\t\t\t<div class=\"block__content\">\n\t\t\t<div class=\"access-cards\">\n\t\t\t\t\t\t\t<div class=\"access-card-wrapper\">\n\t\t\t\t\t\t\t\t\t\t<div class=\"access-card\">\n\t\t\t\t\t\t<h3 class=\"access-card__title\">Post\u00edtulo de Especialidad Odontol\u00f3gica en Ortodoncia y Ortopedia Dentom\u00e1xilofacial<\/h3>\n\t\t\t\t\t\t<p class=\"access-card__description\">\n\t\t\t\t\t\t\t\t\t\t\t\t\t<\/p>\n\t\t\t\t\t\t\t\t\t\t\t\t\t\t\t\t\t\t<div class=\"access-card__link\">\n\t\t\t\t\t\t\t\t<a href=\"https:\/\/postgrados.udd.cl\/programas\/postitulo-de-especialidad-odontologica-en-ortodoncia-y-ortopedia-dentomaxilofacial-145094\/\" class=\"access-card__link-text\" data-url=\"https:\/\/postgrados.udd.cl\/programas\/postitulo-de-especialidad-odontologica-en-ortodoncia-y-ortopedia-dentomaxilofacial-145094\/\">Ver m\u00e1s<\/a>\n\t\t\t\t\t\t\t<\/div>\n\t\t\t\t\t\t\t\t\t\t\t<\/div>\n\t\t\t\t<\/div>\n\t\t\t\t\t\t\t<div class=\"access-card-wrapper\">\n\t\t\t\t\t\t\t\t\t\t<div class=\"access-card\">\n\t\t\t\t\t\t<h3 class=\"access-card__title\">Post\u00edtulo de Especialidad Odontol\u00f3gica en Periodoncia<\/h3>\n\t\t\t\t\t\t<p class=\"access-card__description\">\n\t\t\t\t\t\t\t\t\t\t\t\t\t<\/p>\n\t\t\t\t\t\t\t\t\t\t\t\t\t\t\t\t\t\t<div class=\"access-card__link\">\n\t\t\t\t\t\t\t\t<a href=\"https:\/\/postgrados.udd.cl\/programas\/postitulo-de-especialidad-odontologica-en-periodoncia-231631\/\" class=\"access-card__link-text\" data-url=\"https:\/\/postgrados.udd.cl\/programas\/postitulo-de-especialidad-odontologica-en-periodoncia-231631\/\">Ver m\u00e1s<\/a>\n\t\t\t\t\t\t\t<\/div>\n\t\t\t\t\t\t\t\t\t\t\t<\/div>\n\t\t\t\t<\/div>\n\t\t\t\t\t\t\t<div class=\"access-card-wrapper\">\n\t\t\t\t\t\t\t\t\t\t<div class=\"access-card\">\n\t\t\t\t\t\t<h3 class=\"access-card__title\">Post\u00edtulo de Especialidad Odontol\u00f3gica en Trastornos Temporomandibulares y Dolor Orofacial<\/h3>\n\t\t\t\t\t\t<p class=\"access-card__description\">\n\t\t\t\t\t\t\t\t\t\t\t\t\t<\/p>\n\t\t\t\t\t\t\t\t\t\t\t\t\t\t\t\t\t\t<div class=\"access-card__link\">\n\t\t\t\t\t\t\t\t<a href=\"https:\/\/postgrados.udd.cl\/programas\/postitulo-de-especialidad-odontologica-en-trastornos-temporomandibulares-y-dolor-orofacial-69890\/\" class=\"access-card__link-text\" data-url=\"https:\/\/postgrados.udd.cl\/programas\/postitulo-de-especialidad-odontologica-en-trastornos-temporomandibulares-y-dolor-orofacial-69890\/\">Ver m\u00e1s<\/a>\n\t\t\t\t\t\t\t<\/div>\n\t\t\t\t\t\t\t\t\t\t\t<\/div>\n\t\t\t\t<\/div>\n\t\t\t\t\t\t<\/div>\n\t\t<\/div>\n\t<\/div>\n<\/section>\n\n\n<!-- WP Block: UDD - Fullwidth Cards -->\n<section class=\"wp-block-udd-fullwidth-cards \">\n\t<div class=\"container\">\n\t\t<header class=\"block__header\">\n\t\t\t<h2 class=\"block__title\">Noticias<\/h2>\n\t\t\t\t\t\t<a href=\"https:\/\/medicina.udd.cl\/odontologia-santiago\/noticias\/category\/postgrado\/\" class=\"block__view-more\">\n\t\t\t\tVer m\u00e1s noticias\t\t\t<\/a>\n\t\t\t\t\t<\/header>\n\t\t<div class=\"block__content\">\n\t\t\t<div class=\"fullwidth-cards\">\n\t\t\t<div class=\"fullwidth-card-wrapper \">\n\t<a href=\"https:\/\/medicina.udd.cl\/odontologia-santiago\/noticias\/2026\/04\/10\/udd-impulsa-jornada-inedita-para-avanzar-en-un-plan-comun-de-especialidades-odontologicas\/\" class=\"fullwidth-card fullwidth-card--linkable\">\n\t\t\t\t<img loading=\"lazy\" decoding=\"async\" width=\"500\" height=\"500\" src=\"https:\/\/medicina.udd.cl\/odontologia-santiago\/files\/2026\/04\/odon-jornada-esp-scl-ccp-2026-44-500x500.jpg\" class=\"fullwidth-card__image wp-post-image\" alt=\"\" srcset=\"https:\/\/medicina.udd.cl\/odontologia-santiago\/files\/2026\/04\/odon-jornada-esp-scl-ccp-2026-44-500x500.jpg 500w, https:\/\/medicina.udd.cl\/odontologia-santiago\/files\/2026\/04\/odon-jornada-esp-scl-ccp-2026-44-150x150.jpg 150w, https:\/\/medicina.udd.cl\/odontologia-santiago\/files\/2026\/04\/odon-jornada-esp-scl-ccp-2026-44-62x62.jpg 62w, https:\/\/medicina.udd.cl\/odontologia-santiago\/files\/2026\/04\/odon-jornada-esp-scl-ccp-2026-44-750x750.jpg 750w, https:\/\/medicina.udd.cl\/odontologia-santiago\/files\/2026\/04\/odon-jornada-esp-scl-ccp-2026-44-250x250.jpg 250w, https:\/\/medicina.udd.cl\/odontologia-santiago\/files\/2026\/04\/odon-jornada-esp-scl-ccp-2026-44-126x126.jpg 126w\" sizes=\"auto, (max-width: 500px) 100vw, 500px\" \/>\t\t\t\t<div class=\"fullwidth-card__content\">\n\t\t\t<span class=\"fullwidth-card__date\">\n\t\t\t\t10 de abril 2026\t\t\t<\/span>\n\t\t\t<h3 class=\"fullwidth-card__title\">UDD impulsa jornada in\u00e9dita para avanzar en un Plan Com\u00fan de Especialidades Odontol\u00f3gicas<\/h3>\n\t\t\t<span class=\"fullwidth-card__link\">\n\t\t\t\tConocer m\u00e1s\t\t\t<\/span>\n\t\t<\/div>\n\t<\/a>\n<\/div>\n<div class=\"fullwidth-card-wrapper \">\n\t<a href=\"https:\/\/medicina.udd.cl\/odontologia-santiago\/noticias\/2026\/03\/27\/odontologia-udd-da-la-bienvenida-a-nueva-generacion-de-estudiantes-de-especialidades-odontologicas-2026\/\" class=\"fullwidth-card fullwidth-card--linkable\">\n\t\t\t\t<img loading=\"lazy\" decoding=\"async\" width=\"500\" height=\"500\" src=\"https:\/\/medicina.udd.cl\/odontologia-santiago\/files\/2026\/03\/odon-bienvenida-especialidades-2026-54-500x500.jpg\" class=\"fullwidth-card__image wp-post-image\" alt=\"\" srcset=\"https:\/\/medicina.udd.cl\/odontologia-santiago\/files\/2026\/03\/odon-bienvenida-especialidades-2026-54-500x500.jpg 500w, https:\/\/medicina.udd.cl\/odontologia-santiago\/files\/2026\/03\/odon-bienvenida-especialidades-2026-54-150x150.jpg 150w, https:\/\/medicina.udd.cl\/odontologia-santiago\/files\/2026\/03\/odon-bienvenida-especialidades-2026-54-62x62.jpg 62w, https:\/\/medicina.udd.cl\/odontologia-santiago\/files\/2026\/03\/odon-bienvenida-especialidades-2026-54-750x750.jpg 750w, https:\/\/medicina.udd.cl\/odontologia-santiago\/files\/2026\/03\/odon-bienvenida-especialidades-2026-54-250x250.jpg 250w, https:\/\/medicina.udd.cl\/odontologia-santiago\/files\/2026\/03\/odon-bienvenida-especialidades-2026-54-126x126.jpg 126w\" sizes=\"auto, (max-width: 500px) 100vw, 500px\" \/>\t\t\t\t<div class=\"fullwidth-card__content\">\n\t\t\t<span class=\"fullwidth-card__date\">\n\t\t\t\t27 de marzo 2026\t\t\t<\/span>\n\t\t\t<h3 class=\"fullwidth-card__title\">Odontolog\u00eda UDD da la bienvenida a nueva generaci\u00f3n de estudiantes de Especialidades Odontol\u00f3gicas 2026<\/h3>\n\t\t\t<span class=\"fullwidth-card__link\">\n\t\t\t\tConocer m\u00e1s\t\t\t<\/span>\n\t\t<\/div>\n\t<\/a>\n<\/div>\n<div class=\"fullwidth-card-wrapper \">\n\t<a href=\"https:\/\/medicina.udd.cl\/odontologia-santiago\/noticias\/2025\/10\/16\/programa-de-ortodoncia-y-ortopedia-dentomaxilofacial-udd-celebra-10-anos-formando-especialistas-de-excelencia\/\" class=\"fullwidth-card fullwidth-card--linkable\">\n\t\t\t\t<img loading=\"lazy\" decoding=\"async\" width=\"500\" height=\"500\" src=\"https:\/\/medicina.udd.cl\/odontologia-santiago\/files\/2025\/10\/odon-10-anos-ortodoncia-1-500x500.jpg\" class=\"fullwidth-card__image wp-post-image\" alt=\"\" srcset=\"https:\/\/medicina.udd.cl\/odontologia-santiago\/files\/2025\/10\/odon-10-anos-ortodoncia-1-500x500.jpg 500w, https:\/\/medicina.udd.cl\/odontologia-santiago\/files\/2025\/10\/odon-10-anos-ortodoncia-1-150x150.jpg 150w, https:\/\/medicina.udd.cl\/odontologia-santiago\/files\/2025\/10\/odon-10-anos-ortodoncia-1-62x62.jpg 62w, https:\/\/medicina.udd.cl\/odontologia-santiago\/files\/2025\/10\/odon-10-anos-ortodoncia-1-750x750.jpg 750w, https:\/\/medicina.udd.cl\/odontologia-santiago\/files\/2025\/10\/odon-10-anos-ortodoncia-1-250x250.jpg 250w, https:\/\/medicina.udd.cl\/odontologia-santiago\/files\/2025\/10\/odon-10-anos-ortodoncia-1-126x126.jpg 126w\" sizes=\"auto, (max-width: 500px) 100vw, 500px\" \/>\t\t\t\t<div class=\"fullwidth-card__content\">\n\t\t\t<span class=\"fullwidth-card__date\">\n\t\t\t\t16 de octubre 2025\t\t\t<\/span>\n\t\t\t<h3 class=\"fullwidth-card__title\">Programa de Ortodoncia y Ortopedia Dentomaxilofacial UDD celebra 10 a\u00f1os formando especialistas de excelencia<\/h3>\n\t\t\t<span class=\"fullwidth-card__link\">\n\t\t\t\tConocer m\u00e1s\t\t\t<\/span>\n\t\t<\/div>\n\t<\/a>\n<\/div>\n<div class=\"fullwidth-card-wrapper \">\n\t<a href=\"https:\/\/medicina.udd.cl\/odontologia-santiago\/noticias\/2025\/10\/06\/residentes-de-cirugia-maxilofacial-udd-participaron-en-operativo-odontologico-en-linares-para-reducir-listas-de-espera\/\" class=\"fullwidth-card fullwidth-card--linkable\">\n\t\t\t\t<img loading=\"lazy\" decoding=\"async\" width=\"320\" height=\"180\" src=\"https:\/\/medicina.udd.cl\/odontologia-santiago\/files\/2025\/10\/odon-post-operativo-en-hospital-de-linares-3.jpeg\" class=\"fullwidth-card__image wp-post-image\" alt=\"\" srcset=\"https:\/\/medicina.udd.cl\/odontologia-santiago\/files\/2025\/10\/odon-post-operativo-en-hospital-de-linares-3.jpeg 320w, https:\/\/medicina.udd.cl\/odontologia-santiago\/files\/2025\/10\/odon-post-operativo-en-hospital-de-linares-3-300x169.jpeg 300w\" sizes=\"auto, (max-width: 320px) 100vw, 320px\" \/>\t\t\t\t<div class=\"fullwidth-card__content\">\n\t\t\t<span class=\"fullwidth-card__date\">\n\t\t\t\t6 de octubre 2025\t\t\t<\/span>\n\t\t\t<h3 class=\"fullwidth-card__title\">Residentes de Cirug\u00eda Maxilofacial UDD participaron en operativo odontol\u00f3gico en Linares para reducir listas de espera<\/h3>\n\t\t\t<span class=\"fullwidth-card__link\">\n\t\t\t\tConocer m\u00e1s\t\t\t<\/span>\n\t\t<\/div>\n\t<\/a>\n<\/div>\n<div class=\"fullwidth-card-wrapper \">\n\t<a href=\"https:\/\/medicina.udd.cl\/odontologia-santiago\/noticias\/2025\/10\/01\/especialidad-en-periodoncia-udd-fortalece-la-formacion-continua-y-la-red-de-egresados-con-charla-magistral-de-experta-internacional\/\" class=\"fullwidth-card fullwidth-card--linkable\">\n\t\t\t\t<img loading=\"lazy\" decoding=\"async\" width=\"500\" height=\"500\" src=\"https:\/\/medicina.udd.cl\/odontologia-santiago\/files\/2025\/10\/odon-charla-dra-sofia-aroca-6-500x500.jpeg\" class=\"fullwidth-card__image wp-post-image\" alt=\"\" srcset=\"https:\/\/medicina.udd.cl\/odontologia-santiago\/files\/2025\/10\/odon-charla-dra-sofia-aroca-6-500x500.jpeg 500w, https:\/\/medicina.udd.cl\/odontologia-santiago\/files\/2025\/10\/odon-charla-dra-sofia-aroca-6-150x150.jpeg 150w, https:\/\/medicina.udd.cl\/odontologia-santiago\/files\/2025\/10\/odon-charla-dra-sofia-aroca-6-62x62.jpeg 62w, https:\/\/medicina.udd.cl\/odontologia-santiago\/files\/2025\/10\/odon-charla-dra-sofia-aroca-6-750x750.jpeg 750w, https:\/\/medicina.udd.cl\/odontologia-santiago\/files\/2025\/10\/odon-charla-dra-sofia-aroca-6-250x250.jpeg 250w, https:\/\/medicina.udd.cl\/odontologia-santiago\/files\/2025\/10\/odon-charla-dra-sofia-aroca-6-126x126.jpeg 126w\" sizes=\"auto, (max-width: 500px) 100vw, 500px\" \/>\t\t\t\t<div class=\"fullwidth-card__content\">\n\t\t\t<span class=\"fullwidth-card__date\">\n\t\t\t\t1 de octubre 2025\t\t\t<\/span>\n\t\t\t<h3 class=\"fullwidth-card__title\">Especialidad en Periodoncia UDD fortalece la formaci\u00f3n continua y la red de egresados con charla magistral de experta internacional<\/h3>\n\t\t\t<span class=\"fullwidth-card__link\">\n\t\t\t\tConocer m\u00e1s\t\t\t<\/span>\n\t\t<\/div>\n\t<\/a>\n<\/div>\n\t\t\t<\/div>\n\t\t<\/div>\n\t<\/div>\n<\/section>\n\n\n<!-- WP Block: UDD - People -->\n<section class=\"wp-block-udd-contacts\">\n\t\t<div class=\"block__bg\">\n\t\t\t<\/div>\n\t\t<div class=\"container\">\n\t\t<header class=\"block__header\">\n\t\t\t<h2 class=\"block__title\">CONTACTO<\/h2>\n\t\t<\/header>\n\t\t<div class=\"block__content\">\n\t\t\t<ul class=\"contacts\">\n\t\t\t\t\t\t\t<li class=\"contact\">\n\t\t\t\t\t<div class=\"person-contact\">\n\t\t\t\t\t\t\t\t\t\t\t\t<h3 class=\"person-contact__name\">Marcela Neira Torrej\u00f3n<\/h3>\n\t\t\t\t\t\t\t\t\t\t\t\t\t\t\t\t\t\t<span class=\"person-contact__job-title\">Asistente Odontolog\u00eda Postgrado UDD<\/span>\n\t\t\t\t\t\t\t\t\t\t\t\t\t\t\t\t\t\t\t\t\t\t\t\t\t<span class=\"person-contact__phone\">Tel\u00e9fono: <a href=\"tel:+56 (2) 2327 5238\">+56 (2) 2327 5238<\/a><\/span>\n\t\t\t\t\t\t\t\t\t\t\t\t\t\t\t\t\t\t\t<span class=\"person-contact__email\">Email: <a href=\"mailto:marce&#108;an&#101;i&#114;&#97;&#64;udd.c&#108;\">m&#97;r&#99;&#101;lan&#101;i&#114;a&#64;&#117;d&#100;&#46;&#99;l<\/a><\/span>\n\t\t\t\t\t\t\t\t\t\t\t<\/div>\n\t\t\t\t<\/li>\n\t\t\t\t\t\t<\/ul>\n\t\t<\/div>\n\t<\/div>\n<\/section>\n","protected":false},"excerpt":{"rendered":"","protected":false},"author":9192219,"featured_media":0,"parent":0,"menu_order":0,"comment_status":"closed","ping_status":"closed","template":"","meta":{"footnotes":""},"class_list":["post-8784","page","type-page","status-publish","hentry"],"yoast_head":"<!-- This site is optimized with the Yoast SEO plugin v26.9 - https:\/\/yoast.com\/product\/yoast-seo-wordpress\/ -->\n<title>Post\u00edtulos Odontol\u00f3gicos - Odontolog\u00eda<\/title>\n<meta name=\"robots\" content=\"index, follow, max-snippet:-1, max-image-preview:large, max-video-preview:-1\" \/>\n<link rel=\"canonical\" href=\"https:\/\/medicina.udd.cl\/odontologia-santiago\/postitulos-odontologicos\/\" \/>\n<meta property=\"og:locale\" content=\"es_ES\" \/>\n<meta property=\"og:type\" content=\"article\" \/>\n<meta property=\"og:title\" content=\"Post\u00edtulos Odontol\u00f3gicos - Odontolog\u00eda\" \/>\n<meta property=\"og:url\" content=\"https:\/\/medicina.udd.cl\/odontologia-santiago\/postitulos-odontologicos\/\" \/>\n<meta property=\"og:site_name\" content=\"Odontolog\u00eda\" \/>\n<meta property=\"article:modified_time\" content=\"2025-09-24T14:50:08+00:00\" \/>\n<script type=\"application\/ld+json\" class=\"yoast-schema-graph\">{\"@context\":\"https:\/\/schema.org\",\"@graph\":[{\"@type\":\"WebPage\",\"@id\":\"https:\/\/medicina.udd.cl\/odontologia-santiago\/postitulos-odontologicos\/\",\"url\":\"https:\/\/medicina.udd.cl\/odontologia-santiago\/postitulos-odontologicos\/\",\"name\":\"Post\u00edtulos Odontol\u00f3gicos - Odontolog\u00eda\",\"isPartOf\":{\"@id\":\"https:\/\/medicina.udd.cl\/odontologia-santiago\/#website\"},\"datePublished\":\"2025-05-27T21:14:09+00:00\",\"dateModified\":\"2025-09-24T14:50:08+00:00\",\"breadcrumb\":{\"@id\":\"https:\/\/medicina.udd.cl\/odontologia-santiago\/postitulos-odontologicos\/#breadcrumb\"},\"inLanguage\":\"es\",\"potentialAction\":[{\"@type\":\"ReadAction\",\"target\":[\"https:\/\/medicina.udd.cl\/odontologia-santiago\/postitulos-odontologicos\/\"]}]},{\"@type\":\"BreadcrumbList\",\"@id\":\"https:\/\/medicina.udd.cl\/odontologia-santiago\/postitulos-odontologicos\/#breadcrumb\",\"itemListElement\":[{\"@type\":\"ListItem\",\"position\":1,\"name\":\"Home\",\"item\":\"https:\/\/medicina.udd.cl\/odontologia-santiago\/\"},{\"@type\":\"ListItem\",\"position\":2,\"name\":\"Post\u00edtulos Odontol\u00f3gicos\"}]},{\"@type\":\"WebSite\",\"@id\":\"https:\/\/medicina.udd.cl\/odontologia-santiago\/#website\",\"url\":\"https:\/\/medicina.udd.cl\/odontologia-santiago\/\",\"name\":\"Odontolog\u00eda\",\"description\":\"Facultad de Medicina Cl\u00ednica Alemana Universidad del Desarrollo\",\"inLanguage\":\"es\"}]}<\/script>\n<!-- \/ Yoast SEO plugin. -->","yoast_head_json":{"title":"Post\u00edtulos Odontol\u00f3gicos - Odontolog\u00eda","robots":{"index":"index","follow":"follow","max-snippet":"max-snippet:-1","max-image-preview":"max-image-preview:large","max-video-preview":"max-video-preview:-1"},"canonical":"https:\/\/medicina.udd.cl\/odontologia-santiago\/postitulos-odontologicos\/","og_locale":"es_ES","og_type":"article","og_title":"Post\u00edtulos Odontol\u00f3gicos - Odontolog\u00eda","og_url":"https:\/\/medicina.udd.cl\/odontologia-santiago\/postitulos-odontologicos\/","og_site_name":"Odontolog\u00eda","article_modified_time":"2025-09-24T14:50:08+00:00","schema":{"@context":"https:\/\/schema.org","@graph":[{"@type":"WebPage","@id":"https:\/\/medicina.udd.cl\/odontologia-santiago\/postitulos-odontologicos\/","url":"https:\/\/medicina.udd.cl\/odontologia-santiago\/postitulos-odontologicos\/","name":"Post\u00edtulos Odontol\u00f3gicos - Odontolog\u00eda","isPartOf":{"@id":"https:\/\/medicina.udd.cl\/odontologia-santiago\/#website"},"datePublished":"2025-05-27T21:14:09+00:00","dateModified":"2025-09-24T14:50:08+00:00","breadcrumb":{"@id":"https:\/\/medicina.udd.cl\/odontologia-santiago\/postitulos-odontologicos\/#breadcrumb"},"inLanguage":"es","potentialAction":[{"@type":"ReadAction","target":["https:\/\/medicina.udd.cl\/odontologia-santiago\/postitulos-odontologicos\/"]}]},{"@type":"BreadcrumbList","@id":"https:\/\/medicina.udd.cl\/odontologia-santiago\/postitulos-odontologicos\/#breadcrumb","itemListElement":[{"@type":"ListItem","position":1,"name":"Home","item":"https:\/\/medicina.udd.cl\/odontologia-santiago\/"},{"@type":"ListItem","position":2,"name":"Post\u00edtulos Odontol\u00f3gicos"}]},{"@type":"WebSite","@id":"https:\/\/medicina.udd.cl\/odontologia-santiago\/#website","url":"https:\/\/medicina.udd.cl\/odontologia-santiago\/","name":"Odontolog\u00eda","description":"Facultad de Medicina Cl\u00ednica Alemana Universidad del Desarrollo","inLanguage":"es"}]}},"_links":{"self":[{"href":"https:\/\/medicina.udd.cl\/odontologia-santiago\/wp-json\/wp\/v2\/pages\/8784","targetHints":{"allow":["GET"]}}],"collection":[{"href":"https:\/\/medicina.udd.cl\/odontologia-santiago\/wp-json\/wp\/v2\/pages"}],"about":[{"href":"https:\/\/medicina.udd.cl\/odontologia-santiago\/wp-json\/wp\/v2\/types\/page"}],"author":[{"embeddable":true,"href":"https:\/\/medicina.udd.cl\/odontologia-santiago\/wp-json\/wp\/v2\/users\/9192219"}],"replies":[{"embeddable":true,"href":"https:\/\/medicina.udd.cl\/odontologia-santiago\/wp-json\/wp\/v2\/comments?post=8784"}],"version-history":[{"count":5,"href":"https:\/\/medicina.udd.cl\/odontologia-santiago\/wp-json\/wp\/v2\/pages\/8784\/revisions"}],"predecessor-version":[{"id":9016,"href":"https:\/\/medicina.udd.cl\/odontologia-santiago\/wp-json\/wp\/v2\/pages\/8784\/revisions\/9016"}],"wp:attachment":[{"href":"https:\/\/medicina.udd.cl\/odontologia-santiago\/wp-json\/wp\/v2\/media?parent=8784"}],"curies":[{"name":"wp","href":"https:\/\/api.w.org\/{rel}","templated":true}]}}