{"id":1780,"date":"2013-08-27T15:40:45","date_gmt":"2013-08-27T19:40:45","guid":{"rendered":"http:\/\/medicina.udd.cl\/odontologia-santiago\/?post_type=person&#038;p=1780"},"modified":"2022-07-15T10:35:41","modified_gmt":"2022-07-15T14:35:41","slug":"jorge-oliva","status":"publish","type":"person","link":"https:\/\/medicina.udd.cl\/odontologia-santiago\/persona\/jorge-oliva\/","title":{"rendered":"Jorge Oliva"},"featured_media":7051,"template":"","people_tax":[4037,4035],"people_areas":[],"people_levels":[],"class_list":["post-1780","person","type-person","status-publish","has-post-thumbnail","hentry","people_tax-equipo","people_tax-profesor","people_list-docentes"],"yoast_head":"<!-- This site is optimized with the Yoast SEO plugin v26.9 - https:\/\/yoast.com\/product\/yoast-seo-wordpress\/ -->\n<title>Jorge Oliva - Odontolog\u00eda<\/title>\n<meta name=\"robots\" content=\"index, follow, max-snippet:-1, max-image-preview:large, max-video-preview:-1\" \/>\n<link rel=\"canonical\" href=\"https:\/\/medicina.udd.cl\/odontologia-santiago\/persona\/jorge-oliva\/\" \/>\n<meta property=\"og:locale\" content=\"es_ES\" \/>\n<meta property=\"og:type\" content=\"article\" \/>\n<meta property=\"og:title\" content=\"Jorge Oliva - Odontolog\u00eda\" \/>\n<meta property=\"og:url\" content=\"https:\/\/medicina.udd.cl\/odontologia-santiago\/persona\/jorge-oliva\/\" \/>\n<meta property=\"og:site_name\" content=\"Odontolog\u00eda\" \/>\n<meta property=\"article:modified_time\" content=\"2022-07-15T14:35:41+00:00\" \/>\n<meta property=\"og:image\" content=\"https:\/\/medicina.udd.cl\/odontologia-santiago\/files\/2013\/08\/Jorge-Oliva.byn_.jpg\" \/>\n\t<meta property=\"og:image:width\" content=\"600\" \/>\n\t<meta property=\"og:image:height\" content=\"450\" \/>\n\t<meta property=\"og:image:type\" content=\"image\/jpeg\" \/>\n<script type=\"application\/ld+json\" class=\"yoast-schema-graph\">{\"@context\":\"https:\/\/schema.org\",\"@graph\":[{\"@type\":\"WebPage\",\"@id\":\"https:\/\/medicina.udd.cl\/odontologia-santiago\/persona\/jorge-oliva\/\",\"url\":\"https:\/\/medicina.udd.cl\/odontologia-santiago\/persona\/jorge-oliva\/\",\"name\":\"Jorge Oliva - Odontolog\u00eda\",\"isPartOf\":{\"@id\":\"https:\/\/medicina.udd.cl\/odontologia-santiago\/#website\"},\"primaryImageOfPage\":{\"@id\":\"https:\/\/medicina.udd.cl\/odontologia-santiago\/persona\/jorge-oliva\/#primaryimage\"},\"image\":{\"@id\":\"https:\/\/medicina.udd.cl\/odontologia-santiago\/persona\/jorge-oliva\/#primaryimage\"},\"thumbnailUrl\":\"https:\/\/medicina.udd.cl\/odontologia-santiago\/files\/2013\/08\/Jorge-Oliva.byn_.jpg\",\"datePublished\":\"2013-08-27T19:40:45+00:00\",\"dateModified\":\"2022-07-15T14:35:41+00:00\",\"breadcrumb\":{\"@id\":\"https:\/\/medicina.udd.cl\/odontologia-santiago\/persona\/jorge-oliva\/#breadcrumb\"},\"inLanguage\":\"es\",\"potentialAction\":[{\"@type\":\"ReadAction\",\"target\":[\"https:\/\/medicina.udd.cl\/odontologia-santiago\/persona\/jorge-oliva\/\"]}]},{\"@type\":\"ImageObject\",\"inLanguage\":\"es\",\"@id\":\"https:\/\/medicina.udd.cl\/odontologia-santiago\/persona\/jorge-oliva\/#primaryimage\",\"url\":\"https:\/\/medicina.udd.cl\/odontologia-santiago\/files\/2013\/08\/Jorge-Oliva.byn_.jpg\",\"contentUrl\":\"https:\/\/medicina.udd.cl\/odontologia-santiago\/files\/2013\/08\/Jorge-Oliva.byn_.jpg\",\"width\":600,\"height\":450},{\"@type\":\"BreadcrumbList\",\"@id\":\"https:\/\/medicina.udd.cl\/odontologia-santiago\/persona\/jorge-oliva\/#breadcrumb\",\"itemListElement\":[{\"@type\":\"ListItem\",\"position\":1,\"name\":\"Home\",\"item\":\"https:\/\/medicina.udd.cl\/odontologia-santiago\/\"},{\"@type\":\"ListItem\",\"position\":2,\"name\":\"Personas\",\"item\":\"https:\/\/medicina.udd.cl\/odontologia-santiago\/persona\/\"},{\"@type\":\"ListItem\",\"position\":3,\"name\":\"Jorge Oliva\"}]},{\"@type\":\"WebSite\",\"@id\":\"https:\/\/medicina.udd.cl\/odontologia-santiago\/#website\",\"url\":\"https:\/\/medicina.udd.cl\/odontologia-santiago\/\",\"name\":\"Odontolog\u00eda\",\"description\":\"Facultad de Medicina Cl\u00ednica Alemana Universidad del Desarrollo\",\"inLanguage\":\"es\"}]}<\/script>\n<!-- \/ Yoast SEO plugin. -->","yoast_head_json":{"title":"Jorge Oliva - Odontolog\u00eda","robots":{"index":"index","follow":"follow","max-snippet":"max-snippet:-1","max-image-preview":"max-image-preview:large","max-video-preview":"max-video-preview:-1"},"canonical":"https:\/\/medicina.udd.cl\/odontologia-santiago\/persona\/jorge-oliva\/","og_locale":"es_ES","og_type":"article","og_title":"Jorge Oliva - Odontolog\u00eda","og_url":"https:\/\/medicina.udd.cl\/odontologia-santiago\/persona\/jorge-oliva\/","og_site_name":"Odontolog\u00eda","article_modified_time":"2022-07-15T14:35:41+00:00","og_image":[{"width":600,"height":450,"url":"https:\/\/medicina.udd.cl\/odontologia-santiago\/files\/2013\/08\/Jorge-Oliva.byn_.jpg","type":"image\/jpeg"}],"schema":{"@context":"https:\/\/schema.org","@graph":[{"@type":"WebPage","@id":"https:\/\/medicina.udd.cl\/odontologia-santiago\/persona\/jorge-oliva\/","url":"https:\/\/medicina.udd.cl\/odontologia-santiago\/persona\/jorge-oliva\/","name":"Jorge Oliva - Odontolog\u00eda","isPartOf":{"@id":"https:\/\/medicina.udd.cl\/odontologia-santiago\/#website"},"primaryImageOfPage":{"@id":"https:\/\/medicina.udd.cl\/odontologia-santiago\/persona\/jorge-oliva\/#primaryimage"},"image":{"@id":"https:\/\/medicina.udd.cl\/odontologia-santiago\/persona\/jorge-oliva\/#primaryimage"},"thumbnailUrl":"https:\/\/medicina.udd.cl\/odontologia-santiago\/files\/2013\/08\/Jorge-Oliva.byn_.jpg","datePublished":"2013-08-27T19:40:45+00:00","dateModified":"2022-07-15T14:35:41+00:00","breadcrumb":{"@id":"https:\/\/medicina.udd.cl\/odontologia-santiago\/persona\/jorge-oliva\/#breadcrumb"},"inLanguage":"es","potentialAction":[{"@type":"ReadAction","target":["https:\/\/medicina.udd.cl\/odontologia-santiago\/persona\/jorge-oliva\/"]}]},{"@type":"ImageObject","inLanguage":"es","@id":"https:\/\/medicina.udd.cl\/odontologia-santiago\/persona\/jorge-oliva\/#primaryimage","url":"https:\/\/medicina.udd.cl\/odontologia-santiago\/files\/2013\/08\/Jorge-Oliva.byn_.jpg","contentUrl":"https:\/\/medicina.udd.cl\/odontologia-santiago\/files\/2013\/08\/Jorge-Oliva.byn_.jpg","width":600,"height":450},{"@type":"BreadcrumbList","@id":"https:\/\/medicina.udd.cl\/odontologia-santiago\/persona\/jorge-oliva\/#breadcrumb","itemListElement":[{"@type":"ListItem","position":1,"name":"Home","item":"https:\/\/medicina.udd.cl\/odontologia-santiago\/"},{"@type":"ListItem","position":2,"name":"Personas","item":"https:\/\/medicina.udd.cl\/odontologia-santiago\/persona\/"},{"@type":"ListItem","position":3,"name":"Jorge Oliva"}]},{"@type":"WebSite","@id":"https:\/\/medicina.udd.cl\/odontologia-santiago\/#website","url":"https:\/\/medicina.udd.cl\/odontologia-santiago\/","name":"Odontolog\u00eda","description":"Facultad de Medicina Cl\u00ednica Alemana Universidad del Desarrollo","inLanguage":"es"}]}},"label":"Jorge Oliva","role":"Docente de Bio\u00e9tica","thumbnail_url":"https:\/\/medicina.udd.cl\/odontologia-santiago\/files\/2013\/08\/Jorge-Oliva.byn_-500x450.jpg","email":"","tel_job":"","content":{"rendered":"<div class=\"person-modal person-modal--scl\">\n\t<header class=\"person-modal__header\">\n\t\t<div class=\"person-modal__bg\"><\/div>\n\t\t<div class=\"modal-container\">\n\t\t\t\t\t\t<div class=\"person-modal__media\">\n\t\t\t\t<img width=\"500\" height=\"450\" src=\"https:\/\/medicina.udd.cl\/odontologia-santiago\/files\/2013\/08\/Jorge-Oliva.byn_-500x450.jpg\" class=\"person-modal__image wp-post-image\" alt=\"\" decoding=\"async\" loading=\"lazy\" \/>\t\t\t<\/div>\n\t\t\t\t\t\t<div class=\"person-modal__data\">\n\t\t\t\t<h1 class=\"person-modal__name\">Jorge Oliva<\/h1>\n\t\t\t\t\t\t\t<span class=\"person-modal__description\">Docente de Bio\u00e9tica<\/span>\n\t\t\t\t\t\t\t\t\t\t\t\t\t\t\t<\/div>\n\t\t<\/div>\n\t<\/header>\n\t<div class=\"modal-container\">\n\t\t\t<div class=\"person-modal__content text\">\n\t\t\t\t\t\t\t\t\t\t<ul>\n<li>Cirujano dentista, Universidad de Chile.<\/li>\n<li>Mag\u00edster en Bio\u00e9tica, Universidad de Chile.<\/li>\n<li>Diplomado en Educaci\u00f3n en Docencia Cl\u00ednica.<\/li>\n<\/ul>\n\t\t<\/div>\n\t<\/div>\n<\/div>\n"},"identifier":"9427e2c9912a0e0efa1e4a8e21f2f70a68e9b4a6","has_credential":[],"given_name":"Jorge","family_name":"Oliva","name":"Jorge Oliva","job_title":"Docente de Bio\u00e9tica","telephone":"","note":"","im":"","_self_schedule":null,"_links":{"self":[{"href":"https:\/\/medicina.udd.cl\/odontologia-santiago\/wp-json\/wp\/v2\/people\/1780","targetHints":{"allow":["GET"]}}],"collection":[{"href":"https:\/\/medicina.udd.cl\/odontologia-santiago\/wp-json\/wp\/v2\/people"}],"about":[{"href":"https:\/\/medicina.udd.cl\/odontologia-santiago\/wp-json\/wp\/v2\/types\/person"}],"wp:featuredmedia":[{"embeddable":true,"href":"https:\/\/medicina.udd.cl\/odontologia-santiago\/wp-json\/wp\/v2\/media\/7051"}],"wp:attachment":[{"href":"https:\/\/medicina.udd.cl\/odontologia-santiago\/wp-json\/wp\/v2\/media?parent=1780"}],"wp:term":[{"taxonomy":"people_tax","embeddable":true,"href":"https:\/\/medicina.udd.cl\/odontologia-santiago\/wp-json\/wp\/v2\/people_tax?post=1780"},{"taxonomy":"people_areas","embeddable":true,"href":"https:\/\/medicina.udd.cl\/odontologia-santiago\/wp-json\/wp\/v2\/people_areas?post=1780"},{"taxonomy":"people_levels","embeddable":true,"href":"https:\/\/medicina.udd.cl\/odontologia-santiago\/wp-json\/wp\/v2\/people_levels?post=1780"}],"curies":[{"name":"wp","href":"https:\/\/api.w.org\/{rel}","templated":true}]}}

<!-- This site is optimized with the Yoast SEO plugin v26.9 - https://yoast.com/product/yoast-seo-wordpress/ -->
<title>Jorge Oliva - Odontología</title>
<meta name="robots" content="index, follow, max-snippet:-1, max-image-preview:large, max-video-preview:-1" />
<link rel="canonical" href="https://medicina.udd.cl/odontologia-santiago/persona/jorge-oliva/" />
<meta property="og:locale" content="es_ES" />
<meta property="og:type" content="article" />
<meta property="og:title" content="Jorge Oliva - Odontología" />
<meta property="og:url" content="https://medicina.udd.cl/odontologia-santiago/persona/jorge-oliva/" />
<meta property="og:site_name" content="Odontología" />
<meta property="article:modified_time" content="2022-07-15T14:35:41+00:00" />
<meta property="og:image" content="https://medicina.udd.cl/odontologia-santiago/files/2013/08/Jorge-Oliva.byn_.jpg" />
	<meta property="og:image:width" content="600" />
	<meta property="og:image:height" content="450" />
	<meta property="og:image:type" content="image/jpeg" />
<script type="application/ld+json" class="yoast-schema-graph">{"@context":"https://schema.org","@graph":[{"@type":"WebPage","@id":"https://medicina.udd.cl/odontologia-santiago/persona/jorge-oliva/","url":"https://medicina.udd.cl/odontologia-santiago/persona/jorge-oliva/","name":"Jorge Oliva - Odontología","isPartOf":{"@id":"https://medicina.udd.cl/odontologia-santiago/#website"},"primaryImageOfPage":{"@id":"https://medicina.udd.cl/odontologia-santiago/persona/jorge-oliva/#primaryimage"},"image":{"@id":"https://medicina.udd.cl/odontologia-santiago/persona/jorge-oliva/#primaryimage"},"thumbnailUrl":"https://medicina.udd.cl/odontologia-santiago/files/2013/08/Jorge-Oliva.byn_.jpg","datePublished":"2013-08-27T19:40:45+00:00","dateModified":"2022-07-15T14:35:41+00:00","breadcrumb":{"@id":"https://medicina.udd.cl/odontologia-santiago/persona/jorge-oliva/#breadcrumb"},"inLanguage":"es","potentialAction":[{"@type":"ReadAction","target":["https://medicina.udd.cl/odontologia-santiago/persona/jorge-oliva/"]}]},{"@type":"ImageObject","inLanguage":"es","@id":"https://medicina.udd.cl/odontologia-santiago/persona/jorge-oliva/#primaryimage","url":"https://medicina.udd.cl/odontologia-santiago/files/2013/08/Jorge-Oliva.byn_.jpg","contentUrl":"https://medicina.udd.cl/odontologia-santiago/files/2013/08/Jorge-Oliva.byn_.jpg","width":600,"height":450},{"@type":"BreadcrumbList","@id":"https://medicina.udd.cl/odontologia-santiago/persona/jorge-oliva/#breadcrumb","itemListElement":[{"@type":"ListItem","position":1,"name":"Home","item":"https://medicina.udd.cl/odontologia-santiago/"},{"@type":"ListItem","position":2,"name":"Personas","item":"https://medicina.udd.cl/odontologia-santiago/persona/"},{"@type":"ListItem","position":3,"name":"Jorge Oliva"}]},{"@type":"WebSite","@id":"https://medicina.udd.cl/odontologia-santiago/#website","url":"https://medicina.udd.cl/odontologia-santiago/","name":"Odontología","description":"Facultad de Medicina Clínica Alemana Universidad del Desarrollo","inLanguage":"es"}]}</script>
<!-- / Yoast SEO plugin. -->

Jorge Oliva - Odontología

Odontología

Facultad de Medicina Clínica Alemana Universidad del Desarrollo

Docente de Bioética

<div class="person-modal person-modal--scl">
	<header class="person-modal__header">
		<div class="person-modal__bg"></div>
		<div class="modal-container">
						<div class="person-modal__media">
				<img width="500" height="450" src="https://medicina.udd.cl/odontologia-santiago/files/2013/08/Jorge-Oliva.byn_-500x450.jpg" class="person-modal__image wp-post-image" alt="" decoding="async" loading="lazy" />			</div>
						<div class="person-modal__data">
				<h1 class="person-modal__name">Jorge Oliva</h1>
							<span class="person-modal__description">Docente de Bioética</span>
															</div>
		</div>
	</header>
	<div class="modal-container">
			<div class="person-modal__content text">
										<ul>
<li>Cirujano dentista, Universidad de Chile.</li>
<li>Magíster en Bioética, Universidad de Chile.</li>
<li>Diplomado en Educación en Docencia Clínica.</li>
</ul>
		</div>
	</div>
</div>
