{"id":1784,"date":"2013-08-27T15:46:43","date_gmt":"2013-08-27T19:46:43","guid":{"rendered":"http:\/\/medicina.udd.cl\/odontologia-santiago\/?post_type=person&#038;p=1784"},"modified":"2022-07-15T10:30:04","modified_gmt":"2022-07-15T14:30:04","slug":"eduardo-dacuna","status":"publish","type":"person","link":"https:\/\/medicina.udd.cl\/odontologia-santiago\/persona\/eduardo-dacuna\/","title":{"rendered":"Eduardo D'Acu\u00f1a"},"featured_media":7048,"template":"","people_tax":[4037,4035],"people_areas":[],"people_levels":[],"class_list":["post-1784","person","type-person","status-publish","has-post-thumbnail","hentry","people_tax-equipo","people_tax-profesor","people_list-docentes"],"yoast_head":"<!-- This site is optimized with the Yoast SEO plugin v26.9 - https:\/\/yoast.com\/product\/yoast-seo-wordpress\/ -->\n<title>Eduardo D&#039;Acu\u00f1a - Odontolog\u00eda<\/title>\n<meta name=\"robots\" content=\"index, follow, max-snippet:-1, max-image-preview:large, max-video-preview:-1\" \/>\n<link rel=\"canonical\" href=\"https:\/\/medicina.udd.cl\/odontologia-santiago\/persona\/eduardo-dacuna\/\" \/>\n<meta property=\"og:locale\" content=\"es_ES\" \/>\n<meta property=\"og:type\" content=\"article\" \/>\n<meta property=\"og:title\" content=\"Eduardo D&#039;Acu\u00f1a - Odontolog\u00eda\" \/>\n<meta property=\"og:url\" content=\"https:\/\/medicina.udd.cl\/odontologia-santiago\/persona\/eduardo-dacuna\/\" \/>\n<meta property=\"og:site_name\" content=\"Odontolog\u00eda\" \/>\n<meta property=\"article:modified_time\" content=\"2022-07-15T14:30:04+00:00\" \/>\n<meta property=\"og:image\" content=\"https:\/\/medicina.udd.cl\/odontologia-santiago\/files\/2013\/08\/Eduardo-D\u2019Acu\u00f1a-Ugarte.byn_.jpg\" \/>\n\t<meta property=\"og:image:width\" content=\"221\" \/>\n\t<meta property=\"og:image:height\" content=\"280\" \/>\n\t<meta property=\"og:image:type\" content=\"image\/jpeg\" \/>\n<script type=\"application\/ld+json\" class=\"yoast-schema-graph\">{\"@context\":\"https:\/\/schema.org\",\"@graph\":[{\"@type\":\"WebPage\",\"@id\":\"https:\/\/medicina.udd.cl\/odontologia-santiago\/persona\/eduardo-dacuna\/\",\"url\":\"https:\/\/medicina.udd.cl\/odontologia-santiago\/persona\/eduardo-dacuna\/\",\"name\":\"Eduardo D'Acu\u00f1a - Odontolog\u00eda\",\"isPartOf\":{\"@id\":\"https:\/\/medicina.udd.cl\/odontologia-santiago\/#website\"},\"primaryImageOfPage\":{\"@id\":\"https:\/\/medicina.udd.cl\/odontologia-santiago\/persona\/eduardo-dacuna\/#primaryimage\"},\"image\":{\"@id\":\"https:\/\/medicina.udd.cl\/odontologia-santiago\/persona\/eduardo-dacuna\/#primaryimage\"},\"thumbnailUrl\":\"https:\/\/medicina.udd.cl\/odontologia-santiago\/files\/2013\/08\/Eduardo-D\u2019Acu\u00f1a-Ugarte.byn_.jpg\",\"datePublished\":\"2013-08-27T19:46:43+00:00\",\"dateModified\":\"2022-07-15T14:30:04+00:00\",\"breadcrumb\":{\"@id\":\"https:\/\/medicina.udd.cl\/odontologia-santiago\/persona\/eduardo-dacuna\/#breadcrumb\"},\"inLanguage\":\"es\",\"potentialAction\":[{\"@type\":\"ReadAction\",\"target\":[\"https:\/\/medicina.udd.cl\/odontologia-santiago\/persona\/eduardo-dacuna\/\"]}]},{\"@type\":\"ImageObject\",\"inLanguage\":\"es\",\"@id\":\"https:\/\/medicina.udd.cl\/odontologia-santiago\/persona\/eduardo-dacuna\/#primaryimage\",\"url\":\"https:\/\/medicina.udd.cl\/odontologia-santiago\/files\/2013\/08\/Eduardo-D\u2019Acu\u00f1a-Ugarte.byn_.jpg\",\"contentUrl\":\"https:\/\/medicina.udd.cl\/odontologia-santiago\/files\/2013\/08\/Eduardo-D\u2019Acu\u00f1a-Ugarte.byn_.jpg\",\"width\":221,\"height\":280},{\"@type\":\"BreadcrumbList\",\"@id\":\"https:\/\/medicina.udd.cl\/odontologia-santiago\/persona\/eduardo-dacuna\/#breadcrumb\",\"itemListElement\":[{\"@type\":\"ListItem\",\"position\":1,\"name\":\"Home\",\"item\":\"https:\/\/medicina.udd.cl\/odontologia-santiago\/\"},{\"@type\":\"ListItem\",\"position\":2,\"name\":\"Personas\",\"item\":\"https:\/\/medicina.udd.cl\/odontologia-santiago\/persona\/\"},{\"@type\":\"ListItem\",\"position\":3,\"name\":\"Eduardo D&#8217;Acu\u00f1a\"}]},{\"@type\":\"WebSite\",\"@id\":\"https:\/\/medicina.udd.cl\/odontologia-santiago\/#website\",\"url\":\"https:\/\/medicina.udd.cl\/odontologia-santiago\/\",\"name\":\"Odontolog\u00eda\",\"description\":\"Facultad de Medicina Cl\u00ednica Alemana Universidad del Desarrollo\",\"inLanguage\":\"es\"}]}<\/script>\n<!-- \/ Yoast SEO plugin. -->","yoast_head_json":{"title":"Eduardo D'Acu\u00f1a - Odontolog\u00eda","robots":{"index":"index","follow":"follow","max-snippet":"max-snippet:-1","max-image-preview":"max-image-preview:large","max-video-preview":"max-video-preview:-1"},"canonical":"https:\/\/medicina.udd.cl\/odontologia-santiago\/persona\/eduardo-dacuna\/","og_locale":"es_ES","og_type":"article","og_title":"Eduardo D'Acu\u00f1a - Odontolog\u00eda","og_url":"https:\/\/medicina.udd.cl\/odontologia-santiago\/persona\/eduardo-dacuna\/","og_site_name":"Odontolog\u00eda","article_modified_time":"2022-07-15T14:30:04+00:00","og_image":[{"width":221,"height":280,"url":"https:\/\/medicina.udd.cl\/odontologia-santiago\/files\/2013\/08\/Eduardo-D\u2019Acu\u00f1a-Ugarte.byn_.jpg","type":"image\/jpeg"}],"schema":{"@context":"https:\/\/schema.org","@graph":[{"@type":"WebPage","@id":"https:\/\/medicina.udd.cl\/odontologia-santiago\/persona\/eduardo-dacuna\/","url":"https:\/\/medicina.udd.cl\/odontologia-santiago\/persona\/eduardo-dacuna\/","name":"Eduardo D'Acu\u00f1a - Odontolog\u00eda","isPartOf":{"@id":"https:\/\/medicina.udd.cl\/odontologia-santiago\/#website"},"primaryImageOfPage":{"@id":"https:\/\/medicina.udd.cl\/odontologia-santiago\/persona\/eduardo-dacuna\/#primaryimage"},"image":{"@id":"https:\/\/medicina.udd.cl\/odontologia-santiago\/persona\/eduardo-dacuna\/#primaryimage"},"thumbnailUrl":"https:\/\/medicina.udd.cl\/odontologia-santiago\/files\/2013\/08\/Eduardo-D\u2019Acu\u00f1a-Ugarte.byn_.jpg","datePublished":"2013-08-27T19:46:43+00:00","dateModified":"2022-07-15T14:30:04+00:00","breadcrumb":{"@id":"https:\/\/medicina.udd.cl\/odontologia-santiago\/persona\/eduardo-dacuna\/#breadcrumb"},"inLanguage":"es","potentialAction":[{"@type":"ReadAction","target":["https:\/\/medicina.udd.cl\/odontologia-santiago\/persona\/eduardo-dacuna\/"]}]},{"@type":"ImageObject","inLanguage":"es","@id":"https:\/\/medicina.udd.cl\/odontologia-santiago\/persona\/eduardo-dacuna\/#primaryimage","url":"https:\/\/medicina.udd.cl\/odontologia-santiago\/files\/2013\/08\/Eduardo-D\u2019Acu\u00f1a-Ugarte.byn_.jpg","contentUrl":"https:\/\/medicina.udd.cl\/odontologia-santiago\/files\/2013\/08\/Eduardo-D\u2019Acu\u00f1a-Ugarte.byn_.jpg","width":221,"height":280},{"@type":"BreadcrumbList","@id":"https:\/\/medicina.udd.cl\/odontologia-santiago\/persona\/eduardo-dacuna\/#breadcrumb","itemListElement":[{"@type":"ListItem","position":1,"name":"Home","item":"https:\/\/medicina.udd.cl\/odontologia-santiago\/"},{"@type":"ListItem","position":2,"name":"Personas","item":"https:\/\/medicina.udd.cl\/odontologia-santiago\/persona\/"},{"@type":"ListItem","position":3,"name":"Eduardo D&#8217;Acu\u00f1a"}]},{"@type":"WebSite","@id":"https:\/\/medicina.udd.cl\/odontologia-santiago\/#website","url":"https:\/\/medicina.udd.cl\/odontologia-santiago\/","name":"Odontolog\u00eda","description":"Facultad de Medicina Cl\u00ednica Alemana Universidad del Desarrollo","inLanguage":"es"}]}},"label":"Eduardo D'Acu\u00f1a","role":"Docente de Anatom\u00eda","thumbnail_url":"https:\/\/medicina.udd.cl\/odontologia-santiago\/files\/2013\/08\/Eduardo-D\u2019Acu\u00f1a-Ugarte.byn_.jpg","email":"","tel_job":"","content":{"rendered":"<div class=\"person-modal person-modal--scl\">\n\t<header class=\"person-modal__header\">\n\t\t<div class=\"person-modal__bg\"><\/div>\n\t\t<div class=\"modal-container\">\n\t\t\t\t\t\t<div class=\"person-modal__media\">\n\t\t\t\t<img width=\"221\" height=\"280\" src=\"https:\/\/medicina.udd.cl\/odontologia-santiago\/files\/2013\/08\/Eduardo-D\u2019Acu\u00f1a-Ugarte.byn_.jpg\" class=\"person-modal__image wp-post-image\" alt=\"\" decoding=\"async\" loading=\"lazy\" \/>\t\t\t<\/div>\n\t\t\t\t\t\t<div class=\"person-modal__data\">\n\t\t\t\t<h1 class=\"person-modal__name\">Eduardo D&#8217;Acu\u00f1a<\/h1>\n\t\t\t\t\t\t\t<span class=\"person-modal__description\">Docente de Anatom\u00eda<\/span>\n\t\t\t\t\t\t\t\t\t\t\t\t\t\t\t<\/div>\n\t\t<\/div>\n\t<\/header>\n\t<div class=\"modal-container\">\n\t\t\t<div class=\"person-modal__content text\">\n\t\t\t\t\t\t\t\t\t\t<ul>\n<li>Cirujano dentista, Universidad de Chile<\/li>\n<li>Mag\u00edster en Ciencias Biol\u00f3gicas con menci\u00f3n en Morfolog\u00eda, Universidad de Chile<\/li>\n<li>Mag\u00edster en Pedagog\u00eda Universitaria, Universidad Mayor<\/li>\n<\/ul>\n<p>&nbsp;<\/p>\n\t\t<\/div>\n\t<\/div>\n<\/div>\n"},"identifier":"35a2148dca63326b7658366cd35aa1b74a15beb4","has_credential":[],"given_name":"Eduardo","family_name":"D'Acu\u00f1a","name":"Eduardo D'Acu\u00f1a","job_title":"Docente de Anatom\u00eda","telephone":"","note":"","im":"","_self_schedule":null,"_links":{"self":[{"href":"https:\/\/medicina.udd.cl\/odontologia-santiago\/wp-json\/wp\/v2\/people\/1784","targetHints":{"allow":["GET"]}}],"collection":[{"href":"https:\/\/medicina.udd.cl\/odontologia-santiago\/wp-json\/wp\/v2\/people"}],"about":[{"href":"https:\/\/medicina.udd.cl\/odontologia-santiago\/wp-json\/wp\/v2\/types\/person"}],"wp:featuredmedia":[{"embeddable":true,"href":"https:\/\/medicina.udd.cl\/odontologia-santiago\/wp-json\/wp\/v2\/media\/7048"}],"wp:attachment":[{"href":"https:\/\/medicina.udd.cl\/odontologia-santiago\/wp-json\/wp\/v2\/media?parent=1784"}],"wp:term":[{"taxonomy":"people_tax","embeddable":true,"href":"https:\/\/medicina.udd.cl\/odontologia-santiago\/wp-json\/wp\/v2\/people_tax?post=1784"},{"taxonomy":"people_areas","embeddable":true,"href":"https:\/\/medicina.udd.cl\/odontologia-santiago\/wp-json\/wp\/v2\/people_areas?post=1784"},{"taxonomy":"people_levels","embeddable":true,"href":"https:\/\/medicina.udd.cl\/odontologia-santiago\/wp-json\/wp\/v2\/people_levels?post=1784"}],"curies":[{"name":"wp","href":"https:\/\/api.w.org\/{rel}","templated":true}]}}

Eduardo D'Acuña

<!-- This site is optimized with the Yoast SEO plugin v26.9 - https://yoast.com/product/yoast-seo-wordpress/ -->
<title>Eduardo D&#039;Acuña - Odontología</title>
<meta name="robots" content="index, follow, max-snippet:-1, max-image-preview:large, max-video-preview:-1" />
<link rel="canonical" href="https://medicina.udd.cl/odontologia-santiago/persona/eduardo-dacuna/" />
<meta property="og:locale" content="es_ES" />
<meta property="og:type" content="article" />
<meta property="og:title" content="Eduardo D&#039;Acuña - Odontología" />
<meta property="og:url" content="https://medicina.udd.cl/odontologia-santiago/persona/eduardo-dacuna/" />
<meta property="og:site_name" content="Odontología" />
<meta property="article:modified_time" content="2022-07-15T14:30:04+00:00" />
<meta property="og:image" content="https://medicina.udd.cl/odontologia-santiago/files/2013/08/Eduardo-D’Acuña-Ugarte.byn_.jpg" />
	<meta property="og:image:width" content="221" />
	<meta property="og:image:height" content="280" />
	<meta property="og:image:type" content="image/jpeg" />
<script type="application/ld+json" class="yoast-schema-graph">{"@context":"https://schema.org","@graph":[{"@type":"WebPage","@id":"https://medicina.udd.cl/odontologia-santiago/persona/eduardo-dacuna/","url":"https://medicina.udd.cl/odontologia-santiago/persona/eduardo-dacuna/","name":"Eduardo D'Acuña - Odontología","isPartOf":{"@id":"https://medicina.udd.cl/odontologia-santiago/#website"},"primaryImageOfPage":{"@id":"https://medicina.udd.cl/odontologia-santiago/persona/eduardo-dacuna/#primaryimage"},"image":{"@id":"https://medicina.udd.cl/odontologia-santiago/persona/eduardo-dacuna/#primaryimage"},"thumbnailUrl":"https://medicina.udd.cl/odontologia-santiago/files/2013/08/Eduardo-D’Acuña-Ugarte.byn_.jpg","datePublished":"2013-08-27T19:46:43+00:00","dateModified":"2022-07-15T14:30:04+00:00","breadcrumb":{"@id":"https://medicina.udd.cl/odontologia-santiago/persona/eduardo-dacuna/#breadcrumb"},"inLanguage":"es","potentialAction":[{"@type":"ReadAction","target":["https://medicina.udd.cl/odontologia-santiago/persona/eduardo-dacuna/"]}]},{"@type":"ImageObject","inLanguage":"es","@id":"https://medicina.udd.cl/odontologia-santiago/persona/eduardo-dacuna/#primaryimage","url":"https://medicina.udd.cl/odontologia-santiago/files/2013/08/Eduardo-D’Acuña-Ugarte.byn_.jpg","contentUrl":"https://medicina.udd.cl/odontologia-santiago/files/2013/08/Eduardo-D’Acuña-Ugarte.byn_.jpg","width":221,"height":280},{"@type":"BreadcrumbList","@id":"https://medicina.udd.cl/odontologia-santiago/persona/eduardo-dacuna/#breadcrumb","itemListElement":[{"@type":"ListItem","position":1,"name":"Home","item":"https://medicina.udd.cl/odontologia-santiago/"},{"@type":"ListItem","position":2,"name":"Personas","item":"https://medicina.udd.cl/odontologia-santiago/persona/"},{"@type":"ListItem","position":3,"name":"Eduardo D&#8217;Acuña"}]},{"@type":"WebSite","@id":"https://medicina.udd.cl/odontologia-santiago/#website","url":"https://medicina.udd.cl/odontologia-santiago/","name":"Odontología","description":"Facultad de Medicina Clínica Alemana Universidad del Desarrollo","inLanguage":"es"}]}</script>
<!-- / Yoast SEO plugin. -->

Eduardo D'Acuña - Odontología

Odontología

https://medicina.udd.cl/odontologia-santiago/files/2013/08/Eduardo-D’Acuña-Ugarte.byn_.jpg

Eduardo D&#8217;Acuña

Facultad de Medicina Clínica Alemana Universidad del Desarrollo

Docente de Anatomía

<div class="person-modal person-modal--scl">
	<header class="person-modal__header">
		<div class="person-modal__bg"></div>
		<div class="modal-container">
						<div class="person-modal__media">
				<img width="221" height="280" src="https://medicina.udd.cl/odontologia-santiago/files/2013/08/Eduardo-D’Acuña-Ugarte.byn_.jpg" class="person-modal__image wp-post-image" alt="" decoding="async" loading="lazy" />			</div>
						<div class="person-modal__data">
				<h1 class="person-modal__name">Eduardo D&#8217;Acuña</h1>
							<span class="person-modal__description">Docente de Anatomía</span>
															</div>
		</div>
	</header>
	<div class="modal-container">
			<div class="person-modal__content text">
										<ul>
<li>Cirujano dentista, Universidad de Chile</li>
<li>Magíster en Ciencias Biológicas con mención en Morfología, Universidad de Chile</li>
<li>Magíster en Pedagogía Universitaria, Universidad Mayor</li>
</ul>
<p>&nbsp;</p>
		</div>
	</div>
</div>

D'Acuña
