{"id":3201,"date":"2015-09-04T11:41:25","date_gmt":"2015-09-04T14:41:25","guid":{"rendered":"http:\/\/medicina.udd.cl\/odontologia-santiago\/?post_type=person&#038;p=3201"},"modified":"2022-07-15T10:17:48","modified_gmt":"2022-07-15T14:17:48","slug":"eduardo-aguilera-2","status":"publish","type":"person","link":"https:\/\/medicina.udd.cl\/odontologia-santiago\/persona\/eduardo-aguilera-2\/","title":{"rendered":"Eduardo Aguilera"},"featured_media":5900,"template":"","people_tax":[4037,4035],"people_areas":[],"people_levels":[],"class_list":["post-3201","person","type-person","status-publish","has-post-thumbnail","hentry","people_tax-equipo","people_tax-profesor","people_list-calidad-del-cuerpo-docente"],"yoast_head":"<!-- This site is optimized with the Yoast SEO plugin v26.9 - https:\/\/yoast.com\/product\/yoast-seo-wordpress\/ -->\n<title>Eduardo Aguilera - Odontolog\u00eda<\/title>\n<meta name=\"robots\" content=\"index, follow, max-snippet:-1, max-image-preview:large, max-video-preview:-1\" \/>\n<link rel=\"canonical\" href=\"https:\/\/medicina.udd.cl\/odontologia-santiago\/persona\/eduardo-aguilera-2\/\" \/>\n<meta property=\"og:locale\" content=\"es_ES\" \/>\n<meta property=\"og:type\" content=\"article\" \/>\n<meta property=\"og:title\" content=\"Eduardo Aguilera - Odontolog\u00eda\" \/>\n<meta property=\"og:url\" content=\"https:\/\/medicina.udd.cl\/odontologia-santiago\/persona\/eduardo-aguilera-2\/\" \/>\n<meta property=\"og:site_name\" content=\"Odontolog\u00eda\" \/>\n<meta property=\"article:modified_time\" content=\"2022-07-15T14:17:48+00:00\" \/>\n<meta property=\"og:image\" content=\"https:\/\/medicina.udd.cl\/odontologia-santiago\/files\/2015\/09\/Dr.-Eduardo-Aguilera-1-bn.jpg\" \/>\n\t<meta property=\"og:image:width\" content=\"675\" \/>\n\t<meta property=\"og:image:height\" content=\"450\" \/>\n\t<meta property=\"og:image:type\" content=\"image\/jpeg\" \/>\n<script type=\"application\/ld+json\" class=\"yoast-schema-graph\">{\"@context\":\"https:\/\/schema.org\",\"@graph\":[{\"@type\":\"WebPage\",\"@id\":\"https:\/\/medicina.udd.cl\/odontologia-santiago\/persona\/eduardo-aguilera-2\/\",\"url\":\"https:\/\/medicina.udd.cl\/odontologia-santiago\/persona\/eduardo-aguilera-2\/\",\"name\":\"Eduardo Aguilera - Odontolog\u00eda\",\"isPartOf\":{\"@id\":\"https:\/\/medicina.udd.cl\/odontologia-santiago\/#website\"},\"primaryImageOfPage\":{\"@id\":\"https:\/\/medicina.udd.cl\/odontologia-santiago\/persona\/eduardo-aguilera-2\/#primaryimage\"},\"image\":{\"@id\":\"https:\/\/medicina.udd.cl\/odontologia-santiago\/persona\/eduardo-aguilera-2\/#primaryimage\"},\"thumbnailUrl\":\"https:\/\/medicina.udd.cl\/odontologia-santiago\/files\/2015\/09\/Dr.-Eduardo-Aguilera-1-bn.jpg\",\"datePublished\":\"2015-09-04T14:41:25+00:00\",\"dateModified\":\"2022-07-15T14:17:48+00:00\",\"breadcrumb\":{\"@id\":\"https:\/\/medicina.udd.cl\/odontologia-santiago\/persona\/eduardo-aguilera-2\/#breadcrumb\"},\"inLanguage\":\"es\",\"potentialAction\":[{\"@type\":\"ReadAction\",\"target\":[\"https:\/\/medicina.udd.cl\/odontologia-santiago\/persona\/eduardo-aguilera-2\/\"]}]},{\"@type\":\"ImageObject\",\"inLanguage\":\"es\",\"@id\":\"https:\/\/medicina.udd.cl\/odontologia-santiago\/persona\/eduardo-aguilera-2\/#primaryimage\",\"url\":\"https:\/\/medicina.udd.cl\/odontologia-santiago\/files\/2015\/09\/Dr.-Eduardo-Aguilera-1-bn.jpg\",\"contentUrl\":\"https:\/\/medicina.udd.cl\/odontologia-santiago\/files\/2015\/09\/Dr.-Eduardo-Aguilera-1-bn.jpg\",\"width\":675,\"height\":450},{\"@type\":\"BreadcrumbList\",\"@id\":\"https:\/\/medicina.udd.cl\/odontologia-santiago\/persona\/eduardo-aguilera-2\/#breadcrumb\",\"itemListElement\":[{\"@type\":\"ListItem\",\"position\":1,\"name\":\"Home\",\"item\":\"https:\/\/medicina.udd.cl\/odontologia-santiago\/\"},{\"@type\":\"ListItem\",\"position\":2,\"name\":\"Personas\",\"item\":\"https:\/\/medicina.udd.cl\/odontologia-santiago\/persona\/\"},{\"@type\":\"ListItem\",\"position\":3,\"name\":\"Eduardo Aguilera\"}]},{\"@type\":\"WebSite\",\"@id\":\"https:\/\/medicina.udd.cl\/odontologia-santiago\/#website\",\"url\":\"https:\/\/medicina.udd.cl\/odontologia-santiago\/\",\"name\":\"Odontolog\u00eda\",\"description\":\"Facultad de Medicina Cl\u00ednica Alemana Universidad del Desarrollo\",\"inLanguage\":\"es\"}]}<\/script>\n<!-- \/ Yoast SEO plugin. -->","yoast_head_json":{"title":"Eduardo Aguilera - Odontolog\u00eda","robots":{"index":"index","follow":"follow","max-snippet":"max-snippet:-1","max-image-preview":"max-image-preview:large","max-video-preview":"max-video-preview:-1"},"canonical":"https:\/\/medicina.udd.cl\/odontologia-santiago\/persona\/eduardo-aguilera-2\/","og_locale":"es_ES","og_type":"article","og_title":"Eduardo Aguilera - Odontolog\u00eda","og_url":"https:\/\/medicina.udd.cl\/odontologia-santiago\/persona\/eduardo-aguilera-2\/","og_site_name":"Odontolog\u00eda","article_modified_time":"2022-07-15T14:17:48+00:00","og_image":[{"width":675,"height":450,"url":"https:\/\/medicina.udd.cl\/odontologia-santiago\/files\/2015\/09\/Dr.-Eduardo-Aguilera-1-bn.jpg","type":"image\/jpeg"}],"schema":{"@context":"https:\/\/schema.org","@graph":[{"@type":"WebPage","@id":"https:\/\/medicina.udd.cl\/odontologia-santiago\/persona\/eduardo-aguilera-2\/","url":"https:\/\/medicina.udd.cl\/odontologia-santiago\/persona\/eduardo-aguilera-2\/","name":"Eduardo Aguilera - Odontolog\u00eda","isPartOf":{"@id":"https:\/\/medicina.udd.cl\/odontologia-santiago\/#website"},"primaryImageOfPage":{"@id":"https:\/\/medicina.udd.cl\/odontologia-santiago\/persona\/eduardo-aguilera-2\/#primaryimage"},"image":{"@id":"https:\/\/medicina.udd.cl\/odontologia-santiago\/persona\/eduardo-aguilera-2\/#primaryimage"},"thumbnailUrl":"https:\/\/medicina.udd.cl\/odontologia-santiago\/files\/2015\/09\/Dr.-Eduardo-Aguilera-1-bn.jpg","datePublished":"2015-09-04T14:41:25+00:00","dateModified":"2022-07-15T14:17:48+00:00","breadcrumb":{"@id":"https:\/\/medicina.udd.cl\/odontologia-santiago\/persona\/eduardo-aguilera-2\/#breadcrumb"},"inLanguage":"es","potentialAction":[{"@type":"ReadAction","target":["https:\/\/medicina.udd.cl\/odontologia-santiago\/persona\/eduardo-aguilera-2\/"]}]},{"@type":"ImageObject","inLanguage":"es","@id":"https:\/\/medicina.udd.cl\/odontologia-santiago\/persona\/eduardo-aguilera-2\/#primaryimage","url":"https:\/\/medicina.udd.cl\/odontologia-santiago\/files\/2015\/09\/Dr.-Eduardo-Aguilera-1-bn.jpg","contentUrl":"https:\/\/medicina.udd.cl\/odontologia-santiago\/files\/2015\/09\/Dr.-Eduardo-Aguilera-1-bn.jpg","width":675,"height":450},{"@type":"BreadcrumbList","@id":"https:\/\/medicina.udd.cl\/odontologia-santiago\/persona\/eduardo-aguilera-2\/#breadcrumb","itemListElement":[{"@type":"ListItem","position":1,"name":"Home","item":"https:\/\/medicina.udd.cl\/odontologia-santiago\/"},{"@type":"ListItem","position":2,"name":"Personas","item":"https:\/\/medicina.udd.cl\/odontologia-santiago\/persona\/"},{"@type":"ListItem","position":3,"name":"Eduardo Aguilera"}]},{"@type":"WebSite","@id":"https:\/\/medicina.udd.cl\/odontologia-santiago\/#website","url":"https:\/\/medicina.udd.cl\/odontologia-santiago\/","name":"Odontolog\u00eda","description":"Facultad de Medicina Cl\u00ednica Alemana Universidad del Desarrollo","inLanguage":"es"}]}},"label":"Eduardo Aguilera","role":"Docente encargado del \u00c1rea Periodoncia","thumbnail_url":"https:\/\/medicina.udd.cl\/odontologia-santiago\/files\/2015\/09\/Dr.-Eduardo-Aguilera-1-bn-500x450.jpg","email":"eaguilera@udd.cl","tel_job":"","content":{"rendered":"<div class=\"person-modal person-modal--scl\">\n\t<header class=\"person-modal__header\">\n\t\t<div class=\"person-modal__bg\"><\/div>\n\t\t<div class=\"modal-container\">\n\t\t\t\t\t\t<div class=\"person-modal__media\">\n\t\t\t\t<img width=\"500\" height=\"450\" src=\"https:\/\/medicina.udd.cl\/odontologia-santiago\/files\/2015\/09\/Dr.-Eduardo-Aguilera-1-bn-500x450.jpg\" class=\"person-modal__image wp-post-image\" alt=\"\" decoding=\"async\" loading=\"lazy\" \/>\t\t\t<\/div>\n\t\t\t\t\t\t<div class=\"person-modal__data\">\n\t\t\t\t<h1 class=\"person-modal__name\">Eduardo Aguilera<\/h1>\n\t\t\t\t\t\t\t<span class=\"person-modal__description\">Docente encargado del \u00c1rea Periodoncia<\/span>\n\t\t\t\t\t\t\t\t\t\t\t\t\t<a href=\"mailto:&#101;a&#103;&#117;&#105;ler&#097;&#064;udd.&#099;l\" class=\"person-modal__email\">eagui&#108;er&#97;&#64;&#117;&#100;d&#46;&#99;l<\/a>\n\t\t\t\t\t\t\t\t\t<\/div>\n\t\t<\/div>\n\t<\/header>\n\t<div class=\"modal-container\">\n\t\t\t<div class=\"person-modal__content text\">\n\t\t\t\t\t\t\t\t\t\t\t\t\t\t\t<ul>\n<li class=\"MsoNormal\"><span>Especialista en Periodoncia.<\/span><\/li>\n<li class=\"MsoNormal\"><span>Jefe del Servicio de Odontolog\u00eda Cl\u00ednica Alemana.<\/span><\/li>\n<li class=\"MsoNormal\"><span>Profesor Encargado del \u00c1rea de Periodoncia pregrado.<\/span><\/li>\n<li class=\"MsoNormal\"><span>Director Post\u00edtulo de Periodoncia.<\/span><\/li>\n<\/ul>\n\t\t<\/div>\n\t<\/div>\n<\/div>\n"},"identifier":"d58b1f217a2ce30025cc64899910634cb5953838","has_credential":[],"given_name":"Eduardo","family_name":"Aguilera ","name":"Eduardo Aguilera","job_title":"Docente encargado del \u00c1rea Periodoncia","telephone":"","note":"\r\n","im":"","_self_schedule":null,"_links":{"self":[{"href":"https:\/\/medicina.udd.cl\/odontologia-santiago\/wp-json\/wp\/v2\/people\/3201","targetHints":{"allow":["GET"]}}],"collection":[{"href":"https:\/\/medicina.udd.cl\/odontologia-santiago\/wp-json\/wp\/v2\/people"}],"about":[{"href":"https:\/\/medicina.udd.cl\/odontologia-santiago\/wp-json\/wp\/v2\/types\/person"}],"wp:featuredmedia":[{"embeddable":true,"href":"https:\/\/medicina.udd.cl\/odontologia-santiago\/wp-json\/wp\/v2\/media\/5900"}],"wp:attachment":[{"href":"https:\/\/medicina.udd.cl\/odontologia-santiago\/wp-json\/wp\/v2\/media?parent=3201"}],"wp:term":[{"taxonomy":"people_tax","embeddable":true,"href":"https:\/\/medicina.udd.cl\/odontologia-santiago\/wp-json\/wp\/v2\/people_tax?post=3201"},{"taxonomy":"people_areas","embeddable":true,"href":"https:\/\/medicina.udd.cl\/odontologia-santiago\/wp-json\/wp\/v2\/people_areas?post=3201"},{"taxonomy":"people_levels","embeddable":true,"href":"https:\/\/medicina.udd.cl\/odontologia-santiago\/wp-json\/wp\/v2\/people_levels?post=3201"}],"curies":[{"name":"wp","href":"https:\/\/api.w.org\/{rel}","templated":true}]}}

<!-- This site is optimized with the Yoast SEO plugin v26.9 - https://yoast.com/product/yoast-seo-wordpress/ -->
<title>Eduardo Aguilera - Odontología</title>
<meta name="robots" content="index, follow, max-snippet:-1, max-image-preview:large, max-video-preview:-1" />
<link rel="canonical" href="https://medicina.udd.cl/odontologia-santiago/persona/eduardo-aguilera-2/" />
<meta property="og:locale" content="es_ES" />
<meta property="og:type" content="article" />
<meta property="og:title" content="Eduardo Aguilera - Odontología" />
<meta property="og:url" content="https://medicina.udd.cl/odontologia-santiago/persona/eduardo-aguilera-2/" />
<meta property="og:site_name" content="Odontología" />
<meta property="article:modified_time" content="2022-07-15T14:17:48+00:00" />
<meta property="og:image" content="https://medicina.udd.cl/odontologia-santiago/files/2015/09/Dr.-Eduardo-Aguilera-1-bn.jpg" />
	<meta property="og:image:width" content="675" />
	<meta property="og:image:height" content="450" />
	<meta property="og:image:type" content="image/jpeg" />
<script type="application/ld+json" class="yoast-schema-graph">{"@context":"https://schema.org","@graph":[{"@type":"WebPage","@id":"https://medicina.udd.cl/odontologia-santiago/persona/eduardo-aguilera-2/","url":"https://medicina.udd.cl/odontologia-santiago/persona/eduardo-aguilera-2/","name":"Eduardo Aguilera - Odontología","isPartOf":{"@id":"https://medicina.udd.cl/odontologia-santiago/#website"},"primaryImageOfPage":{"@id":"https://medicina.udd.cl/odontologia-santiago/persona/eduardo-aguilera-2/#primaryimage"},"image":{"@id":"https://medicina.udd.cl/odontologia-santiago/persona/eduardo-aguilera-2/#primaryimage"},"thumbnailUrl":"https://medicina.udd.cl/odontologia-santiago/files/2015/09/Dr.-Eduardo-Aguilera-1-bn.jpg","datePublished":"2015-09-04T14:41:25+00:00","dateModified":"2022-07-15T14:17:48+00:00","breadcrumb":{"@id":"https://medicina.udd.cl/odontologia-santiago/persona/eduardo-aguilera-2/#breadcrumb"},"inLanguage":"es","potentialAction":[{"@type":"ReadAction","target":["https://medicina.udd.cl/odontologia-santiago/persona/eduardo-aguilera-2/"]}]},{"@type":"ImageObject","inLanguage":"es","@id":"https://medicina.udd.cl/odontologia-santiago/persona/eduardo-aguilera-2/#primaryimage","url":"https://medicina.udd.cl/odontologia-santiago/files/2015/09/Dr.-Eduardo-Aguilera-1-bn.jpg","contentUrl":"https://medicina.udd.cl/odontologia-santiago/files/2015/09/Dr.-Eduardo-Aguilera-1-bn.jpg","width":675,"height":450},{"@type":"BreadcrumbList","@id":"https://medicina.udd.cl/odontologia-santiago/persona/eduardo-aguilera-2/#breadcrumb","itemListElement":[{"@type":"ListItem","position":1,"name":"Home","item":"https://medicina.udd.cl/odontologia-santiago/"},{"@type":"ListItem","position":2,"name":"Personas","item":"https://medicina.udd.cl/odontologia-santiago/persona/"},{"@type":"ListItem","position":3,"name":"Eduardo Aguilera"}]},{"@type":"WebSite","@id":"https://medicina.udd.cl/odontologia-santiago/#website","url":"https://medicina.udd.cl/odontologia-santiago/","name":"Odontología","description":"Facultad de Medicina Clínica Alemana Universidad del Desarrollo","inLanguage":"es"}]}</script>
<!-- / Yoast SEO plugin. -->

Eduardo Aguilera - Odontología

Odontología

Facultad de Medicina Clínica Alemana Universidad del Desarrollo

Docente encargado del Área Periodoncia

<div class="person-modal person-modal--scl">
	<header class="person-modal__header">
		<div class="person-modal__bg"></div>
		<div class="modal-container">
						<div class="person-modal__media">
				<img width="500" height="450" src="https://medicina.udd.cl/odontologia-santiago/files/2015/09/Dr.-Eduardo-Aguilera-1-bn-500x450.jpg" class="person-modal__image wp-post-image" alt="" decoding="async" loading="lazy" />			</div>
						<div class="person-modal__data">
				<h1 class="person-modal__name">Eduardo Aguilera</h1>
							<span class="person-modal__description">Docente encargado del Área Periodoncia</span>
													<a href="mailto:&#101;a&#103;&#117;&#105;ler&#097;&#064;udd.&#099;l" class="person-modal__email">eagui&#108;er&#97;&#64;&#117;&#100;d&#46;&#99;l</a>
									</div>
		</div>
	</header>
	<div class="modal-container">
			<div class="person-modal__content text">
															<ul>
<li class="MsoNormal"><span>Especialista en Periodoncia.</span></li>
<li class="MsoNormal"><span>Jefe del Servicio de Odontología Clínica Alemana.</span></li>
<li class="MsoNormal"><span>Profesor Encargado del Área de Periodoncia pregrado.</span></li>
<li class="MsoNormal"><span>Director Postítulo de Periodoncia.</span></li>
</ul>
		</div>
	</div>
</div>
