{"id":3210,"date":"2015-09-04T11:53:56","date_gmt":"2015-09-04T14:53:56","guid":{"rendered":"http:\/\/medicina.udd.cl\/odontologia-santiago\/?post_type=person&#038;p=3210"},"modified":"2020-05-18T22:50:02","modified_gmt":"2020-05-19T02:50:02","slug":"axel-jara","status":"publish","type":"person","link":"https:\/\/medicina.udd.cl\/odontologia-santiago\/persona\/axel-jara\/","title":{"rendered":"Axel Jara"},"featured_media":5897,"template":"","people_tax":[4037,4035],"people_areas":[],"people_levels":[],"class_list":["post-3210","person","type-person","status-publish","has-post-thumbnail","hentry","people_tax-equipo","people_tax-profesor","people_list-calidad-del-cuerpo-docente"],"yoast_head":"<!-- This site is optimized with the Yoast SEO plugin v26.9 - https:\/\/yoast.com\/product\/yoast-seo-wordpress\/ -->\n<title>Axel Jara - Odontolog\u00eda<\/title>\n<meta name=\"robots\" content=\"index, follow, max-snippet:-1, max-image-preview:large, max-video-preview:-1\" \/>\n<link rel=\"canonical\" href=\"https:\/\/medicina.udd.cl\/odontologia-santiago\/persona\/axel-jara\/\" \/>\n<meta property=\"og:locale\" content=\"es_ES\" \/>\n<meta property=\"og:type\" content=\"article\" \/>\n<meta property=\"og:title\" content=\"Axel Jara - Odontolog\u00eda\" \/>\n<meta property=\"og:url\" content=\"https:\/\/medicina.udd.cl\/odontologia-santiago\/persona\/axel-jara\/\" \/>\n<meta property=\"og:site_name\" content=\"Odontolog\u00eda\" \/>\n<meta property=\"article:modified_time\" content=\"2020-05-19T02:50:02+00:00\" \/>\n<meta property=\"og:image\" content=\"https:\/\/medicina.udd.cl\/odontologia-santiago\/files\/2015\/09\/Dr.-Axel-Jara-1-bn.jpg\" \/>\n\t<meta property=\"og:image:width\" content=\"663\" \/>\n\t<meta property=\"og:image:height\" content=\"450\" \/>\n\t<meta property=\"og:image:type\" content=\"image\/jpeg\" \/>\n<script type=\"application\/ld+json\" class=\"yoast-schema-graph\">{\"@context\":\"https:\/\/schema.org\",\"@graph\":[{\"@type\":\"WebPage\",\"@id\":\"https:\/\/medicina.udd.cl\/odontologia-santiago\/persona\/axel-jara\/\",\"url\":\"https:\/\/medicina.udd.cl\/odontologia-santiago\/persona\/axel-jara\/\",\"name\":\"Axel Jara - Odontolog\u00eda\",\"isPartOf\":{\"@id\":\"https:\/\/medicina.udd.cl\/odontologia-santiago\/#website\"},\"primaryImageOfPage\":{\"@id\":\"https:\/\/medicina.udd.cl\/odontologia-santiago\/persona\/axel-jara\/#primaryimage\"},\"image\":{\"@id\":\"https:\/\/medicina.udd.cl\/odontologia-santiago\/persona\/axel-jara\/#primaryimage\"},\"thumbnailUrl\":\"https:\/\/medicina.udd.cl\/odontologia-santiago\/files\/2015\/09\/Dr.-Axel-Jara-1-bn.jpg\",\"datePublished\":\"2015-09-04T14:53:56+00:00\",\"dateModified\":\"2020-05-19T02:50:02+00:00\",\"breadcrumb\":{\"@id\":\"https:\/\/medicina.udd.cl\/odontologia-santiago\/persona\/axel-jara\/#breadcrumb\"},\"inLanguage\":\"es\",\"potentialAction\":[{\"@type\":\"ReadAction\",\"target\":[\"https:\/\/medicina.udd.cl\/odontologia-santiago\/persona\/axel-jara\/\"]}]},{\"@type\":\"ImageObject\",\"inLanguage\":\"es\",\"@id\":\"https:\/\/medicina.udd.cl\/odontologia-santiago\/persona\/axel-jara\/#primaryimage\",\"url\":\"https:\/\/medicina.udd.cl\/odontologia-santiago\/files\/2015\/09\/Dr.-Axel-Jara-1-bn.jpg\",\"contentUrl\":\"https:\/\/medicina.udd.cl\/odontologia-santiago\/files\/2015\/09\/Dr.-Axel-Jara-1-bn.jpg\",\"width\":663,\"height\":450},{\"@type\":\"BreadcrumbList\",\"@id\":\"https:\/\/medicina.udd.cl\/odontologia-santiago\/persona\/axel-jara\/#breadcrumb\",\"itemListElement\":[{\"@type\":\"ListItem\",\"position\":1,\"name\":\"Home\",\"item\":\"https:\/\/medicina.udd.cl\/odontologia-santiago\/\"},{\"@type\":\"ListItem\",\"position\":2,\"name\":\"Personas\",\"item\":\"https:\/\/medicina.udd.cl\/odontologia-santiago\/persona\/\"},{\"@type\":\"ListItem\",\"position\":3,\"name\":\"Axel Jara\"}]},{\"@type\":\"WebSite\",\"@id\":\"https:\/\/medicina.udd.cl\/odontologia-santiago\/#website\",\"url\":\"https:\/\/medicina.udd.cl\/odontologia-santiago\/\",\"name\":\"Odontolog\u00eda\",\"description\":\"Facultad de Medicina Cl\u00ednica Alemana Universidad del Desarrollo\",\"inLanguage\":\"es\"}]}<\/script>\n<!-- \/ Yoast SEO plugin. -->","yoast_head_json":{"title":"Axel Jara - Odontolog\u00eda","robots":{"index":"index","follow":"follow","max-snippet":"max-snippet:-1","max-image-preview":"max-image-preview:large","max-video-preview":"max-video-preview:-1"},"canonical":"https:\/\/medicina.udd.cl\/odontologia-santiago\/persona\/axel-jara\/","og_locale":"es_ES","og_type":"article","og_title":"Axel Jara - Odontolog\u00eda","og_url":"https:\/\/medicina.udd.cl\/odontologia-santiago\/persona\/axel-jara\/","og_site_name":"Odontolog\u00eda","article_modified_time":"2020-05-19T02:50:02+00:00","og_image":[{"width":663,"height":450,"url":"https:\/\/medicina.udd.cl\/odontologia-santiago\/files\/2015\/09\/Dr.-Axel-Jara-1-bn.jpg","type":"image\/jpeg"}],"schema":{"@context":"https:\/\/schema.org","@graph":[{"@type":"WebPage","@id":"https:\/\/medicina.udd.cl\/odontologia-santiago\/persona\/axel-jara\/","url":"https:\/\/medicina.udd.cl\/odontologia-santiago\/persona\/axel-jara\/","name":"Axel Jara - Odontolog\u00eda","isPartOf":{"@id":"https:\/\/medicina.udd.cl\/odontologia-santiago\/#website"},"primaryImageOfPage":{"@id":"https:\/\/medicina.udd.cl\/odontologia-santiago\/persona\/axel-jara\/#primaryimage"},"image":{"@id":"https:\/\/medicina.udd.cl\/odontologia-santiago\/persona\/axel-jara\/#primaryimage"},"thumbnailUrl":"https:\/\/medicina.udd.cl\/odontologia-santiago\/files\/2015\/09\/Dr.-Axel-Jara-1-bn.jpg","datePublished":"2015-09-04T14:53:56+00:00","dateModified":"2020-05-19T02:50:02+00:00","breadcrumb":{"@id":"https:\/\/medicina.udd.cl\/odontologia-santiago\/persona\/axel-jara\/#breadcrumb"},"inLanguage":"es","potentialAction":[{"@type":"ReadAction","target":["https:\/\/medicina.udd.cl\/odontologia-santiago\/persona\/axel-jara\/"]}]},{"@type":"ImageObject","inLanguage":"es","@id":"https:\/\/medicina.udd.cl\/odontologia-santiago\/persona\/axel-jara\/#primaryimage","url":"https:\/\/medicina.udd.cl\/odontologia-santiago\/files\/2015\/09\/Dr.-Axel-Jara-1-bn.jpg","contentUrl":"https:\/\/medicina.udd.cl\/odontologia-santiago\/files\/2015\/09\/Dr.-Axel-Jara-1-bn.jpg","width":663,"height":450},{"@type":"BreadcrumbList","@id":"https:\/\/medicina.udd.cl\/odontologia-santiago\/persona\/axel-jara\/#breadcrumb","itemListElement":[{"@type":"ListItem","position":1,"name":"Home","item":"https:\/\/medicina.udd.cl\/odontologia-santiago\/"},{"@type":"ListItem","position":2,"name":"Personas","item":"https:\/\/medicina.udd.cl\/odontologia-santiago\/persona\/"},{"@type":"ListItem","position":3,"name":"Axel Jara"}]},{"@type":"WebSite","@id":"https:\/\/medicina.udd.cl\/odontologia-santiago\/#website","url":"https:\/\/medicina.udd.cl\/odontologia-santiago\/","name":"Odontolog\u00eda","description":"Facultad de Medicina Cl\u00ednica Alemana Universidad del Desarrollo","inLanguage":"es"}]}},"label":"Axel Jara","role":"Docente encargado del \u00c1rea de Rehabilitaci\u00f3n","thumbnail_url":"https:\/\/medicina.udd.cl\/odontologia-santiago\/files\/2015\/09\/Dr.-Axel-Jara-1-bn-500x450.jpg","email":"axeljara@udd.cl","tel_job":"","content":{"rendered":"<div class=\"person-modal person-modal--scl\">\n\t<header class=\"person-modal__header\">\n\t\t<div class=\"person-modal__bg\"><\/div>\n\t\t<div class=\"modal-container\">\n\t\t\t\t\t\t<div class=\"person-modal__media\">\n\t\t\t\t<img width=\"500\" height=\"450\" src=\"https:\/\/medicina.udd.cl\/odontologia-santiago\/files\/2015\/09\/Dr.-Axel-Jara-1-bn-500x450.jpg\" class=\"person-modal__image wp-post-image\" alt=\"\" decoding=\"async\" loading=\"lazy\" \/>\t\t\t<\/div>\n\t\t\t\t\t\t<div class=\"person-modal__data\">\n\t\t\t\t<h1 class=\"person-modal__name\">Axel Jara<\/h1>\n\t\t\t\t\t\t\t<span class=\"person-modal__description\">Docente encargado del \u00c1rea de Rehabilitaci\u00f3n<\/span>\n\t\t\t\t\t\t\t\t\t\t\t\t\t<a href=\"mailto:&#097;x&#101;&#108;ja&#114;&#097;&#064;&#117;&#100;d&#046;&#099;&#108;\" class=\"person-modal__email\">axelja&#114;a&#64;&#117;d&#100;&#46;&#99;l<\/a>\n\t\t\t\t\t\t\t\t\t<\/div>\n\t\t<\/div>\n\t<\/header>\n\t<div class=\"modal-container\">\n\t\t\t<div class=\"person-modal__content text\">\n\t\t\t\t\t<p>Mag\u00edster en Docencia Universitaria<br \/>\nProfesor Encargado \u00c1rea de Biomateriales y Rehabilitaci\u00f3n pregrado<\/p>\n\t\t\t\t\t\t\t\t\t\t\t\t<\/div>\n\t<\/div>\n<\/div>\n"},"identifier":"de65fa1aaebbccb8158bd0cb0fbbfcb57181bb35","has_credential":[],"given_name":"Axel","family_name":"Jara","name":"Axel Jara","job_title":"Docente encargado del \u00c1rea de Rehabilitaci\u00f3n","telephone":"","note":"Mag\u00edster en Docencia Universitaria\r\nProfesor Encargado \u00c1rea de Biomateriales y Rehabilitaci\u00f3n pregrado","im":"","_self_schedule":null,"_links":{"self":[{"href":"https:\/\/medicina.udd.cl\/odontologia-santiago\/wp-json\/wp\/v2\/people\/3210","targetHints":{"allow":["GET"]}}],"collection":[{"href":"https:\/\/medicina.udd.cl\/odontologia-santiago\/wp-json\/wp\/v2\/people"}],"about":[{"href":"https:\/\/medicina.udd.cl\/odontologia-santiago\/wp-json\/wp\/v2\/types\/person"}],"wp:featuredmedia":[{"embeddable":true,"href":"https:\/\/medicina.udd.cl\/odontologia-santiago\/wp-json\/wp\/v2\/media\/5897"}],"wp:attachment":[{"href":"https:\/\/medicina.udd.cl\/odontologia-santiago\/wp-json\/wp\/v2\/media?parent=3210"}],"wp:term":[{"taxonomy":"people_tax","embeddable":true,"href":"https:\/\/medicina.udd.cl\/odontologia-santiago\/wp-json\/wp\/v2\/people_tax?post=3210"},{"taxonomy":"people_areas","embeddable":true,"href":"https:\/\/medicina.udd.cl\/odontologia-santiago\/wp-json\/wp\/v2\/people_areas?post=3210"},{"taxonomy":"people_levels","embeddable":true,"href":"https:\/\/medicina.udd.cl\/odontologia-santiago\/wp-json\/wp\/v2\/people_levels?post=3210"}],"curies":[{"name":"wp","href":"https:\/\/api.w.org\/{rel}","templated":true}]}}

<!-- This site is optimized with the Yoast SEO plugin v26.9 - https://yoast.com/product/yoast-seo-wordpress/ -->
<title>Axel Jara - Odontología</title>
<meta name="robots" content="index, follow, max-snippet:-1, max-image-preview:large, max-video-preview:-1" />
<link rel="canonical" href="https://medicina.udd.cl/odontologia-santiago/persona/axel-jara/" />
<meta property="og:locale" content="es_ES" />
<meta property="og:type" content="article" />
<meta property="og:title" content="Axel Jara - Odontología" />
<meta property="og:url" content="https://medicina.udd.cl/odontologia-santiago/persona/axel-jara/" />
<meta property="og:site_name" content="Odontología" />
<meta property="article:modified_time" content="2020-05-19T02:50:02+00:00" />
<meta property="og:image" content="https://medicina.udd.cl/odontologia-santiago/files/2015/09/Dr.-Axel-Jara-1-bn.jpg" />
	<meta property="og:image:width" content="663" />
	<meta property="og:image:height" content="450" />
	<meta property="og:image:type" content="image/jpeg" />
<script type="application/ld+json" class="yoast-schema-graph">{"@context":"https://schema.org","@graph":[{"@type":"WebPage","@id":"https://medicina.udd.cl/odontologia-santiago/persona/axel-jara/","url":"https://medicina.udd.cl/odontologia-santiago/persona/axel-jara/","name":"Axel Jara - Odontología","isPartOf":{"@id":"https://medicina.udd.cl/odontologia-santiago/#website"},"primaryImageOfPage":{"@id":"https://medicina.udd.cl/odontologia-santiago/persona/axel-jara/#primaryimage"},"image":{"@id":"https://medicina.udd.cl/odontologia-santiago/persona/axel-jara/#primaryimage"},"thumbnailUrl":"https://medicina.udd.cl/odontologia-santiago/files/2015/09/Dr.-Axel-Jara-1-bn.jpg","datePublished":"2015-09-04T14:53:56+00:00","dateModified":"2020-05-19T02:50:02+00:00","breadcrumb":{"@id":"https://medicina.udd.cl/odontologia-santiago/persona/axel-jara/#breadcrumb"},"inLanguage":"es","potentialAction":[{"@type":"ReadAction","target":["https://medicina.udd.cl/odontologia-santiago/persona/axel-jara/"]}]},{"@type":"ImageObject","inLanguage":"es","@id":"https://medicina.udd.cl/odontologia-santiago/persona/axel-jara/#primaryimage","url":"https://medicina.udd.cl/odontologia-santiago/files/2015/09/Dr.-Axel-Jara-1-bn.jpg","contentUrl":"https://medicina.udd.cl/odontologia-santiago/files/2015/09/Dr.-Axel-Jara-1-bn.jpg","width":663,"height":450},{"@type":"BreadcrumbList","@id":"https://medicina.udd.cl/odontologia-santiago/persona/axel-jara/#breadcrumb","itemListElement":[{"@type":"ListItem","position":1,"name":"Home","item":"https://medicina.udd.cl/odontologia-santiago/"},{"@type":"ListItem","position":2,"name":"Personas","item":"https://medicina.udd.cl/odontologia-santiago/persona/"},{"@type":"ListItem","position":3,"name":"Axel Jara"}]},{"@type":"WebSite","@id":"https://medicina.udd.cl/odontologia-santiago/#website","url":"https://medicina.udd.cl/odontologia-santiago/","name":"Odontología","description":"Facultad de Medicina Clínica Alemana Universidad del Desarrollo","inLanguage":"es"}]}</script>
<!-- / Yoast SEO plugin. -->

Axel Jara - Odontología

Odontología

Facultad de Medicina Clínica Alemana Universidad del Desarrollo

Docente encargado del Área de Rehabilitación

<div class="person-modal person-modal--scl">
	<header class="person-modal__header">
		<div class="person-modal__bg"></div>
		<div class="modal-container">
						<div class="person-modal__media">
				<img width="500" height="450" src="https://medicina.udd.cl/odontologia-santiago/files/2015/09/Dr.-Axel-Jara-1-bn-500x450.jpg" class="person-modal__image wp-post-image" alt="" decoding="async" loading="lazy" />			</div>
						<div class="person-modal__data">
				<h1 class="person-modal__name">Axel Jara</h1>
							<span class="person-modal__description">Docente encargado del Área de Rehabilitación</span>
													<a href="mailto:&#097;x&#101;&#108;ja&#114;&#097;&#064;&#117;&#100;d&#046;&#099;&#108;" class="person-modal__email">axelja&#114;a&#64;&#117;d&#100;&#46;&#99;l</a>
									</div>
		</div>
	</header>
	<div class="modal-container">
			<div class="person-modal__content text">
					<p>Magíster en Docencia Universitaria<br />
Profesor Encargado Área de Biomateriales y Rehabilitación pregrado</p>
												</div>
	</div>
</div>

Magíster en Docencia Universitaria
Profesor Encargado Área de Biomateriales y Rehabilitación pregrado
