{"id":5288,"date":"2019-06-17T11:55:52","date_gmt":"2019-06-17T15:55:52","guid":{"rendered":"http:\/\/medicina.udd.cl\/odontologia-santiago\/?post_type=person&#038;p=5288"},"modified":"2022-07-15T10:14:35","modified_gmt":"2022-07-15T14:14:35","slug":"alexandra-menache-2","status":"publish","type":"person","link":"https:\/\/medicina.udd.cl\/odontologia-santiago\/persona\/alexandra-menache-2\/","title":{"rendered":"Alexandra  Menache"},"featured_media":6125,"template":"","people_tax":[4034,4037],"people_areas":[],"people_levels":[],"class_list":["post-5288","person","type-person","status-publish","has-post-thumbnail","hentry","people_tax-autoridad","people_tax-equipo","people_list-autoridades"],"yoast_head":"<!-- This site is optimized with the Yoast SEO plugin v26.9 - https:\/\/yoast.com\/product\/yoast-seo-wordpress\/ -->\n<title>Alexandra Menache - Odontolog\u00eda<\/title>\n<meta name=\"robots\" content=\"index, follow, max-snippet:-1, max-image-preview:large, max-video-preview:-1\" \/>\n<link rel=\"canonical\" href=\"https:\/\/medicina.udd.cl\/odontologia-santiago\/persona\/alexandra-menache-2\/\" \/>\n<meta property=\"og:locale\" content=\"es_ES\" \/>\n<meta property=\"og:type\" content=\"article\" \/>\n<meta property=\"og:title\" content=\"Alexandra Menache - Odontolog\u00eda\" \/>\n<meta property=\"og:url\" content=\"https:\/\/medicina.udd.cl\/odontologia-santiago\/persona\/alexandra-menache-2\/\" \/>\n<meta property=\"og:site_name\" content=\"Odontolog\u00eda\" \/>\n<meta property=\"article:modified_time\" content=\"2022-07-15T14:14:35+00:00\" \/>\n<meta property=\"og:image\" content=\"https:\/\/medicina.udd.cl\/odontologia-santiago\/files\/2019\/06\/Alexandra-Menache-Simonato-odonto.jpg\" \/>\n\t<meta property=\"og:image:width\" content=\"5040\" \/>\n\t<meta property=\"og:image:height\" content=\"3360\" \/>\n\t<meta property=\"og:image:type\" content=\"image\/jpeg\" \/>\n<script type=\"application\/ld+json\" class=\"yoast-schema-graph\">{\"@context\":\"https:\/\/schema.org\",\"@graph\":[{\"@type\":\"WebPage\",\"@id\":\"https:\/\/medicina.udd.cl\/odontologia-santiago\/persona\/alexandra-menache-2\/\",\"url\":\"https:\/\/medicina.udd.cl\/odontologia-santiago\/persona\/alexandra-menache-2\/\",\"name\":\"Alexandra Menache - Odontolog\u00eda\",\"isPartOf\":{\"@id\":\"https:\/\/medicina.udd.cl\/odontologia-santiago\/#website\"},\"primaryImageOfPage\":{\"@id\":\"https:\/\/medicina.udd.cl\/odontologia-santiago\/persona\/alexandra-menache-2\/#primaryimage\"},\"image\":{\"@id\":\"https:\/\/medicina.udd.cl\/odontologia-santiago\/persona\/alexandra-menache-2\/#primaryimage\"},\"thumbnailUrl\":\"https:\/\/medicina.udd.cl\/odontologia-santiago\/files\/2019\/06\/Alexandra-Menache-Simonato-odonto.jpg\",\"datePublished\":\"2019-06-17T15:55:52+00:00\",\"dateModified\":\"2022-07-15T14:14:35+00:00\",\"breadcrumb\":{\"@id\":\"https:\/\/medicina.udd.cl\/odontologia-santiago\/persona\/alexandra-menache-2\/#breadcrumb\"},\"inLanguage\":\"es\",\"potentialAction\":[{\"@type\":\"ReadAction\",\"target\":[\"https:\/\/medicina.udd.cl\/odontologia-santiago\/persona\/alexandra-menache-2\/\"]}]},{\"@type\":\"ImageObject\",\"inLanguage\":\"es\",\"@id\":\"https:\/\/medicina.udd.cl\/odontologia-santiago\/persona\/alexandra-menache-2\/#primaryimage\",\"url\":\"https:\/\/medicina.udd.cl\/odontologia-santiago\/files\/2019\/06\/Alexandra-Menache-Simonato-odonto.jpg\",\"contentUrl\":\"https:\/\/medicina.udd.cl\/odontologia-santiago\/files\/2019\/06\/Alexandra-Menache-Simonato-odonto.jpg\",\"width\":5040,\"height\":3360},{\"@type\":\"BreadcrumbList\",\"@id\":\"https:\/\/medicina.udd.cl\/odontologia-santiago\/persona\/alexandra-menache-2\/#breadcrumb\",\"itemListElement\":[{\"@type\":\"ListItem\",\"position\":1,\"name\":\"Home\",\"item\":\"https:\/\/medicina.udd.cl\/odontologia-santiago\/\"},{\"@type\":\"ListItem\",\"position\":2,\"name\":\"Personas\",\"item\":\"https:\/\/medicina.udd.cl\/odontologia-santiago\/persona\/\"},{\"@type\":\"ListItem\",\"position\":3,\"name\":\"Alexandra Menache\"}]},{\"@type\":\"WebSite\",\"@id\":\"https:\/\/medicina.udd.cl\/odontologia-santiago\/#website\",\"url\":\"https:\/\/medicina.udd.cl\/odontologia-santiago\/\",\"name\":\"Odontolog\u00eda\",\"description\":\"Facultad de Medicina Cl\u00ednica Alemana Universidad del Desarrollo\",\"inLanguage\":\"es\"}]}<\/script>\n<!-- \/ Yoast SEO plugin. -->","yoast_head_json":{"title":"Alexandra Menache - Odontolog\u00eda","robots":{"index":"index","follow":"follow","max-snippet":"max-snippet:-1","max-image-preview":"max-image-preview:large","max-video-preview":"max-video-preview:-1"},"canonical":"https:\/\/medicina.udd.cl\/odontologia-santiago\/persona\/alexandra-menache-2\/","og_locale":"es_ES","og_type":"article","og_title":"Alexandra Menache - Odontolog\u00eda","og_url":"https:\/\/medicina.udd.cl\/odontologia-santiago\/persona\/alexandra-menache-2\/","og_site_name":"Odontolog\u00eda","article_modified_time":"2022-07-15T14:14:35+00:00","og_image":[{"width":5040,"height":3360,"url":"https:\/\/medicina.udd.cl\/odontologia-santiago\/files\/2019\/06\/Alexandra-Menache-Simonato-odonto.jpg","type":"image\/jpeg"}],"schema":{"@context":"https:\/\/schema.org","@graph":[{"@type":"WebPage","@id":"https:\/\/medicina.udd.cl\/odontologia-santiago\/persona\/alexandra-menache-2\/","url":"https:\/\/medicina.udd.cl\/odontologia-santiago\/persona\/alexandra-menache-2\/","name":"Alexandra Menache - Odontolog\u00eda","isPartOf":{"@id":"https:\/\/medicina.udd.cl\/odontologia-santiago\/#website"},"primaryImageOfPage":{"@id":"https:\/\/medicina.udd.cl\/odontologia-santiago\/persona\/alexandra-menache-2\/#primaryimage"},"image":{"@id":"https:\/\/medicina.udd.cl\/odontologia-santiago\/persona\/alexandra-menache-2\/#primaryimage"},"thumbnailUrl":"https:\/\/medicina.udd.cl\/odontologia-santiago\/files\/2019\/06\/Alexandra-Menache-Simonato-odonto.jpg","datePublished":"2019-06-17T15:55:52+00:00","dateModified":"2022-07-15T14:14:35+00:00","breadcrumb":{"@id":"https:\/\/medicina.udd.cl\/odontologia-santiago\/persona\/alexandra-menache-2\/#breadcrumb"},"inLanguage":"es","potentialAction":[{"@type":"ReadAction","target":["https:\/\/medicina.udd.cl\/odontologia-santiago\/persona\/alexandra-menache-2\/"]}]},{"@type":"ImageObject","inLanguage":"es","@id":"https:\/\/medicina.udd.cl\/odontologia-santiago\/persona\/alexandra-menache-2\/#primaryimage","url":"https:\/\/medicina.udd.cl\/odontologia-santiago\/files\/2019\/06\/Alexandra-Menache-Simonato-odonto.jpg","contentUrl":"https:\/\/medicina.udd.cl\/odontologia-santiago\/files\/2019\/06\/Alexandra-Menache-Simonato-odonto.jpg","width":5040,"height":3360},{"@type":"BreadcrumbList","@id":"https:\/\/medicina.udd.cl\/odontologia-santiago\/persona\/alexandra-menache-2\/#breadcrumb","itemListElement":[{"@type":"ListItem","position":1,"name":"Home","item":"https:\/\/medicina.udd.cl\/odontologia-santiago\/"},{"@type":"ListItem","position":2,"name":"Personas","item":"https:\/\/medicina.udd.cl\/odontologia-santiago\/persona\/"},{"@type":"ListItem","position":3,"name":"Alexandra Menache"}]},{"@type":"WebSite","@id":"https:\/\/medicina.udd.cl\/odontologia-santiago\/#website","url":"https:\/\/medicina.udd.cl\/odontologia-santiago\/","name":"Odontolog\u00eda","description":"Facultad de Medicina Cl\u00ednica Alemana Universidad del Desarrollo","inLanguage":"es"}]}},"label":"Alexandra  Menache","role":"Docente Cariolog\u00eda","thumbnail_url":"https:\/\/medicina.udd.cl\/odontologia-santiago\/files\/2019\/06\/Alexandra-Menache-Simonato-odonto-500x500.jpg","email":"amenaches@udd.cl","tel_job":"","content":{"rendered":"<div class=\"person-modal person-modal--scl\">\n\t<header class=\"person-modal__header\">\n\t\t<div class=\"person-modal__bg\"><\/div>\n\t\t<div class=\"modal-container\">\n\t\t\t\t\t\t<div class=\"person-modal__media\">\n\t\t\t\t<img width=\"500\" height=\"500\" src=\"https:\/\/medicina.udd.cl\/odontologia-santiago\/files\/2019\/06\/Alexandra-Menache-Simonato-odonto-500x500.jpg\" class=\"person-modal__image wp-post-image\" alt=\"\" decoding=\"async\" loading=\"lazy\" srcset=\"https:\/\/medicina.udd.cl\/odontologia-santiago\/files\/2019\/06\/Alexandra-Menache-Simonato-odonto-500x500.jpg 500w, https:\/\/medicina.udd.cl\/odontologia-santiago\/files\/2019\/06\/Alexandra-Menache-Simonato-odonto-150x150.jpg 150w, https:\/\/medicina.udd.cl\/odontologia-santiago\/files\/2019\/06\/Alexandra-Menache-Simonato-odonto-62x62.jpg 62w, https:\/\/medicina.udd.cl\/odontologia-santiago\/files\/2019\/06\/Alexandra-Menache-Simonato-odonto-750x750.jpg 750w, https:\/\/medicina.udd.cl\/odontologia-santiago\/files\/2019\/06\/Alexandra-Menache-Simonato-odonto-250x250.jpg 250w, https:\/\/medicina.udd.cl\/odontologia-santiago\/files\/2019\/06\/Alexandra-Menache-Simonato-odonto-126x126.jpg 126w\" sizes=\"auto, (max-width: 500px) 100vw, 500px\" \/>\t\t\t<\/div>\n\t\t\t\t\t\t<div class=\"person-modal__data\">\n\t\t\t\t<h1 class=\"person-modal__name\">Alexandra  Menache<\/h1>\n\t\t\t\t\t\t\t<span class=\"person-modal__description\">Docente Cariolog\u00eda<\/span>\n\t\t\t\t\t\t\t\t\t\t\t\t\t<a href=\"mailto:a&#109;&#101;&#110;ach&#101;&#115;&#064;&#117;dd&#046;cl\" class=\"person-modal__email\">&#97;m&#101;&#110;ach&#101;&#115;&#64;&#117;&#100;d.&#99;l<\/a>\n\t\t\t\t\t\t\t\t\t<\/div>\n\t\t<\/div>\n\t<\/header>\n\t<div class=\"modal-container\">\n\t\t\t<div class=\"person-modal__content text\">\n\t\t\t\t\t\t\t\t\t\t\t\t\t\t\t<ul>\n<li class=\"MsoNormal\"><span>Egresada de la Universidad Finis Terrae 2009.<\/span><\/li>\n<li class=\"MsoNormal\"><span>Especialista en Rehabilitaci\u00f3n Oral.<\/span><\/li>\n<li class=\"MsoNormal\"><span>Diplomado de Cariolog\u00eda y Est\u00e9tica Restauradora.<\/span><\/li>\n<li class=\"MsoNormal\"><span>Diplomatura de Est\u00e9tica Facial.<\/span><\/li>\n<li class=\"MsoNormal\"><span>Actualmente cursa el \u00faltimo a\u00f1o del Diplomado de Docencia Cl\u00ednica.<\/span><\/li>\n<\/ul>\n\t\t<\/div>\n\t<\/div>\n<\/div>\n"},"identifier":"7e26de1652327831a404db0fb812e65daff11766","has_credential":[],"given_name":"Alexandra ","family_name":"Menache","name":"Alexandra  Menache","job_title":"Docente Cariolog\u00eda","telephone":"","note":"\r\n","im":"","_self_schedule":null,"_links":{"self":[{"href":"https:\/\/medicina.udd.cl\/odontologia-santiago\/wp-json\/wp\/v2\/people\/5288","targetHints":{"allow":["GET"]}}],"collection":[{"href":"https:\/\/medicina.udd.cl\/odontologia-santiago\/wp-json\/wp\/v2\/people"}],"about":[{"href":"https:\/\/medicina.udd.cl\/odontologia-santiago\/wp-json\/wp\/v2\/types\/person"}],"wp:featuredmedia":[{"embeddable":true,"href":"https:\/\/medicina.udd.cl\/odontologia-santiago\/wp-json\/wp\/v2\/media\/6125"}],"wp:attachment":[{"href":"https:\/\/medicina.udd.cl\/odontologia-santiago\/wp-json\/wp\/v2\/media?parent=5288"}],"wp:term":[{"taxonomy":"people_tax","embeddable":true,"href":"https:\/\/medicina.udd.cl\/odontologia-santiago\/wp-json\/wp\/v2\/people_tax?post=5288"},{"taxonomy":"people_areas","embeddable":true,"href":"https:\/\/medicina.udd.cl\/odontologia-santiago\/wp-json\/wp\/v2\/people_areas?post=5288"},{"taxonomy":"people_levels","embeddable":true,"href":"https:\/\/medicina.udd.cl\/odontologia-santiago\/wp-json\/wp\/v2\/people_levels?post=5288"}],"curies":[{"name":"wp","href":"https:\/\/api.w.org\/{rel}","templated":true}]}}

<!-- This site is optimized with the Yoast SEO plugin v26.9 - https://yoast.com/product/yoast-seo-wordpress/ -->
<title>Alexandra Menache - Odontología</title>
<meta name="robots" content="index, follow, max-snippet:-1, max-image-preview:large, max-video-preview:-1" />
<link rel="canonical" href="https://medicina.udd.cl/odontologia-santiago/persona/alexandra-menache-2/" />
<meta property="og:locale" content="es_ES" />
<meta property="og:type" content="article" />
<meta property="og:title" content="Alexandra Menache - Odontología" />
<meta property="og:url" content="https://medicina.udd.cl/odontologia-santiago/persona/alexandra-menache-2/" />
<meta property="og:site_name" content="Odontología" />
<meta property="article:modified_time" content="2022-07-15T14:14:35+00:00" />
<meta property="og:image" content="https://medicina.udd.cl/odontologia-santiago/files/2019/06/Alexandra-Menache-Simonato-odonto.jpg" />
	<meta property="og:image:width" content="5040" />
	<meta property="og:image:height" content="3360" />
	<meta property="og:image:type" content="image/jpeg" />
<script type="application/ld+json" class="yoast-schema-graph">{"@context":"https://schema.org","@graph":[{"@type":"WebPage","@id":"https://medicina.udd.cl/odontologia-santiago/persona/alexandra-menache-2/","url":"https://medicina.udd.cl/odontologia-santiago/persona/alexandra-menache-2/","name":"Alexandra Menache - Odontología","isPartOf":{"@id":"https://medicina.udd.cl/odontologia-santiago/#website"},"primaryImageOfPage":{"@id":"https://medicina.udd.cl/odontologia-santiago/persona/alexandra-menache-2/#primaryimage"},"image":{"@id":"https://medicina.udd.cl/odontologia-santiago/persona/alexandra-menache-2/#primaryimage"},"thumbnailUrl":"https://medicina.udd.cl/odontologia-santiago/files/2019/06/Alexandra-Menache-Simonato-odonto.jpg","datePublished":"2019-06-17T15:55:52+00:00","dateModified":"2022-07-15T14:14:35+00:00","breadcrumb":{"@id":"https://medicina.udd.cl/odontologia-santiago/persona/alexandra-menache-2/#breadcrumb"},"inLanguage":"es","potentialAction":[{"@type":"ReadAction","target":["https://medicina.udd.cl/odontologia-santiago/persona/alexandra-menache-2/"]}]},{"@type":"ImageObject","inLanguage":"es","@id":"https://medicina.udd.cl/odontologia-santiago/persona/alexandra-menache-2/#primaryimage","url":"https://medicina.udd.cl/odontologia-santiago/files/2019/06/Alexandra-Menache-Simonato-odonto.jpg","contentUrl":"https://medicina.udd.cl/odontologia-santiago/files/2019/06/Alexandra-Menache-Simonato-odonto.jpg","width":5040,"height":3360},{"@type":"BreadcrumbList","@id":"https://medicina.udd.cl/odontologia-santiago/persona/alexandra-menache-2/#breadcrumb","itemListElement":[{"@type":"ListItem","position":1,"name":"Home","item":"https://medicina.udd.cl/odontologia-santiago/"},{"@type":"ListItem","position":2,"name":"Personas","item":"https://medicina.udd.cl/odontologia-santiago/persona/"},{"@type":"ListItem","position":3,"name":"Alexandra Menache"}]},{"@type":"WebSite","@id":"https://medicina.udd.cl/odontologia-santiago/#website","url":"https://medicina.udd.cl/odontologia-santiago/","name":"Odontología","description":"Facultad de Medicina Clínica Alemana Universidad del Desarrollo","inLanguage":"es"}]}</script>
<!-- / Yoast SEO plugin. -->

Alexandra Menache - Odontología

Odontología

Facultad de Medicina Clínica Alemana Universidad del Desarrollo

Docente Cariología

<div class="person-modal person-modal--scl">
	<header class="person-modal__header">
		<div class="person-modal__bg"></div>
		<div class="modal-container">
						<div class="person-modal__media">
				<img width="500" height="500" src="https://medicina.udd.cl/odontologia-santiago/files/2019/06/Alexandra-Menache-Simonato-odonto-500x500.jpg" class="person-modal__image wp-post-image" alt="" decoding="async" loading="lazy" srcset="https://medicina.udd.cl/odontologia-santiago/files/2019/06/Alexandra-Menache-Simonato-odonto-500x500.jpg 500w, https://medicina.udd.cl/odontologia-santiago/files/2019/06/Alexandra-Menache-Simonato-odonto-150x150.jpg 150w, https://medicina.udd.cl/odontologia-santiago/files/2019/06/Alexandra-Menache-Simonato-odonto-62x62.jpg 62w, https://medicina.udd.cl/odontologia-santiago/files/2019/06/Alexandra-Menache-Simonato-odonto-750x750.jpg 750w, https://medicina.udd.cl/odontologia-santiago/files/2019/06/Alexandra-Menache-Simonato-odonto-250x250.jpg 250w, https://medicina.udd.cl/odontologia-santiago/files/2019/06/Alexandra-Menache-Simonato-odonto-126x126.jpg 126w" sizes="auto, (max-width: 500px) 100vw, 500px" />			</div>
						<div class="person-modal__data">
				<h1 class="person-modal__name">Alexandra  Menache</h1>
							<span class="person-modal__description">Docente Cariología</span>
													<a href="mailto:a&#109;&#101;&#110;ach&#101;&#115;&#064;&#117;dd&#046;cl" class="person-modal__email">&#97;m&#101;&#110;ach&#101;&#115;&#64;&#117;&#100;d.&#99;l</a>
									</div>
		</div>
	</header>
	<div class="modal-container">
			<div class="person-modal__content text">
															<ul>
<li class="MsoNormal"><span>Egresada de la Universidad Finis Terrae 2009.</span></li>
<li class="MsoNormal"><span>Especialista en Rehabilitación Oral.</span></li>
<li class="MsoNormal"><span>Diplomado de Cariología y Estética Restauradora.</span></li>
<li class="MsoNormal"><span>Diplomatura de Estética Facial.</span></li>
<li class="MsoNormal"><span>Actualmente cursa el último año del Diplomado de Docencia Clínica.</span></li>
</ul>
		</div>
	</div>
</div>
