{"id":7974,"date":"2024-03-19T12:15:29","date_gmt":"2024-03-19T15:15:29","guid":{"rendered":"https:\/\/medicina.udd.cl\/odontologia-santiago\/?post_type=person&#038;p=7974"},"modified":"2026-02-25T16:17:52","modified_gmt":"2026-02-25T19:17:52","slug":"paulina-bunster","status":"publish","type":"person","link":"https:\/\/medicina.udd.cl\/odontologia-santiago\/persona\/paulina-bunster\/","title":{"rendered":"Paulina  Bunster"},"featured_media":0,"template":"","people_tax":[],"people_areas":[],"people_levels":[],"class_list":["post-7974","person","type-person","status-publish","hentry"],"yoast_head":"<!-- This site is optimized with the Yoast SEO plugin v26.9 - https:\/\/yoast.com\/product\/yoast-seo-wordpress\/ -->\n<title>Paulina Bunster - Odontolog\u00eda<\/title>\n<meta name=\"robots\" content=\"index, follow, max-snippet:-1, max-image-preview:large, max-video-preview:-1\" \/>\n<link rel=\"canonical\" href=\"https:\/\/medicina.udd.cl\/odontologia-santiago\/persona\/paulina-bunster\/\" \/>\n<meta property=\"og:locale\" content=\"es_ES\" \/>\n<meta property=\"og:type\" content=\"article\" \/>\n<meta property=\"og:title\" content=\"Paulina Bunster - Odontolog\u00eda\" \/>\n<meta property=\"og:url\" content=\"https:\/\/medicina.udd.cl\/odontologia-santiago\/persona\/paulina-bunster\/\" \/>\n<meta property=\"og:site_name\" content=\"Odontolog\u00eda\" \/>\n<meta property=\"article:modified_time\" content=\"2026-02-25T19:17:52+00:00\" \/>\n<script type=\"application\/ld+json\" class=\"yoast-schema-graph\">{\"@context\":\"https:\/\/schema.org\",\"@graph\":[{\"@type\":\"WebPage\",\"@id\":\"https:\/\/medicina.udd.cl\/odontologia-santiago\/persona\/paulina-bunster\/\",\"url\":\"https:\/\/medicina.udd.cl\/odontologia-santiago\/persona\/paulina-bunster\/\",\"name\":\"Paulina Bunster - Odontolog\u00eda\",\"isPartOf\":{\"@id\":\"https:\/\/medicina.udd.cl\/odontologia-santiago\/#website\"},\"datePublished\":\"2024-03-19T15:15:29+00:00\",\"dateModified\":\"2026-02-25T19:17:52+00:00\",\"breadcrumb\":{\"@id\":\"https:\/\/medicina.udd.cl\/odontologia-santiago\/persona\/paulina-bunster\/#breadcrumb\"},\"inLanguage\":\"es\",\"potentialAction\":[{\"@type\":\"ReadAction\",\"target\":[\"https:\/\/medicina.udd.cl\/odontologia-santiago\/persona\/paulina-bunster\/\"]}]},{\"@type\":\"BreadcrumbList\",\"@id\":\"https:\/\/medicina.udd.cl\/odontologia-santiago\/persona\/paulina-bunster\/#breadcrumb\",\"itemListElement\":[{\"@type\":\"ListItem\",\"position\":1,\"name\":\"Home\",\"item\":\"https:\/\/medicina.udd.cl\/odontologia-santiago\/\"},{\"@type\":\"ListItem\",\"position\":2,\"name\":\"Personas\",\"item\":\"https:\/\/medicina.udd.cl\/odontologia-santiago\/persona\/\"},{\"@type\":\"ListItem\",\"position\":3,\"name\":\"Paulina Bunster\"}]},{\"@type\":\"WebSite\",\"@id\":\"https:\/\/medicina.udd.cl\/odontologia-santiago\/#website\",\"url\":\"https:\/\/medicina.udd.cl\/odontologia-santiago\/\",\"name\":\"Odontolog\u00eda\",\"description\":\"Facultad de Medicina Cl\u00ednica Alemana Universidad del Desarrollo\",\"inLanguage\":\"es\"}]}<\/script>\n<!-- \/ Yoast SEO plugin. -->","yoast_head_json":{"title":"Paulina Bunster - Odontolog\u00eda","robots":{"index":"index","follow":"follow","max-snippet":"max-snippet:-1","max-image-preview":"max-image-preview:large","max-video-preview":"max-video-preview:-1"},"canonical":"https:\/\/medicina.udd.cl\/odontologia-santiago\/persona\/paulina-bunster\/","og_locale":"es_ES","og_type":"article","og_title":"Paulina Bunster - Odontolog\u00eda","og_url":"https:\/\/medicina.udd.cl\/odontologia-santiago\/persona\/paulina-bunster\/","og_site_name":"Odontolog\u00eda","article_modified_time":"2026-02-25T19:17:52+00:00","schema":{"@context":"https:\/\/schema.org","@graph":[{"@type":"WebPage","@id":"https:\/\/medicina.udd.cl\/odontologia-santiago\/persona\/paulina-bunster\/","url":"https:\/\/medicina.udd.cl\/odontologia-santiago\/persona\/paulina-bunster\/","name":"Paulina Bunster - Odontolog\u00eda","isPartOf":{"@id":"https:\/\/medicina.udd.cl\/odontologia-santiago\/#website"},"datePublished":"2024-03-19T15:15:29+00:00","dateModified":"2026-02-25T19:17:52+00:00","breadcrumb":{"@id":"https:\/\/medicina.udd.cl\/odontologia-santiago\/persona\/paulina-bunster\/#breadcrumb"},"inLanguage":"es","potentialAction":[{"@type":"ReadAction","target":["https:\/\/medicina.udd.cl\/odontologia-santiago\/persona\/paulina-bunster\/"]}]},{"@type":"BreadcrumbList","@id":"https:\/\/medicina.udd.cl\/odontologia-santiago\/persona\/paulina-bunster\/#breadcrumb","itemListElement":[{"@type":"ListItem","position":1,"name":"Home","item":"https:\/\/medicina.udd.cl\/odontologia-santiago\/"},{"@type":"ListItem","position":2,"name":"Personas","item":"https:\/\/medicina.udd.cl\/odontologia-santiago\/persona\/"},{"@type":"ListItem","position":3,"name":"Paulina Bunster"}]},{"@type":"WebSite","@id":"https:\/\/medicina.udd.cl\/odontologia-santiago\/#website","url":"https:\/\/medicina.udd.cl\/odontologia-santiago\/","name":"Odontolog\u00eda","description":"Facultad de Medicina Cl\u00ednica Alemana Universidad del Desarrollo","inLanguage":"es"}]}},"label":"Paulina  Bunster","role":"Coordinadora de Admisi\u00f3n de Pregrado","thumbnail_url":false,"email":"prbunster@udd.cl","tel_job":"","content":{"rendered":"<div class=\"person-modal person-modal--scl\">\n\t<header class=\"person-modal__header\">\n\t\t<div class=\"person-modal__bg\"><\/div>\n\t\t<div class=\"modal-container\">\n\t\t\t\t\t\t<div class=\"person-modal__data\">\n\t\t\t\t<h1 class=\"person-modal__name\">Paulina  Bunster<\/h1>\n\t\t\t\t\t\t\t<span class=\"person-modal__description\">Coordinadora de Admisi\u00f3n de Pregrado<\/span>\n\t\t\t\t\t\t\t\t\t\t\t\t\t<a href=\"mailto:prbun&#115;&#116;e&#114;&#064;&#117;&#100;&#100;.c&#108;\" class=\"person-modal__email\">pr&#98;un&#115;t&#101;&#114;&#64;&#117;&#100;&#100;&#46;&#99;&#108;<\/a>\n\t\t\t\t\t\t\t\t\t<\/div>\n\t\t<\/div>\n\t<\/header>\n\t<div class=\"modal-container\">\n\t\t\t<div class=\"person-modal__content text\">\n\t\t\t\t\t\t\t\t\t\t\t\t<\/div>\n\t<\/div>\n<\/div>\n"},"identifier":"bc3f286207f3a2ee2dcb5083c1a32776a41d41af","has_credential":[],"given_name":"Paulina ","family_name":"Bunster","name":"Paulina  Bunster","job_title":"Coordinadora de Admisi\u00f3n de Pregrado","telephone":"","note":"","im":"","_self_schedule":null,"_links":{"self":[{"href":"https:\/\/medicina.udd.cl\/odontologia-santiago\/wp-json\/wp\/v2\/people\/7974","targetHints":{"allow":["GET"]}}],"collection":[{"href":"https:\/\/medicina.udd.cl\/odontologia-santiago\/wp-json\/wp\/v2\/people"}],"about":[{"href":"https:\/\/medicina.udd.cl\/odontologia-santiago\/wp-json\/wp\/v2\/types\/person"}],"wp:attachment":[{"href":"https:\/\/medicina.udd.cl\/odontologia-santiago\/wp-json\/wp\/v2\/media?parent=7974"}],"wp:term":[{"taxonomy":"people_tax","embeddable":true,"href":"https:\/\/medicina.udd.cl\/odontologia-santiago\/wp-json\/wp\/v2\/people_tax?post=7974"},{"taxonomy":"people_areas","embeddable":true,"href":"https:\/\/medicina.udd.cl\/odontologia-santiago\/wp-json\/wp\/v2\/people_areas?post=7974"},{"taxonomy":"people_levels","embeddable":true,"href":"https:\/\/medicina.udd.cl\/odontologia-santiago\/wp-json\/wp\/v2\/people_levels?post=7974"}],"curies":[{"name":"wp","href":"https:\/\/api.w.org\/{rel}","templated":true}]}}

<!-- This site is optimized with the Yoast SEO plugin v26.9 - https://yoast.com/product/yoast-seo-wordpress/ -->
<title>Paulina Bunster - Odontología</title>
<meta name="robots" content="index, follow, max-snippet:-1, max-image-preview:large, max-video-preview:-1" />
<link rel="canonical" href="https://medicina.udd.cl/odontologia-santiago/persona/paulina-bunster/" />
<meta property="og:locale" content="es_ES" />
<meta property="og:type" content="article" />
<meta property="og:title" content="Paulina Bunster - Odontología" />
<meta property="og:url" content="https://medicina.udd.cl/odontologia-santiago/persona/paulina-bunster/" />
<meta property="og:site_name" content="Odontología" />
<meta property="article:modified_time" content="2026-02-25T19:17:52+00:00" />
<script type="application/ld+json" class="yoast-schema-graph">{"@context":"https://schema.org","@graph":[{"@type":"WebPage","@id":"https://medicina.udd.cl/odontologia-santiago/persona/paulina-bunster/","url":"https://medicina.udd.cl/odontologia-santiago/persona/paulina-bunster/","name":"Paulina Bunster - Odontología","isPartOf":{"@id":"https://medicina.udd.cl/odontologia-santiago/#website"},"datePublished":"2024-03-19T15:15:29+00:00","dateModified":"2026-02-25T19:17:52+00:00","breadcrumb":{"@id":"https://medicina.udd.cl/odontologia-santiago/persona/paulina-bunster/#breadcrumb"},"inLanguage":"es","potentialAction":[{"@type":"ReadAction","target":["https://medicina.udd.cl/odontologia-santiago/persona/paulina-bunster/"]}]},{"@type":"BreadcrumbList","@id":"https://medicina.udd.cl/odontologia-santiago/persona/paulina-bunster/#breadcrumb","itemListElement":[{"@type":"ListItem","position":1,"name":"Home","item":"https://medicina.udd.cl/odontologia-santiago/"},{"@type":"ListItem","position":2,"name":"Personas","item":"https://medicina.udd.cl/odontologia-santiago/persona/"},{"@type":"ListItem","position":3,"name":"Paulina Bunster"}]},{"@type":"WebSite","@id":"https://medicina.udd.cl/odontologia-santiago/#website","url":"https://medicina.udd.cl/odontologia-santiago/","name":"Odontología","description":"Facultad de Medicina Clínica Alemana Universidad del Desarrollo","inLanguage":"es"}]}</script>
<!-- / Yoast SEO plugin. -->

Paulina Bunster - Odontología

Odontología

Facultad de Medicina Clínica Alemana Universidad del Desarrollo

Coordinadora de Admisión de Pregrado

<div class="person-modal person-modal--scl">
	<header class="person-modal__header">
		<div class="person-modal__bg"></div>
		<div class="modal-container">
						<div class="person-modal__data">
				<h1 class="person-modal__name">Paulina  Bunster</h1>
							<span class="person-modal__description">Coordinadora de Admisión de Pregrado</span>
													<a href="mailto:prbun&#115;&#116;e&#114;&#064;&#117;&#100;&#100;.c&#108;" class="person-modal__email">pr&#98;un&#115;t&#101;&#114;&#64;&#117;&#100;&#100;&#46;&#99;&#108;</a>
									</div>
		</div>
	</header>
	<div class="modal-container">
			<div class="person-modal__content text">
												</div>
	</div>
</div>
