{"id":12,"date":"2024-04-09T15:20:22","date_gmt":"2024-04-09T19:20:22","guid":{"rendered":"https:\/\/medicina.udd.cl\/programa-epidermolisis-bullosa\/?page_id=12"},"modified":"2024-07-31T10:00:20","modified_gmt":"2024-07-31T14:00:20","slug":"inicio","status":"publish","type":"page","link":"https:\/\/medicina.udd.cl\/programa-epidermolisis-bullosa\/","title":{"rendered":"Inicio"},"content":{"rendered":"\n<h2 class=\"wp-block-heading has-brand-primary-color has-text-color has-link-color wp-elements-32aeaa1dd56b039f6c880e341ac5b40b\">PROGRAMA EPIDERMOLISIS BULOSA<\/h2>\n\n\n\n<p>La Epidermolisis Bulosa (EB), tambi\u00e9n conocida como \u201cPiel de Cristal\u201d, es una enfermedad no contagiosa caracterizada por la formaci\u00f3n de ampollas y heridas en la piel y las mucosas. La piel es tan fr\u00e1gil, que frente a un peque\u00f1o trauma o roce se pueden formar ampollas y luego heridas.<\/p>\n\n\n\n<p>El Instituto de Ciencias e Innovaci\u00f3n en Medicina (ICIM), en alianza con la Fundaci\u00f3n Debra Chile, cuenta con el \u00abPrograma de Epidermolisis Bulosa\u00bb. Este programa marca el inicio de una etapa m\u00e1s avanzada de colaboraci\u00f3n entre ambas instituciones, fortaleciendo nuestra larga historia de investigaci\u00f3n conjunta en beneficio de quienes padecen esta enfermedad.<\/p>\n\n\n<!-- WP Block: UDD - Cards Alternate -->\n<section class=\"wp-block-udd-cards udd-cards-v2--1 \"\n\t\tstyle=\"--udd-blocks-has-columns-number: 3;\"\n\t>\n\t<div class=\"container\">\n\t\t\t\t\t<header class=\"header__innerblock block__header\">\n\t\t\t\n<h2 class=\"wp-block-heading\">OBJETIVOS DEL PROGRAMA<\/h2>\n\t\n\t\n\t<\/header>\n\t\t\t\t<div class=\"block__content\">\n\t\t\t<div\n\t\t\t\t\t\t\t\tclass=\"cards cards-v2 \"\n\t\t\t>\n\t\t\t\t\t\t\t\t\t\t\t\t<div class=\"card-wrapper\">\n\t\t\t\t\t\t<div class=\"card\">\n\t\t\t\t\t\t\t\t\t\t\t\t\t\t<h3 class=\"card__title\">Diagn\u00f3stico<\/h3>\n\t\t\t\t\t\t\t\t\t\t\t\t\t<\/div>\n\t\t\t\t\t<\/div>\n\t\t\t\t\t\t\t\t\t\t\t\t\t\t\t\t<div class=\"card-wrapper\">\n\t\t\t\t\t\t<div class=\"card\">\n\t\t\t\t\t\t\t\t\t\t\t\t\t\t<h3 class=\"card__title\">Entender la fisiopatolog\u00eda de la enfermedad<\/h3>\n\t\t\t\t\t\t\t\t\t\t\t\t\t<\/div>\n\t\t\t\t\t<\/div>\n\t\t\t\t\t\t\t\t\t\t\t\t\t\t\t\t<div class=\"card-wrapper\">\n\t\t\t\t\t\t<div class=\"card\">\n\t\t\t\t\t\t\t\t\t\t\t\t\t\t<h3 class=\"card__title\">Terapias y estudios precl\u00ednicos<\/h3>\n\t\t\t\t\t\t\t\t\t\t\t\t\t<\/div>\n\t\t\t\t\t<\/div>\n\t\t\t\t\t\t\t\t\t\t<\/div>\n\t\t<\/div>\n\t<\/div>\n<\/section>\n\n\n\n<p class=\"has-text-align-left\">Nuestro laboratorio de investigaci\u00f3n en epidermolisis bullosa cuenta con equipamiento de \u00faltima generaci\u00f3n, dise\u00f1ado para avanzar en el estudio y tratamiento de esta enfermedad. Estamos comprometidos con la formaci\u00f3n de futuros profesionales y cient\u00edficos, por lo que invitamos a estudiantes interesados a participar en programas de intercambio que les permitan adquirir experiencia pr\u00e1ctica y contribuir a nuestros proyectos. Adem\u00e1s, estamos abiertos a colaboraciones con instituciones y profesionales que compartan nuestra pasi\u00f3n por mejorar la calidad de vida de quienes padecen epidermolisis bullosa. Juntos, podemos hacer grandes avances en la investigaci\u00f3n y tratamiento de esta condici\u00f3n.<\/p>\n\n\n\n<div class=\"wp-block-media-text alignfull is-stacked-on-mobile is-image-fill has-background\" style=\"background-color:#f9f9f9;grid-template-columns:26% auto\"><figure class=\"wp-block-media-text__media\" style=\"background-image:url(http:\/\/medicina.udd.cl\/programa-epidermolisis-bullosa\/files\/2024\/06\/logo-debra.png);background-position:56% 57%\"><img loading=\"lazy\" decoding=\"async\" width=\"360\" height=\"360\" src=\"http:\/\/medicina.udd.cl\/programa-epidermolisis-bullosa\/files\/2024\/06\/logo-debra.png\" alt=\"\" class=\"wp-image-124 size-large\" srcset=\"https:\/\/medicina.udd.cl\/programa-epidermolisis-bullosa\/files\/2024\/06\/logo-debra.png 360w, https:\/\/medicina.udd.cl\/programa-epidermolisis-bullosa\/files\/2024\/06\/logo-debra-300x300.png 300w, https:\/\/medicina.udd.cl\/programa-epidermolisis-bullosa\/files\/2024\/06\/logo-debra-150x150.png 150w, https:\/\/medicina.udd.cl\/programa-epidermolisis-bullosa\/files\/2024\/06\/logo-debra-62x62.png 62w, https:\/\/medicina.udd.cl\/programa-epidermolisis-bullosa\/files\/2024\/06\/logo-debra-250x250.png 250w, https:\/\/medicina.udd.cl\/programa-epidermolisis-bullosa\/files\/2024\/06\/logo-debra-126x126.png 126w\" sizes=\"auto, (max-width: 360px) 100vw, 360px\" \/><\/figure><div class=\"wp-block-media-text__content\">\n<h1 class=\"wp-block-heading has-large-font-size\">Visita la <strong>Fundaci\u00f3n Debra Chile<\/strong><\/h1>\n\n\n<p class=\"wp-block-udd-button text-left\"><a class=\"btn btn-primary btn-sm\" href=\"https:\/\/debrachile.cl\/\" data-url=\"https:\/\/debrachile.cl\/\" target=\"_blank\" rel=\"noreferrer noopener\"><svg class=\"svg-external-dims\"><use xlink:href='https:\/\/medicina.udd.cl\/programa-epidermolisis-bullosa\/wp-content\/themes\/facultades-2018\/assets\/img\/svg\/dist\/main.svg?version=1695853099#external'><\/use><\/svg> Ir al sitio <\/a><\/p>\n<\/div><\/div>\n\n\n\n<h2 class=\"wp-block-heading\">D\u00f3nde estamos<\/h2>\n\n\n<section class=\"wp-block-udd-locations\">\n\t<div class=\"container\">\n\t\t\t\t<div class=\"block__content\">\n\t\t\t<div class=\"access-cards\">\n\t\t\t\t\t\t\t<div class=\"access-card-wrapper\">\n\t\t\t\t\t<div class=\"access-card\" itemscope itemtype=\"http:\/\/schema.org\/Place\">\n\t\t\t\t\t\t\t\t\t\t\t\t<h3 class=\"locations__title\" itemprop=\"name\">Centro Debra Chile<\/h3>\n\t\t\t\t\t\t\t\t\t\t\t\t\t\t\t\t\t\t\t\t\t\t\t\t\t\t\t\t\t\t<div class=\"locations__content\">\n\t\t\t\t\t\t\t<h4 class=\"locations__name\">Direcci\u00f3n<\/h4>\n\t\t\t\t\t\t\t<span itemprop=\"address\">Los Jardines 976, Piso 1, Huechuraba<\/span>\n\t\t\t\t\t\t<\/div>\n\t\t\t\t\t\t\t\t\t\t\t\t\t\t\t\t\t\t<div class=\"access-card__link\">\n\t\t\t\t\t\t\t<a href=\"https:\/\/www.google.com\/maps\/place\/Los+Jardines+976,+8580670+Santiago,+Huechuraba,+Regi%C3%B3n+Metropolitana\/@-33.38657,-70.619211,17z\/data=!3m1!4b1!4m6!3m5!1s0x9662c8a7d6c5423b:0x3451885127f17bc0!8m2!3d-33.38657!4d-70.619211!16s%2Fg%2F11sp47p_bf?sa=X&#038;ved=1t:242&#038;ictx=111&#038;entry=tts&#038;g_ep=EgoyMDI0MDYwOS4wKgBIAVAD\" target=\"_blank\" rel=\"noreferrer noopener\" class=\"access-card__link-text\">Abrir en mapa<\/a>\n\t\t\t\t\t\t<\/div>\n\t\t\t\t\t\t\t\t\t\t\t<\/div>\n\t\t\t\t<\/div>\n\t\t\t\t\t\t<\/div>\n\t\t<\/div>\n\t<\/div>\n<\/section>\n","protected":false},"excerpt":{"rendered":"<p>PROGRAMA EPIDERMOLISIS BULOSA La Epidermolisis Bulosa (EB), tambi\u00e9n conocida como \u201cPiel de Cristal\u201d, es una enfermedad no contagiosa caracterizada por la formaci\u00f3n de ampollas y heridas en la piel y las mucosas. La piel es tan fr\u00e1gil, que frente a un peque\u00f1o trauma o roce se pueden formar ampollas y luego heridas. El Instituto de [&hellip;]<\/p>\n","protected":false},"author":9192217,"featured_media":0,"parent":0,"menu_order":0,"comment_status":"closed","ping_status":"closed","template":"","meta":{"footnotes":""},"class_list":["post-12","page","type-page","status-publish","hentry"],"yoast_head":"<!-- This site is optimized with the Yoast SEO plugin v26.9 - https:\/\/yoast.com\/product\/yoast-seo-wordpress\/ -->\n<title>Inicio - Programa de Epiderm\u00f3lisis Bullosa<\/title>\n<meta name=\"robots\" content=\"index, follow, max-snippet:-1, max-image-preview:large, max-video-preview:-1\" \/>\n<link rel=\"canonical\" href=\"https:\/\/medicina.udd.cl\/programa-epidermolisis-bullosa\/\" \/>\n<meta property=\"og:locale\" content=\"es_ES\" \/>\n<meta property=\"og:type\" content=\"article\" \/>\n<meta property=\"og:title\" content=\"Inicio - Programa de Epiderm\u00f3lisis Bullosa\" \/>\n<meta property=\"og:description\" content=\"PROGRAMA EPIDERMOLISIS BULOSA La Epidermolisis Bulosa (EB), tambi\u00e9n conocida como \u201cPiel de Cristal\u201d, es una enfermedad no contagiosa caracterizada por la formaci\u00f3n de ampollas y heridas en la piel y las mucosas. La piel es tan fr\u00e1gil, que frente a un peque\u00f1o trauma o roce se pueden formar ampollas y luego heridas. El Instituto de [&hellip;]\" \/>\n<meta property=\"og:url\" content=\"https:\/\/medicina.udd.cl\/programa-epidermolisis-bullosa\/\" \/>\n<meta property=\"og:site_name\" content=\"Programa de Epiderm\u00f3lisis Bullosa\" \/>\n<meta property=\"article:modified_time\" content=\"2024-07-31T14:00:20+00:00\" \/>\n<meta property=\"og:image\" content=\"http:\/\/medicina.udd.cl\/programa-epidermolisis-bullosa\/files\/2024\/06\/logo-debra.png\" \/>\n<meta name=\"twitter:card\" content=\"summary_large_image\" \/>\n<meta name=\"twitter:label1\" content=\"Tiempo de lectura\" \/>\n\t<meta name=\"twitter:data1\" content=\"2 minutos\" \/>\n<script type=\"application\/ld+json\" class=\"yoast-schema-graph\">{\"@context\":\"https:\/\/schema.org\",\"@graph\":[{\"@type\":\"WebPage\",\"@id\":\"https:\/\/medicina.udd.cl\/programa-epidermolisis-bullosa\/\",\"url\":\"https:\/\/medicina.udd.cl\/programa-epidermolisis-bullosa\/\",\"name\":\"Inicio - Programa de Epiderm\u00f3lisis Bullosa\",\"isPartOf\":{\"@id\":\"https:\/\/medicina.udd.cl\/programa-epidermolisis-bullosa\/#website\"},\"primaryImageOfPage\":{\"@id\":\"https:\/\/medicina.udd.cl\/programa-epidermolisis-bullosa\/#primaryimage\"},\"image\":{\"@id\":\"https:\/\/medicina.udd.cl\/programa-epidermolisis-bullosa\/#primaryimage\"},\"thumbnailUrl\":\"http:\/\/medicina.udd.cl\/programa-epidermolisis-bullosa\/files\/2024\/06\/logo-debra.png\",\"datePublished\":\"2024-04-09T19:20:22+00:00\",\"dateModified\":\"2024-07-31T14:00:20+00:00\",\"breadcrumb\":{\"@id\":\"https:\/\/medicina.udd.cl\/programa-epidermolisis-bullosa\/#breadcrumb\"},\"inLanguage\":\"es\",\"potentialAction\":[{\"@type\":\"ReadAction\",\"target\":[\"https:\/\/medicina.udd.cl\/programa-epidermolisis-bullosa\/\"]}]},{\"@type\":\"ImageObject\",\"inLanguage\":\"es\",\"@id\":\"https:\/\/medicina.udd.cl\/programa-epidermolisis-bullosa\/#primaryimage\",\"url\":\"http:\/\/medicina.udd.cl\/programa-epidermolisis-bullosa\/files\/2024\/06\/logo-debra.png\",\"contentUrl\":\"http:\/\/medicina.udd.cl\/programa-epidermolisis-bullosa\/files\/2024\/06\/logo-debra.png\"},{\"@type\":\"BreadcrumbList\",\"@id\":\"https:\/\/medicina.udd.cl\/programa-epidermolisis-bullosa\/#breadcrumb\",\"itemListElement\":[{\"@type\":\"ListItem\",\"position\":1,\"name\":\"Portada\",\"item\":\"https:\/\/medicina.udd.cl\/programa-epidermolisis-bullosa\/\"},{\"@type\":\"ListItem\",\"position\":2,\"name\":\"Inicio\"}]},{\"@type\":\"WebSite\",\"@id\":\"https:\/\/medicina.udd.cl\/programa-epidermolisis-bullosa\/#website\",\"url\":\"https:\/\/medicina.udd.cl\/programa-epidermolisis-bullosa\/\",\"name\":\"Programa de Epiderm\u00f3lisis Bullosa\",\"description\":\"\",\"inLanguage\":\"es\"}]}<\/script>\n<!-- \/ Yoast SEO plugin. -->","yoast_head_json":{"title":"Inicio - Programa de Epiderm\u00f3lisis Bullosa","robots":{"index":"index","follow":"follow","max-snippet":"max-snippet:-1","max-image-preview":"max-image-preview:large","max-video-preview":"max-video-preview:-1"},"canonical":"https:\/\/medicina.udd.cl\/programa-epidermolisis-bullosa\/","og_locale":"es_ES","og_type":"article","og_title":"Inicio - Programa de Epiderm\u00f3lisis Bullosa","og_description":"PROGRAMA EPIDERMOLISIS BULOSA La Epidermolisis Bulosa (EB), tambi\u00e9n conocida como \u201cPiel de Cristal\u201d, es una enfermedad no contagiosa caracterizada por la formaci\u00f3n de ampollas y heridas en la piel y las mucosas. La piel es tan fr\u00e1gil, que frente a un peque\u00f1o trauma o roce se pueden formar ampollas y luego heridas. El Instituto de [&hellip;]","og_url":"https:\/\/medicina.udd.cl\/programa-epidermolisis-bullosa\/","og_site_name":"Programa de Epiderm\u00f3lisis Bullosa","article_modified_time":"2024-07-31T14:00:20+00:00","og_image":[{"url":"http:\/\/medicina.udd.cl\/programa-epidermolisis-bullosa\/files\/2024\/06\/logo-debra.png","type":"","width":"","height":""}],"twitter_card":"summary_large_image","twitter_misc":{"Tiempo de lectura":"2 minutos"},"schema":{"@context":"https:\/\/schema.org","@graph":[{"@type":"WebPage","@id":"https:\/\/medicina.udd.cl\/programa-epidermolisis-bullosa\/","url":"https:\/\/medicina.udd.cl\/programa-epidermolisis-bullosa\/","name":"Inicio - Programa de Epiderm\u00f3lisis Bullosa","isPartOf":{"@id":"https:\/\/medicina.udd.cl\/programa-epidermolisis-bullosa\/#website"},"primaryImageOfPage":{"@id":"https:\/\/medicina.udd.cl\/programa-epidermolisis-bullosa\/#primaryimage"},"image":{"@id":"https:\/\/medicina.udd.cl\/programa-epidermolisis-bullosa\/#primaryimage"},"thumbnailUrl":"http:\/\/medicina.udd.cl\/programa-epidermolisis-bullosa\/files\/2024\/06\/logo-debra.png","datePublished":"2024-04-09T19:20:22+00:00","dateModified":"2024-07-31T14:00:20+00:00","breadcrumb":{"@id":"https:\/\/medicina.udd.cl\/programa-epidermolisis-bullosa\/#breadcrumb"},"inLanguage":"es","potentialAction":[{"@type":"ReadAction","target":["https:\/\/medicina.udd.cl\/programa-epidermolisis-bullosa\/"]}]},{"@type":"ImageObject","inLanguage":"es","@id":"https:\/\/medicina.udd.cl\/programa-epidermolisis-bullosa\/#primaryimage","url":"http:\/\/medicina.udd.cl\/programa-epidermolisis-bullosa\/files\/2024\/06\/logo-debra.png","contentUrl":"http:\/\/medicina.udd.cl\/programa-epidermolisis-bullosa\/files\/2024\/06\/logo-debra.png"},{"@type":"BreadcrumbList","@id":"https:\/\/medicina.udd.cl\/programa-epidermolisis-bullosa\/#breadcrumb","itemListElement":[{"@type":"ListItem","position":1,"name":"Portada","item":"https:\/\/medicina.udd.cl\/programa-epidermolisis-bullosa\/"},{"@type":"ListItem","position":2,"name":"Inicio"}]},{"@type":"WebSite","@id":"https:\/\/medicina.udd.cl\/programa-epidermolisis-bullosa\/#website","url":"https:\/\/medicina.udd.cl\/programa-epidermolisis-bullosa\/","name":"Programa de Epiderm\u00f3lisis Bullosa","description":"","inLanguage":"es"}]}},"_links":{"self":[{"href":"https:\/\/medicina.udd.cl\/programa-epidermolisis-bullosa\/wp-json\/wp\/v2\/pages\/12","targetHints":{"allow":["GET"]}}],"collection":[{"href":"https:\/\/medicina.udd.cl\/programa-epidermolisis-bullosa\/wp-json\/wp\/v2\/pages"}],"about":[{"href":"https:\/\/medicina.udd.cl\/programa-epidermolisis-bullosa\/wp-json\/wp\/v2\/types\/page"}],"author":[{"embeddable":true,"href":"https:\/\/medicina.udd.cl\/programa-epidermolisis-bullosa\/wp-json\/wp\/v2\/users\/9192217"}],"replies":[{"embeddable":true,"href":"https:\/\/medicina.udd.cl\/programa-epidermolisis-bullosa\/wp-json\/wp\/v2\/comments?post=12"}],"version-history":[{"count":28,"href":"https:\/\/medicina.udd.cl\/programa-epidermolisis-bullosa\/wp-json\/wp\/v2\/pages\/12\/revisions"}],"predecessor-version":[{"id":388,"href":"https:\/\/medicina.udd.cl\/programa-epidermolisis-bullosa\/wp-json\/wp\/v2\/pages\/12\/revisions\/388"}],"wp:attachment":[{"href":"https:\/\/medicina.udd.cl\/programa-epidermolisis-bullosa\/wp-json\/wp\/v2\/media?parent=12"}],"curies":[{"name":"wp","href":"https:\/\/api.w.org\/{rel}","templated":true}]}}