{"id":49,"date":"2024-06-12T11:27:38","date_gmt":"2024-06-12T15:27:38","guid":{"rendered":"https:\/\/medicina.udd.cl\/programa-epidermolisis-bullosa\/?page_id=49"},"modified":"2024-06-12T11:27:39","modified_gmt":"2024-06-12T15:27:39","slug":"proyectos-de-investigacion","status":"publish","type":"page","link":"https:\/\/medicina.udd.cl\/programa-epidermolisis-bullosa\/proyectos-de-investigacion\/","title":{"rendered":"Proyectos de Investigaci\u00f3n"},"content":{"rendered":"\n<figure class=\"wp-block-table\"><table><tbody><tr><td><strong>A\u00f1o<\/strong><\/td><td><strong>Proyecto<\/strong><\/td><td><strong>Investigador principal<\/strong><\/td><td><strong>Investigadores asociados<\/strong><\/td><td><strong>Financiamiento<\/strong><\/td><\/tr><tr><td>2022<\/td><td>Developing discarded dressings as a diagnostic tool in Epidermolysis bullosa<\/td><td>Ph.D. Ignacia Fuentes<\/td><td><\/td><td>FONDECYT Regular<\/td><\/tr><tr><td>2018<\/td><td>Investigating the role of skin microbiome, host immunity and infection in epidermolysis bullosa wound healing<\/td><td>Ph.D. Ignacia Fuentes<\/td><td><\/td><td>FONDECYT Regular<\/td><\/tr><tr><td>2014<\/td><td>Determining the genetic basis of Epidermolysis bullosa symptoms through Genotype-Phenotype associations using next generation sequencing<\/td><td>Ph.D. Ignacia Fuentes<\/td><td><\/td><td>FONDECYT Iniciaci\u00f3n<\/td><\/tr><tr><td>2014<\/td><td>Caracterizaci\u00f3n gen\u00e9tica de pacientes chilenos con Epidermolisis Bulosa de la Uni\u00f3n: b\u00fasqueda de mutaciones frecuentes y desarrollo de un test r\u00e1pido de diagn\u00f3stico<\/td><td>Ph.D. Ignacia Fuentes<\/td><td><\/td><td>Fondos Concursables Internos UDD 2014<\/td><\/tr><tr><td>2014<\/td><td>Desarrollo de una novedosa plataforma tecnol\u00f3gica para diagnosticar enfermedades gen\u00e9ticas: uso de Epidermolisis Bulosa como prueba de concepto<\/td><td>Ph.D. Ignacia Fuentes<\/td><td><\/td><td>Fondos Concursables PMI-UDD<\/td><\/tr><tr><td>2014<\/td><td>Implementaci\u00f3n del m\u00e9todo de inmunofluorescencia para EB: Posicionando a Chile como foco regional en diagn\u00f3stico de EB<\/td><td>Ph.D. Ignacia Fuentes<\/td><td><\/td><td>Fondos Concursables PMI-UDD<\/td><\/tr><\/tbody><\/table><\/figure>\n","protected":false},"excerpt":{"rendered":"<p>A\u00f1o Proyecto Investigador principal Investigadores asociados Financiamiento 2022 Developing discarded dressings as a diagnostic tool in Epidermolysis bullosa Ph.D. Ignacia Fuentes FONDECYT Regular 2018 Investigating the role of skin microbiome, host immunity and infection in epidermolysis bullosa wound healing Ph.D. Ignacia Fuentes FONDECYT Regular 2014 Determining the genetic basis of Epidermolysis bullosa symptoms through Genotype-Phenotype [&hellip;]<\/p>\n","protected":false},"author":9192254,"featured_media":0,"parent":0,"menu_order":0,"comment_status":"closed","ping_status":"closed","template":"","meta":{"footnotes":""},"class_list":["post-49","page","type-page","status-publish","hentry"],"yoast_head":"<!-- This site is optimized with the Yoast SEO plugin v26.9 - https:\/\/yoast.com\/product\/yoast-seo-wordpress\/ -->\n<title>Proyectos de Investigaci\u00f3n - Programa de Epiderm\u00f3lisis Bullosa<\/title>\n<meta name=\"robots\" content=\"index, follow, max-snippet:-1, max-image-preview:large, max-video-preview:-1\" \/>\n<link rel=\"canonical\" href=\"https:\/\/medicina.udd.cl\/programa-epidermolisis-bullosa\/proyectos-de-investigacion\/\" \/>\n<meta property=\"og:locale\" content=\"es_ES\" \/>\n<meta property=\"og:type\" content=\"article\" \/>\n<meta property=\"og:title\" content=\"Proyectos de Investigaci\u00f3n - Programa de Epiderm\u00f3lisis Bullosa\" \/>\n<meta property=\"og:description\" content=\"A\u00f1o Proyecto Investigador principal Investigadores asociados Financiamiento 2022 Developing discarded dressings as a diagnostic tool in Epidermolysis bullosa Ph.D. Ignacia Fuentes FONDECYT Regular 2018 Investigating the role of skin microbiome, host immunity and infection in epidermolysis bullosa wound healing Ph.D. Ignacia Fuentes FONDECYT Regular 2014 Determining the genetic basis of Epidermolysis bullosa symptoms through Genotype-Phenotype [&hellip;]\" \/>\n<meta property=\"og:url\" content=\"https:\/\/medicina.udd.cl\/programa-epidermolisis-bullosa\/proyectos-de-investigacion\/\" \/>\n<meta property=\"og:site_name\" content=\"Programa de Epiderm\u00f3lisis Bullosa\" \/>\n<meta property=\"article:modified_time\" content=\"2024-06-12T15:27:39+00:00\" \/>\n<meta name=\"twitter:card\" content=\"summary_large_image\" \/>\n<meta name=\"twitter:label1\" content=\"Tiempo de lectura\" \/>\n\t<meta name=\"twitter:data1\" content=\"1 minuto\" \/>\n<script type=\"application\/ld+json\" class=\"yoast-schema-graph\">{\"@context\":\"https:\/\/schema.org\",\"@graph\":[{\"@type\":\"WebPage\",\"@id\":\"https:\/\/medicina.udd.cl\/programa-epidermolisis-bullosa\/proyectos-de-investigacion\/\",\"url\":\"https:\/\/medicina.udd.cl\/programa-epidermolisis-bullosa\/proyectos-de-investigacion\/\",\"name\":\"Proyectos de Investigaci\u00f3n - Programa de Epiderm\u00f3lisis Bullosa\",\"isPartOf\":{\"@id\":\"https:\/\/medicina.udd.cl\/programa-epidermolisis-bullosa\/#website\"},\"datePublished\":\"2024-06-12T15:27:38+00:00\",\"dateModified\":\"2024-06-12T15:27:39+00:00\",\"breadcrumb\":{\"@id\":\"https:\/\/medicina.udd.cl\/programa-epidermolisis-bullosa\/proyectos-de-investigacion\/#breadcrumb\"},\"inLanguage\":\"es\",\"potentialAction\":[{\"@type\":\"ReadAction\",\"target\":[\"https:\/\/medicina.udd.cl\/programa-epidermolisis-bullosa\/proyectos-de-investigacion\/\"]}]},{\"@type\":\"BreadcrumbList\",\"@id\":\"https:\/\/medicina.udd.cl\/programa-epidermolisis-bullosa\/proyectos-de-investigacion\/#breadcrumb\",\"itemListElement\":[{\"@type\":\"ListItem\",\"position\":1,\"name\":\"Portada\",\"item\":\"https:\/\/medicina.udd.cl\/programa-epidermolisis-bullosa\/\"},{\"@type\":\"ListItem\",\"position\":2,\"name\":\"Proyectos de Investigaci\u00f3n\"}]},{\"@type\":\"WebSite\",\"@id\":\"https:\/\/medicina.udd.cl\/programa-epidermolisis-bullosa\/#website\",\"url\":\"https:\/\/medicina.udd.cl\/programa-epidermolisis-bullosa\/\",\"name\":\"Programa de Epiderm\u00f3lisis Bullosa\",\"description\":\"\",\"inLanguage\":\"es\"}]}<\/script>\n<!-- \/ Yoast SEO plugin. -->","yoast_head_json":{"title":"Proyectos de Investigaci\u00f3n - Programa de Epiderm\u00f3lisis Bullosa","robots":{"index":"index","follow":"follow","max-snippet":"max-snippet:-1","max-image-preview":"max-image-preview:large","max-video-preview":"max-video-preview:-1"},"canonical":"https:\/\/medicina.udd.cl\/programa-epidermolisis-bullosa\/proyectos-de-investigacion\/","og_locale":"es_ES","og_type":"article","og_title":"Proyectos de Investigaci\u00f3n - Programa de Epiderm\u00f3lisis Bullosa","og_description":"A\u00f1o Proyecto Investigador principal Investigadores asociados Financiamiento 2022 Developing discarded dressings as a diagnostic tool in Epidermolysis bullosa Ph.D. Ignacia Fuentes FONDECYT Regular 2018 Investigating the role of skin microbiome, host immunity and infection in epidermolysis bullosa wound healing Ph.D. Ignacia Fuentes FONDECYT Regular 2014 Determining the genetic basis of Epidermolysis bullosa symptoms through Genotype-Phenotype [&hellip;]","og_url":"https:\/\/medicina.udd.cl\/programa-epidermolisis-bullosa\/proyectos-de-investigacion\/","og_site_name":"Programa de Epiderm\u00f3lisis Bullosa","article_modified_time":"2024-06-12T15:27:39+00:00","twitter_card":"summary_large_image","twitter_misc":{"Tiempo de lectura":"1 minuto"},"schema":{"@context":"https:\/\/schema.org","@graph":[{"@type":"WebPage","@id":"https:\/\/medicina.udd.cl\/programa-epidermolisis-bullosa\/proyectos-de-investigacion\/","url":"https:\/\/medicina.udd.cl\/programa-epidermolisis-bullosa\/proyectos-de-investigacion\/","name":"Proyectos de Investigaci\u00f3n - Programa de Epiderm\u00f3lisis Bullosa","isPartOf":{"@id":"https:\/\/medicina.udd.cl\/programa-epidermolisis-bullosa\/#website"},"datePublished":"2024-06-12T15:27:38+00:00","dateModified":"2024-06-12T15:27:39+00:00","breadcrumb":{"@id":"https:\/\/medicina.udd.cl\/programa-epidermolisis-bullosa\/proyectos-de-investigacion\/#breadcrumb"},"inLanguage":"es","potentialAction":[{"@type":"ReadAction","target":["https:\/\/medicina.udd.cl\/programa-epidermolisis-bullosa\/proyectos-de-investigacion\/"]}]},{"@type":"BreadcrumbList","@id":"https:\/\/medicina.udd.cl\/programa-epidermolisis-bullosa\/proyectos-de-investigacion\/#breadcrumb","itemListElement":[{"@type":"ListItem","position":1,"name":"Portada","item":"https:\/\/medicina.udd.cl\/programa-epidermolisis-bullosa\/"},{"@type":"ListItem","position":2,"name":"Proyectos de Investigaci\u00f3n"}]},{"@type":"WebSite","@id":"https:\/\/medicina.udd.cl\/programa-epidermolisis-bullosa\/#website","url":"https:\/\/medicina.udd.cl\/programa-epidermolisis-bullosa\/","name":"Programa de Epiderm\u00f3lisis Bullosa","description":"","inLanguage":"es"}]}},"_links":{"self":[{"href":"https:\/\/medicina.udd.cl\/programa-epidermolisis-bullosa\/wp-json\/wp\/v2\/pages\/49","targetHints":{"allow":["GET"]}}],"collection":[{"href":"https:\/\/medicina.udd.cl\/programa-epidermolisis-bullosa\/wp-json\/wp\/v2\/pages"}],"about":[{"href":"https:\/\/medicina.udd.cl\/programa-epidermolisis-bullosa\/wp-json\/wp\/v2\/types\/page"}],"author":[{"embeddable":true,"href":"https:\/\/medicina.udd.cl\/programa-epidermolisis-bullosa\/wp-json\/wp\/v2\/users\/9192254"}],"replies":[{"embeddable":true,"href":"https:\/\/medicina.udd.cl\/programa-epidermolisis-bullosa\/wp-json\/wp\/v2\/comments?post=49"}],"version-history":[{"count":3,"href":"https:\/\/medicina.udd.cl\/programa-epidermolisis-bullosa\/wp-json\/wp\/v2\/pages\/49\/revisions"}],"predecessor-version":[{"id":61,"href":"https:\/\/medicina.udd.cl\/programa-epidermolisis-bullosa\/wp-json\/wp\/v2\/pages\/49\/revisions\/61"}],"wp:attachment":[{"href":"https:\/\/medicina.udd.cl\/programa-epidermolisis-bullosa\/wp-json\/wp\/v2\/media?parent=49"}],"curies":[{"name":"wp","href":"https:\/\/api.w.org\/{rel}","templated":true}]}}