{"id":183,"date":"2024-12-02T17:25:20","date_gmt":"2024-12-02T20:25:20","guid":{"rendered":"https:\/\/medicina.udd.cl\/quimica-farmacia-santiago\/?post_type=person&#038;p=183"},"modified":"2024-12-02T17:25:20","modified_gmt":"2024-12-02T20:25:20","slug":"baltica-cabieses","status":"publish","type":"person","link":"https:\/\/medicina.udd.cl\/quimica-farmacia-santiago\/persona\/baltica-cabieses\/","title":{"rendered":"B\u00e1ltica Cabieses"},"featured_media":184,"template":"","people_tax":[],"people_areas":[],"people_levels":[],"class_list":["post-183","person","type-person","status-publish","has-post-thumbnail","hentry"],"yoast_head":"<!-- This site is optimized with the Yoast SEO plugin v26.9 - https:\/\/yoast.com\/product\/yoast-seo-wordpress\/ -->\n<title>B\u00e1ltica Cabieses - Qu\u00edmica y Farmacia<\/title>\n<meta name=\"robots\" content=\"index, follow, max-snippet:-1, max-image-preview:large, max-video-preview:-1\" \/>\n<link rel=\"canonical\" href=\"https:\/\/medicina.udd.cl\/quimica-farmacia-santiago\/persona\/baltica-cabieses\/\" \/>\n<meta property=\"og:locale\" content=\"es_ES\" \/>\n<meta property=\"og:type\" content=\"article\" \/>\n<meta property=\"og:title\" content=\"B\u00e1ltica Cabieses - Qu\u00edmica y Farmacia\" \/>\n<meta property=\"og:url\" content=\"https:\/\/medicina.udd.cl\/quimica-farmacia-santiago\/persona\/baltica-cabieses\/\" \/>\n<meta property=\"og:site_name\" content=\"Qu\u00edmica y Farmacia\" \/>\n<meta property=\"og:image\" content=\"http:\/\/medicina.udd.cl\/quimica-farmacia-santiago\/files\/2024\/12\/baltica-cabieses-valdes.jpg\" \/>\n\t<meta property=\"og:image:width\" content=\"766\" \/>\n\t<meta property=\"og:image:height\" content=\"766\" \/>\n\t<meta property=\"og:image:type\" content=\"image\/jpeg\" \/>\n<meta name=\"twitter:card\" content=\"summary_large_image\" \/>\n<meta name=\"twitter:label1\" content=\"Tiempo de lectura\" \/>\n\t<meta name=\"twitter:data1\" content=\"1 minuto\" \/>\n<script type=\"application\/ld+json\" class=\"yoast-schema-graph\">{\"@context\":\"https:\/\/schema.org\",\"@graph\":[{\"@type\":\"WebPage\",\"@id\":\"https:\/\/medicina.udd.cl\/quimica-farmacia-santiago\/persona\/baltica-cabieses\/\",\"url\":\"https:\/\/medicina.udd.cl\/quimica-farmacia-santiago\/persona\/baltica-cabieses\/\",\"name\":\"B\u00e1ltica Cabieses - Qu\u00edmica y Farmacia\",\"isPartOf\":{\"@id\":\"https:\/\/medicina.udd.cl\/quimica-farmacia-santiago\/#website\"},\"primaryImageOfPage\":{\"@id\":\"https:\/\/medicina.udd.cl\/quimica-farmacia-santiago\/persona\/baltica-cabieses\/#primaryimage\"},\"image\":{\"@id\":\"https:\/\/medicina.udd.cl\/quimica-farmacia-santiago\/persona\/baltica-cabieses\/#primaryimage\"},\"thumbnailUrl\":\"https:\/\/medicina.udd.cl\/quimica-farmacia-santiago\/files\/2024\/12\/baltica-cabieses-valdes.jpg\",\"datePublished\":\"2024-12-02T20:25:20+00:00\",\"breadcrumb\":{\"@id\":\"https:\/\/medicina.udd.cl\/quimica-farmacia-santiago\/persona\/baltica-cabieses\/#breadcrumb\"},\"inLanguage\":\"es\",\"potentialAction\":[{\"@type\":\"ReadAction\",\"target\":[\"https:\/\/medicina.udd.cl\/quimica-farmacia-santiago\/persona\/baltica-cabieses\/\"]}]},{\"@type\":\"ImageObject\",\"inLanguage\":\"es\",\"@id\":\"https:\/\/medicina.udd.cl\/quimica-farmacia-santiago\/persona\/baltica-cabieses\/#primaryimage\",\"url\":\"https:\/\/medicina.udd.cl\/quimica-farmacia-santiago\/files\/2024\/12\/baltica-cabieses-valdes.jpg\",\"contentUrl\":\"https:\/\/medicina.udd.cl\/quimica-farmacia-santiago\/files\/2024\/12\/baltica-cabieses-valdes.jpg\",\"width\":766,\"height\":766},{\"@type\":\"BreadcrumbList\",\"@id\":\"https:\/\/medicina.udd.cl\/quimica-farmacia-santiago\/persona\/baltica-cabieses\/#breadcrumb\",\"itemListElement\":[{\"@type\":\"ListItem\",\"position\":1,\"name\":\"Portada\",\"item\":\"https:\/\/medicina.udd.cl\/quimica-farmacia-santiago\/\"},{\"@type\":\"ListItem\",\"position\":2,\"name\":\"Personas\",\"item\":\"https:\/\/medicina.udd.cl\/quimica-farmacia-santiago\/persona\/\"},{\"@type\":\"ListItem\",\"position\":3,\"name\":\"B\u00e1ltica Cabieses\"}]},{\"@type\":\"WebSite\",\"@id\":\"https:\/\/medicina.udd.cl\/quimica-farmacia-santiago\/#website\",\"url\":\"https:\/\/medicina.udd.cl\/quimica-farmacia-santiago\/\",\"name\":\"Qu\u00edmica y Farmacia\",\"description\":\"Facultad de Medicina Cl\u00ednica Alemana Universidad del Desarrollo\",\"inLanguage\":\"es\"}]}<\/script>\n<!-- \/ Yoast SEO plugin. -->","yoast_head_json":{"title":"B\u00e1ltica Cabieses - Qu\u00edmica y Farmacia","robots":{"index":"index","follow":"follow","max-snippet":"max-snippet:-1","max-image-preview":"max-image-preview:large","max-video-preview":"max-video-preview:-1"},"canonical":"https:\/\/medicina.udd.cl\/quimica-farmacia-santiago\/persona\/baltica-cabieses\/","og_locale":"es_ES","og_type":"article","og_title":"B\u00e1ltica Cabieses - Qu\u00edmica y Farmacia","og_url":"https:\/\/medicina.udd.cl\/quimica-farmacia-santiago\/persona\/baltica-cabieses\/","og_site_name":"Qu\u00edmica y Farmacia","og_image":[{"width":766,"height":766,"url":"http:\/\/medicina.udd.cl\/quimica-farmacia-santiago\/files\/2024\/12\/baltica-cabieses-valdes.jpg","type":"image\/jpeg"}],"twitter_card":"summary_large_image","twitter_misc":{"Tiempo de lectura":"1 minuto"},"schema":{"@context":"https:\/\/schema.org","@graph":[{"@type":"WebPage","@id":"https:\/\/medicina.udd.cl\/quimica-farmacia-santiago\/persona\/baltica-cabieses\/","url":"https:\/\/medicina.udd.cl\/quimica-farmacia-santiago\/persona\/baltica-cabieses\/","name":"B\u00e1ltica Cabieses - Qu\u00edmica y Farmacia","isPartOf":{"@id":"https:\/\/medicina.udd.cl\/quimica-farmacia-santiago\/#website"},"primaryImageOfPage":{"@id":"https:\/\/medicina.udd.cl\/quimica-farmacia-santiago\/persona\/baltica-cabieses\/#primaryimage"},"image":{"@id":"https:\/\/medicina.udd.cl\/quimica-farmacia-santiago\/persona\/baltica-cabieses\/#primaryimage"},"thumbnailUrl":"https:\/\/medicina.udd.cl\/quimica-farmacia-santiago\/files\/2024\/12\/baltica-cabieses-valdes.jpg","datePublished":"2024-12-02T20:25:20+00:00","breadcrumb":{"@id":"https:\/\/medicina.udd.cl\/quimica-farmacia-santiago\/persona\/baltica-cabieses\/#breadcrumb"},"inLanguage":"es","potentialAction":[{"@type":"ReadAction","target":["https:\/\/medicina.udd.cl\/quimica-farmacia-santiago\/persona\/baltica-cabieses\/"]}]},{"@type":"ImageObject","inLanguage":"es","@id":"https:\/\/medicina.udd.cl\/quimica-farmacia-santiago\/persona\/baltica-cabieses\/#primaryimage","url":"https:\/\/medicina.udd.cl\/quimica-farmacia-santiago\/files\/2024\/12\/baltica-cabieses-valdes.jpg","contentUrl":"https:\/\/medicina.udd.cl\/quimica-farmacia-santiago\/files\/2024\/12\/baltica-cabieses-valdes.jpg","width":766,"height":766},{"@type":"BreadcrumbList","@id":"https:\/\/medicina.udd.cl\/quimica-farmacia-santiago\/persona\/baltica-cabieses\/#breadcrumb","itemListElement":[{"@type":"ListItem","position":1,"name":"Portada","item":"https:\/\/medicina.udd.cl\/quimica-farmacia-santiago\/"},{"@type":"ListItem","position":2,"name":"Personas","item":"https:\/\/medicina.udd.cl\/quimica-farmacia-santiago\/persona\/"},{"@type":"ListItem","position":3,"name":"B\u00e1ltica Cabieses"}]},{"@type":"WebSite","@id":"https:\/\/medicina.udd.cl\/quimica-farmacia-santiago\/#website","url":"https:\/\/medicina.udd.cl\/quimica-farmacia-santiago\/","name":"Qu\u00edmica y Farmacia","description":"Facultad de Medicina Cl\u00ednica Alemana Universidad del Desarrollo","inLanguage":"es"}]}},"label":"B\u00e1ltica Cabieses","role":"Directora Centro de Salud Global Intercultural","thumbnail_url":"https:\/\/medicina.udd.cl\/quimica-farmacia-santiago\/files\/2024\/12\/baltica-cabieses-valdes-500x500.jpg","email":"","tel_job":"","content":{"rendered":"<div class=\"person-modal person-modal--scl\">\n\t<header class=\"person-modal__header\">\n\t\t<div class=\"person-modal__bg\"><\/div>\n\t\t<div class=\"modal-container\">\n\t\t\t\t\t\t<div class=\"person-modal__media\">\n\t\t\t\t<img width=\"500\" height=\"500\" src=\"https:\/\/medicina.udd.cl\/quimica-farmacia-santiago\/files\/2024\/12\/baltica-cabieses-valdes-62x62.jpg\" class=\"person-modal__image wp-post-image lazyload\" alt=\"\" decoding=\"async\" loading=\"lazy\" sizes=\"auto, (max-width: 500px) 100vw, 500px\" data-src=\"https:\/\/medicina.udd.cl\/quimica-farmacia-santiago\/files\/2024\/12\/baltica-cabieses-valdes-500x500.jpg\" data-srcset=\"https:\/\/medicina.udd.cl\/quimica-farmacia-santiago\/files\/2024\/12\/baltica-cabieses-valdes-500x500.jpg 500w, https:\/\/medicina.udd.cl\/quimica-farmacia-santiago\/files\/2024\/12\/baltica-cabieses-valdes-300x300.jpg 300w, https:\/\/medicina.udd.cl\/quimica-farmacia-santiago\/files\/2024\/12\/baltica-cabieses-valdes-150x150.jpg 150w, https:\/\/medicina.udd.cl\/quimica-farmacia-santiago\/files\/2024\/12\/baltica-cabieses-valdes-62x62.jpg 62w, https:\/\/medicina.udd.cl\/quimica-farmacia-santiago\/files\/2024\/12\/baltica-cabieses-valdes-750x750.jpg 750w, https:\/\/medicina.udd.cl\/quimica-farmacia-santiago\/files\/2024\/12\/baltica-cabieses-valdes-250x250.jpg 250w, https:\/\/medicina.udd.cl\/quimica-farmacia-santiago\/files\/2024\/12\/baltica-cabieses-valdes-126x126.jpg 126w, https:\/\/medicina.udd.cl\/quimica-farmacia-santiago\/files\/2024\/12\/baltica-cabieses-valdes.jpg 766w\" \/>\t\t\t<\/div>\n\t\t\t\t\t\t<div class=\"person-modal__data\">\n\t\t\t\t<h1 class=\"person-modal__name\">B\u00e1ltica Cabieses<\/h1>\n\t\t\t\t\t\t\t<span class=\"person-modal__description\">Directora Centro de Salud Global Intercultural<\/span>\n\t\t\t\t\t\t\t\t\t\t\t\t\t\t\t<\/div>\n\t\t<\/div>\n\t<\/header>\n\t<div class=\"modal-container\">\n\t\t\t<div class=\"person-modal__content text\">\n\t\t\t\t\t\t\t\t\t\t<ul>\n<li class=\"MsoNormal\"><span>PhD Health Sciences. Social Epidemiology\/Inequalities in Health. University of York, Inglaterra.<\/span><\/li>\n<li class=\"MsoNormal\"><span>Mag\u00edster en Epidemiolog\u00eda, P. U. Cat\u00f3lica de Chile.<\/span><\/li>\n<li class=\"MsoNormal\"><span>Enfermera matrona, Licenciada en Enfermer\u00eda, P. U. Cat\u00f3lica de Chile.<\/span><\/li>\n<li class=\"MsoNormal\"><span>Diploma de Educaci\u00f3n en Salud, P. U. Cat\u00f3lica de Chile.<\/span><\/li>\n<\/ul>\n\t\t<\/div>\n\t<\/div>\n<\/div>\n"},"identifier":"8f2c1227954765c1d3c3835c08872d80969439f7","has_credential":[],"given_name":"B\u00e1ltica","family_name":"Cabieses","name":"B\u00e1ltica Cabieses","job_title":"Directora Centro de Salud Global Intercultural","telephone":"","note":"","im":"","_self_schedule":null,"_links":{"self":[{"href":"https:\/\/medicina.udd.cl\/quimica-farmacia-santiago\/wp-json\/wp\/v2\/people\/183","targetHints":{"allow":["GET"]}}],"collection":[{"href":"https:\/\/medicina.udd.cl\/quimica-farmacia-santiago\/wp-json\/wp\/v2\/people"}],"about":[{"href":"https:\/\/medicina.udd.cl\/quimica-farmacia-santiago\/wp-json\/wp\/v2\/types\/person"}],"wp:featuredmedia":[{"embeddable":true,"href":"https:\/\/medicina.udd.cl\/quimica-farmacia-santiago\/wp-json\/wp\/v2\/media\/184"}],"wp:attachment":[{"href":"https:\/\/medicina.udd.cl\/quimica-farmacia-santiago\/wp-json\/wp\/v2\/media?parent=183"}],"wp:term":[{"taxonomy":"people_tax","embeddable":true,"href":"https:\/\/medicina.udd.cl\/quimica-farmacia-santiago\/wp-json\/wp\/v2\/people_tax?post=183"},{"taxonomy":"people_areas","embeddable":true,"href":"https:\/\/medicina.udd.cl\/quimica-farmacia-santiago\/wp-json\/wp\/v2\/people_areas?post=183"},{"taxonomy":"people_levels","embeddable":true,"href":"https:\/\/medicina.udd.cl\/quimica-farmacia-santiago\/wp-json\/wp\/v2\/people_levels?post=183"}],"curies":[{"name":"wp","href":"https:\/\/api.w.org\/{rel}","templated":true}]}}

Báltica Cabieses

<!-- This site is optimized with the Yoast SEO plugin v26.9 - https://yoast.com/product/yoast-seo-wordpress/ -->
<title>Báltica Cabieses - Química y Farmacia</title>
<meta name="robots" content="index, follow, max-snippet:-1, max-image-preview:large, max-video-preview:-1" />
<link rel="canonical" href="https://medicina.udd.cl/quimica-farmacia-santiago/persona/baltica-cabieses/" />
<meta property="og:locale" content="es_ES" />
<meta property="og:type" content="article" />
<meta property="og:title" content="Báltica Cabieses - Química y Farmacia" />
<meta property="og:url" content="https://medicina.udd.cl/quimica-farmacia-santiago/persona/baltica-cabieses/" />
<meta property="og:site_name" content="Química y Farmacia" />
<meta property="og:image" content="http://medicina.udd.cl/quimica-farmacia-santiago/files/2024/12/baltica-cabieses-valdes.jpg" />
	<meta property="og:image:width" content="766" />
	<meta property="og:image:height" content="766" />
	<meta property="og:image:type" content="image/jpeg" />
<meta name="twitter:card" content="summary_large_image" />
<meta name="twitter:label1" content="Tiempo de lectura" />
	<meta name="twitter:data1" content="1 minuto" />
<script type="application/ld+json" class="yoast-schema-graph">{"@context":"https://schema.org","@graph":[{"@type":"WebPage","@id":"https://medicina.udd.cl/quimica-farmacia-santiago/persona/baltica-cabieses/","url":"https://medicina.udd.cl/quimica-farmacia-santiago/persona/baltica-cabieses/","name":"Báltica Cabieses - Química y Farmacia","isPartOf":{"@id":"https://medicina.udd.cl/quimica-farmacia-santiago/#website"},"primaryImageOfPage":{"@id":"https://medicina.udd.cl/quimica-farmacia-santiago/persona/baltica-cabieses/#primaryimage"},"image":{"@id":"https://medicina.udd.cl/quimica-farmacia-santiago/persona/baltica-cabieses/#primaryimage"},"thumbnailUrl":"https://medicina.udd.cl/quimica-farmacia-santiago/files/2024/12/baltica-cabieses-valdes.jpg","datePublished":"2024-12-02T20:25:20+00:00","breadcrumb":{"@id":"https://medicina.udd.cl/quimica-farmacia-santiago/persona/baltica-cabieses/#breadcrumb"},"inLanguage":"es","potentialAction":[{"@type":"ReadAction","target":["https://medicina.udd.cl/quimica-farmacia-santiago/persona/baltica-cabieses/"]}]},{"@type":"ImageObject","inLanguage":"es","@id":"https://medicina.udd.cl/quimica-farmacia-santiago/persona/baltica-cabieses/#primaryimage","url":"https://medicina.udd.cl/quimica-farmacia-santiago/files/2024/12/baltica-cabieses-valdes.jpg","contentUrl":"https://medicina.udd.cl/quimica-farmacia-santiago/files/2024/12/baltica-cabieses-valdes.jpg","width":766,"height":766},{"@type":"BreadcrumbList","@id":"https://medicina.udd.cl/quimica-farmacia-santiago/persona/baltica-cabieses/#breadcrumb","itemListElement":[{"@type":"ListItem","position":1,"name":"Portada","item":"https://medicina.udd.cl/quimica-farmacia-santiago/"},{"@type":"ListItem","position":2,"name":"Personas","item":"https://medicina.udd.cl/quimica-farmacia-santiago/persona/"},{"@type":"ListItem","position":3,"name":"Báltica Cabieses"}]},{"@type":"WebSite","@id":"https://medicina.udd.cl/quimica-farmacia-santiago/#website","url":"https://medicina.udd.cl/quimica-farmacia-santiago/","name":"Química y Farmacia","description":"Facultad de Medicina Clínica Alemana Universidad del Desarrollo","inLanguage":"es"}]}</script>
<!-- / Yoast SEO plugin. -->

Báltica Cabieses - Química y Farmacia

Química y Farmacia

Facultad de Medicina Clínica Alemana Universidad del Desarrollo

<div class="person-modal person-modal--scl">
	<header class="person-modal__header">
		<div class="person-modal__bg"></div>
		<div class="modal-container">
						<div class="person-modal__media">
				<img width="500" height="500" src="https://medicina.udd.cl/quimica-farmacia-santiago/files/2024/12/baltica-cabieses-valdes-62x62.jpg" class="person-modal__image wp-post-image lazyload" alt="" decoding="async" loading="lazy" sizes="auto, (max-width: 500px) 100vw, 500px" data-src="https://medicina.udd.cl/quimica-farmacia-santiago/files/2024/12/baltica-cabieses-valdes-500x500.jpg" data-srcset="https://medicina.udd.cl/quimica-farmacia-santiago/files/2024/12/baltica-cabieses-valdes-500x500.jpg 500w, https://medicina.udd.cl/quimica-farmacia-santiago/files/2024/12/baltica-cabieses-valdes-300x300.jpg 300w, https://medicina.udd.cl/quimica-farmacia-santiago/files/2024/12/baltica-cabieses-valdes-150x150.jpg 150w, https://medicina.udd.cl/quimica-farmacia-santiago/files/2024/12/baltica-cabieses-valdes-62x62.jpg 62w, https://medicina.udd.cl/quimica-farmacia-santiago/files/2024/12/baltica-cabieses-valdes-750x750.jpg 750w, https://medicina.udd.cl/quimica-farmacia-santiago/files/2024/12/baltica-cabieses-valdes-250x250.jpg 250w, https://medicina.udd.cl/quimica-farmacia-santiago/files/2024/12/baltica-cabieses-valdes-126x126.jpg 126w, https://medicina.udd.cl/quimica-farmacia-santiago/files/2024/12/baltica-cabieses-valdes.jpg 766w" />			</div>
						<div class="person-modal__data">
				<h1 class="person-modal__name">Báltica Cabieses</h1>
							<span class="person-modal__description">Directora Centro de Salud Global Intercultural</span>
															</div>
		</div>
	</header>
	<div class="modal-container">
			<div class="person-modal__content text">
										<ul>
<li class="MsoNormal"><span>PhD Health Sciences. Social Epidemiology/Inequalities in Health. University of York, Inglaterra.</span></li>
<li class="MsoNormal"><span>Magíster en Epidemiología, P. U. Católica de Chile.</span></li>
<li class="MsoNormal"><span>Enfermera matrona, Licenciada en Enfermería, P. U. Católica de Chile.</span></li>
<li class="MsoNormal"><span>Diploma de Educación en Salud, P. U. Católica de Chile.</span></li>
</ul>
		</div>
	</div>
</div>

Báltica
