{"id":199,"date":"2024-12-04T13:27:18","date_gmt":"2024-12-04T16:27:18","guid":{"rendered":"https:\/\/medicina.udd.cl\/quimica-farmacia-santiago\/?post_type=person&#038;p=199"},"modified":"2024-12-04T13:27:18","modified_gmt":"2024-12-04T16:27:18","slug":"rodrigo-videla-riquelme","status":"publish","type":"person","link":"https:\/\/medicina.udd.cl\/quimica-farmacia-santiago\/persona\/rodrigo-videla-riquelme\/","title":{"rendered":"Rodrigo Videla Riquelme"},"featured_media":197,"template":"","people_tax":[],"people_areas":[],"people_levels":[],"class_list":["post-199","person","type-person","status-publish","has-post-thumbnail","hentry"],"yoast_head":"<!-- This site is optimized with the Yoast SEO plugin v26.9 - https:\/\/yoast.com\/product\/yoast-seo-wordpress\/ -->\n<title>Rodrigo Videla Riquelme - Qu\u00edmica y Farmacia<\/title>\n<meta name=\"robots\" content=\"index, follow, max-snippet:-1, max-image-preview:large, max-video-preview:-1\" \/>\n<link rel=\"canonical\" href=\"https:\/\/medicina.udd.cl\/quimica-farmacia-santiago\/persona\/rodrigo-videla-riquelme\/\" \/>\n<meta property=\"og:locale\" content=\"es_ES\" \/>\n<meta property=\"og:type\" content=\"article\" \/>\n<meta property=\"og:title\" content=\"Rodrigo Videla Riquelme - Qu\u00edmica y Farmacia\" \/>\n<meta property=\"og:url\" content=\"https:\/\/medicina.udd.cl\/quimica-farmacia-santiago\/persona\/rodrigo-videla-riquelme\/\" \/>\n<meta property=\"og:site_name\" content=\"Qu\u00edmica y Farmacia\" \/>\n<meta property=\"og:image\" content=\"http:\/\/medicina.udd.cl\/quimica-farmacia-santiago\/files\/2024\/12\/rodrigo-videla_byn-2-scaled.jpg\" \/>\n\t<meta property=\"og:image:width\" content=\"2560\" \/>\n\t<meta property=\"og:image:height\" content=\"2560\" \/>\n\t<meta property=\"og:image:type\" content=\"image\/jpeg\" \/>\n<meta name=\"twitter:card\" content=\"summary_large_image\" \/>\n<meta name=\"twitter:label1\" content=\"Tiempo de lectura\" \/>\n\t<meta name=\"twitter:data1\" content=\"1 minuto\" \/>\n<script type=\"application\/ld+json\" class=\"yoast-schema-graph\">{\"@context\":\"https:\/\/schema.org\",\"@graph\":[{\"@type\":\"WebPage\",\"@id\":\"https:\/\/medicina.udd.cl\/quimica-farmacia-santiago\/persona\/rodrigo-videla-riquelme\/\",\"url\":\"https:\/\/medicina.udd.cl\/quimica-farmacia-santiago\/persona\/rodrigo-videla-riquelme\/\",\"name\":\"Rodrigo Videla Riquelme - Qu\u00edmica y Farmacia\",\"isPartOf\":{\"@id\":\"https:\/\/medicina.udd.cl\/quimica-farmacia-santiago\/#website\"},\"primaryImageOfPage\":{\"@id\":\"https:\/\/medicina.udd.cl\/quimica-farmacia-santiago\/persona\/rodrigo-videla-riquelme\/#primaryimage\"},\"image\":{\"@id\":\"https:\/\/medicina.udd.cl\/quimica-farmacia-santiago\/persona\/rodrigo-videla-riquelme\/#primaryimage\"},\"thumbnailUrl\":\"https:\/\/medicina.udd.cl\/quimica-farmacia-santiago\/files\/2024\/12\/rodrigo-videla_byn-2-scaled.jpg\",\"datePublished\":\"2024-12-04T16:27:18+00:00\",\"breadcrumb\":{\"@id\":\"https:\/\/medicina.udd.cl\/quimica-farmacia-santiago\/persona\/rodrigo-videla-riquelme\/#breadcrumb\"},\"inLanguage\":\"es\",\"potentialAction\":[{\"@type\":\"ReadAction\",\"target\":[\"https:\/\/medicina.udd.cl\/quimica-farmacia-santiago\/persona\/rodrigo-videla-riquelme\/\"]}]},{\"@type\":\"ImageObject\",\"inLanguage\":\"es\",\"@id\":\"https:\/\/medicina.udd.cl\/quimica-farmacia-santiago\/persona\/rodrigo-videla-riquelme\/#primaryimage\",\"url\":\"https:\/\/medicina.udd.cl\/quimica-farmacia-santiago\/files\/2024\/12\/rodrigo-videla_byn-2-scaled.jpg\",\"contentUrl\":\"https:\/\/medicina.udd.cl\/quimica-farmacia-santiago\/files\/2024\/12\/rodrigo-videla_byn-2-scaled.jpg\",\"width\":2560,\"height\":2560},{\"@type\":\"BreadcrumbList\",\"@id\":\"https:\/\/medicina.udd.cl\/quimica-farmacia-santiago\/persona\/rodrigo-videla-riquelme\/#breadcrumb\",\"itemListElement\":[{\"@type\":\"ListItem\",\"position\":1,\"name\":\"Portada\",\"item\":\"https:\/\/medicina.udd.cl\/quimica-farmacia-santiago\/\"},{\"@type\":\"ListItem\",\"position\":2,\"name\":\"Personas\",\"item\":\"https:\/\/medicina.udd.cl\/quimica-farmacia-santiago\/persona\/\"},{\"@type\":\"ListItem\",\"position\":3,\"name\":\"Rodrigo Videla Riquelme\"}]},{\"@type\":\"WebSite\",\"@id\":\"https:\/\/medicina.udd.cl\/quimica-farmacia-santiago\/#website\",\"url\":\"https:\/\/medicina.udd.cl\/quimica-farmacia-santiago\/\",\"name\":\"Qu\u00edmica y Farmacia\",\"description\":\"Facultad de Medicina Cl\u00ednica Alemana Universidad del Desarrollo\",\"inLanguage\":\"es\"}]}<\/script>\n<!-- \/ Yoast SEO plugin. -->","yoast_head_json":{"title":"Rodrigo Videla Riquelme - Qu\u00edmica y Farmacia","robots":{"index":"index","follow":"follow","max-snippet":"max-snippet:-1","max-image-preview":"max-image-preview:large","max-video-preview":"max-video-preview:-1"},"canonical":"https:\/\/medicina.udd.cl\/quimica-farmacia-santiago\/persona\/rodrigo-videla-riquelme\/","og_locale":"es_ES","og_type":"article","og_title":"Rodrigo Videla Riquelme - Qu\u00edmica y Farmacia","og_url":"https:\/\/medicina.udd.cl\/quimica-farmacia-santiago\/persona\/rodrigo-videla-riquelme\/","og_site_name":"Qu\u00edmica y Farmacia","og_image":[{"width":2560,"height":2560,"url":"http:\/\/medicina.udd.cl\/quimica-farmacia-santiago\/files\/2024\/12\/rodrigo-videla_byn-2-scaled.jpg","type":"image\/jpeg"}],"twitter_card":"summary_large_image","twitter_misc":{"Tiempo de lectura":"1 minuto"},"schema":{"@context":"https:\/\/schema.org","@graph":[{"@type":"WebPage","@id":"https:\/\/medicina.udd.cl\/quimica-farmacia-santiago\/persona\/rodrigo-videla-riquelme\/","url":"https:\/\/medicina.udd.cl\/quimica-farmacia-santiago\/persona\/rodrigo-videla-riquelme\/","name":"Rodrigo Videla Riquelme - Qu\u00edmica y Farmacia","isPartOf":{"@id":"https:\/\/medicina.udd.cl\/quimica-farmacia-santiago\/#website"},"primaryImageOfPage":{"@id":"https:\/\/medicina.udd.cl\/quimica-farmacia-santiago\/persona\/rodrigo-videla-riquelme\/#primaryimage"},"image":{"@id":"https:\/\/medicina.udd.cl\/quimica-farmacia-santiago\/persona\/rodrigo-videla-riquelme\/#primaryimage"},"thumbnailUrl":"https:\/\/medicina.udd.cl\/quimica-farmacia-santiago\/files\/2024\/12\/rodrigo-videla_byn-2-scaled.jpg","datePublished":"2024-12-04T16:27:18+00:00","breadcrumb":{"@id":"https:\/\/medicina.udd.cl\/quimica-farmacia-santiago\/persona\/rodrigo-videla-riquelme\/#breadcrumb"},"inLanguage":"es","potentialAction":[{"@type":"ReadAction","target":["https:\/\/medicina.udd.cl\/quimica-farmacia-santiago\/persona\/rodrigo-videla-riquelme\/"]}]},{"@type":"ImageObject","inLanguage":"es","@id":"https:\/\/medicina.udd.cl\/quimica-farmacia-santiago\/persona\/rodrigo-videla-riquelme\/#primaryimage","url":"https:\/\/medicina.udd.cl\/quimica-farmacia-santiago\/files\/2024\/12\/rodrigo-videla_byn-2-scaled.jpg","contentUrl":"https:\/\/medicina.udd.cl\/quimica-farmacia-santiago\/files\/2024\/12\/rodrigo-videla_byn-2-scaled.jpg","width":2560,"height":2560},{"@type":"BreadcrumbList","@id":"https:\/\/medicina.udd.cl\/quimica-farmacia-santiago\/persona\/rodrigo-videla-riquelme\/#breadcrumb","itemListElement":[{"@type":"ListItem","position":1,"name":"Portada","item":"https:\/\/medicina.udd.cl\/quimica-farmacia-santiago\/"},{"@type":"ListItem","position":2,"name":"Personas","item":"https:\/\/medicina.udd.cl\/quimica-farmacia-santiago\/persona\/"},{"@type":"ListItem","position":3,"name":"Rodrigo Videla Riquelme"}]},{"@type":"WebSite","@id":"https:\/\/medicina.udd.cl\/quimica-farmacia-santiago\/#website","url":"https:\/\/medicina.udd.cl\/quimica-farmacia-santiago\/","name":"Qu\u00edmica y Farmacia","description":"Facultad de Medicina Cl\u00ednica Alemana Universidad del Desarrollo","inLanguage":"es"}]}},"label":"Rodrigo Videla Riquelme","role":"Coordinador de Admisi\u00f3n","thumbnail_url":"https:\/\/medicina.udd.cl\/quimica-farmacia-santiago\/files\/2024\/12\/rodrigo-videla_byn-2-scaled.jpg","email":"rvidela@udd.cl","tel_job":"","content":{"rendered":"<div class=\"person-modal person-modal--scl\">\n\t<header class=\"person-modal__header\">\n\t\t<div class=\"person-modal__bg\"><\/div>\n\t\t<div class=\"modal-container\">\n\t\t\t\t\t\t<div class=\"person-modal__media\">\n\t\t\t\t<img width=\"500\" height=\"500\" src=\"https:\/\/medicina.udd.cl\/quimica-farmacia-santiago\/files\/2024\/12\/rodrigo-videla_byn-2-62x62.jpg\" class=\"person-modal__image wp-post-image lazyload\" alt=\"\" decoding=\"async\" loading=\"lazy\" sizes=\"auto, (max-width: 500px) 100vw, 500px\" data-src=\"https:\/\/medicina.udd.cl\/quimica-farmacia-santiago\/files\/2024\/12\/rodrigo-videla_byn-2-scaled.jpg\" data-srcset=\"https:\/\/medicina.udd.cl\/quimica-farmacia-santiago\/files\/2024\/12\/rodrigo-videla_byn-2-scaled.jpg 2560w, https:\/\/medicina.udd.cl\/quimica-farmacia-santiago\/files\/2024\/12\/rodrigo-videla_byn-2-300x300.jpg 300w, https:\/\/medicina.udd.cl\/quimica-farmacia-santiago\/files\/2024\/12\/rodrigo-videla_byn-2-1024x1024.jpg 1024w, https:\/\/medicina.udd.cl\/quimica-farmacia-santiago\/files\/2024\/12\/rodrigo-videla_byn-2-150x150.jpg 150w, https:\/\/medicina.udd.cl\/quimica-farmacia-santiago\/files\/2024\/12\/rodrigo-videla_byn-2-768x768.jpg 768w, https:\/\/medicina.udd.cl\/quimica-farmacia-santiago\/files\/2024\/12\/rodrigo-videla_byn-2-62x62.jpg 62w, https:\/\/medicina.udd.cl\/quimica-farmacia-santiago\/files\/2024\/12\/rodrigo-videla_byn-2-1536x1536.jpg 1536w\" \/>\t\t\t<\/div>\n\t\t\t\t\t\t<div class=\"person-modal__data\">\n\t\t\t\t<h1 class=\"person-modal__name\">Rodrigo Videla Riquelme<\/h1>\n\t\t\t\t\t\t\t<span class=\"person-modal__description\">Coordinador de Admisi\u00f3n<\/span>\n\t\t\t\t\t\t\t\t\t\t\t\t\t<a href=\"mailto:rv&#105;&#100;e&#108;a&#064;&#117;dd&#046;cl\" class=\"person-modal__email\">&#114;vid&#101;&#108;a&#64;&#117;&#100;d&#46;cl<\/a>\n\t\t\t\t\t\t\t\t\t<\/div>\n\t\t<\/div>\n\t<\/header>\n\t<div class=\"modal-container\">\n\t\t\t<div class=\"person-modal__content text\">\n\t\t\t\t\t\t\t\t\t\t<ul>\n<li class=\"MsoNormal\"><span>Periodista, Pontificia Universidad Cat\u00f3lica de Valpara\u00edso.<\/span><\/li>\n<li class=\"MsoNormal\"><span>Post\u00edtulo en Gerencia de Marketing, Pontificia Universidad Cat\u00f3lica de Valpara\u00edso.<\/span><\/li>\n<\/ul>\n\t\t<\/div>\n\t<\/div>\n<\/div>\n"},"identifier":"dbddac95d20dcb0a71454e65c33f31b2ee7d6721","has_credential":[],"given_name":"Rodrigo","family_name":"Videla Riquelme","name":"Rodrigo Videla Riquelme","job_title":"Coordinador de Admisi\u00f3n","telephone":"","note":"","im":"","_self_schedule":null,"_links":{"self":[{"href":"https:\/\/medicina.udd.cl\/quimica-farmacia-santiago\/wp-json\/wp\/v2\/people\/199","targetHints":{"allow":["GET"]}}],"collection":[{"href":"https:\/\/medicina.udd.cl\/quimica-farmacia-santiago\/wp-json\/wp\/v2\/people"}],"about":[{"href":"https:\/\/medicina.udd.cl\/quimica-farmacia-santiago\/wp-json\/wp\/v2\/types\/person"}],"wp:featuredmedia":[{"embeddable":true,"href":"https:\/\/medicina.udd.cl\/quimica-farmacia-santiago\/wp-json\/wp\/v2\/media\/197"}],"wp:attachment":[{"href":"https:\/\/medicina.udd.cl\/quimica-farmacia-santiago\/wp-json\/wp\/v2\/media?parent=199"}],"wp:term":[{"taxonomy":"people_tax","embeddable":true,"href":"https:\/\/medicina.udd.cl\/quimica-farmacia-santiago\/wp-json\/wp\/v2\/people_tax?post=199"},{"taxonomy":"people_areas","embeddable":true,"href":"https:\/\/medicina.udd.cl\/quimica-farmacia-santiago\/wp-json\/wp\/v2\/people_areas?post=199"},{"taxonomy":"people_levels","embeddable":true,"href":"https:\/\/medicina.udd.cl\/quimica-farmacia-santiago\/wp-json\/wp\/v2\/people_levels?post=199"}],"curies":[{"name":"wp","href":"https:\/\/api.w.org\/{rel}","templated":true}]}}

<!-- This site is optimized with the Yoast SEO plugin v26.9 - https://yoast.com/product/yoast-seo-wordpress/ -->
<title>Rodrigo Videla Riquelme - Química y Farmacia</title>
<meta name="robots" content="index, follow, max-snippet:-1, max-image-preview:large, max-video-preview:-1" />
<link rel="canonical" href="https://medicina.udd.cl/quimica-farmacia-santiago/persona/rodrigo-videla-riquelme/" />
<meta property="og:locale" content="es_ES" />
<meta property="og:type" content="article" />
<meta property="og:title" content="Rodrigo Videla Riquelme - Química y Farmacia" />
<meta property="og:url" content="https://medicina.udd.cl/quimica-farmacia-santiago/persona/rodrigo-videla-riquelme/" />
<meta property="og:site_name" content="Química y Farmacia" />
<meta property="og:image" content="http://medicina.udd.cl/quimica-farmacia-santiago/files/2024/12/rodrigo-videla_byn-2-scaled.jpg" />
	<meta property="og:image:width" content="2560" />
	<meta property="og:image:height" content="2560" />
	<meta property="og:image:type" content="image/jpeg" />
<meta name="twitter:card" content="summary_large_image" />
<meta name="twitter:label1" content="Tiempo de lectura" />
	<meta name="twitter:data1" content="1 minuto" />
<script type="application/ld+json" class="yoast-schema-graph">{"@context":"https://schema.org","@graph":[{"@type":"WebPage","@id":"https://medicina.udd.cl/quimica-farmacia-santiago/persona/rodrigo-videla-riquelme/","url":"https://medicina.udd.cl/quimica-farmacia-santiago/persona/rodrigo-videla-riquelme/","name":"Rodrigo Videla Riquelme - Química y Farmacia","isPartOf":{"@id":"https://medicina.udd.cl/quimica-farmacia-santiago/#website"},"primaryImageOfPage":{"@id":"https://medicina.udd.cl/quimica-farmacia-santiago/persona/rodrigo-videla-riquelme/#primaryimage"},"image":{"@id":"https://medicina.udd.cl/quimica-farmacia-santiago/persona/rodrigo-videla-riquelme/#primaryimage"},"thumbnailUrl":"https://medicina.udd.cl/quimica-farmacia-santiago/files/2024/12/rodrigo-videla_byn-2-scaled.jpg","datePublished":"2024-12-04T16:27:18+00:00","breadcrumb":{"@id":"https://medicina.udd.cl/quimica-farmacia-santiago/persona/rodrigo-videla-riquelme/#breadcrumb"},"inLanguage":"es","potentialAction":[{"@type":"ReadAction","target":["https://medicina.udd.cl/quimica-farmacia-santiago/persona/rodrigo-videla-riquelme/"]}]},{"@type":"ImageObject","inLanguage":"es","@id":"https://medicina.udd.cl/quimica-farmacia-santiago/persona/rodrigo-videla-riquelme/#primaryimage","url":"https://medicina.udd.cl/quimica-farmacia-santiago/files/2024/12/rodrigo-videla_byn-2-scaled.jpg","contentUrl":"https://medicina.udd.cl/quimica-farmacia-santiago/files/2024/12/rodrigo-videla_byn-2-scaled.jpg","width":2560,"height":2560},{"@type":"BreadcrumbList","@id":"https://medicina.udd.cl/quimica-farmacia-santiago/persona/rodrigo-videla-riquelme/#breadcrumb","itemListElement":[{"@type":"ListItem","position":1,"name":"Portada","item":"https://medicina.udd.cl/quimica-farmacia-santiago/"},{"@type":"ListItem","position":2,"name":"Personas","item":"https://medicina.udd.cl/quimica-farmacia-santiago/persona/"},{"@type":"ListItem","position":3,"name":"Rodrigo Videla Riquelme"}]},{"@type":"WebSite","@id":"https://medicina.udd.cl/quimica-farmacia-santiago/#website","url":"https://medicina.udd.cl/quimica-farmacia-santiago/","name":"Química y Farmacia","description":"Facultad de Medicina Clínica Alemana Universidad del Desarrollo","inLanguage":"es"}]}</script>
<!-- / Yoast SEO plugin. -->

Rodrigo Videla Riquelme - Química y Farmacia

Química y Farmacia

Facultad de Medicina Clínica Alemana Universidad del Desarrollo

Coordinador de Admisión

<div class="person-modal person-modal--scl">
	<header class="person-modal__header">
		<div class="person-modal__bg"></div>
		<div class="modal-container">
						<div class="person-modal__media">
				<img width="500" height="500" src="https://medicina.udd.cl/quimica-farmacia-santiago/files/2024/12/rodrigo-videla_byn-2-62x62.jpg" class="person-modal__image wp-post-image lazyload" alt="" decoding="async" loading="lazy" sizes="auto, (max-width: 500px) 100vw, 500px" data-src="https://medicina.udd.cl/quimica-farmacia-santiago/files/2024/12/rodrigo-videla_byn-2-scaled.jpg" data-srcset="https://medicina.udd.cl/quimica-farmacia-santiago/files/2024/12/rodrigo-videla_byn-2-scaled.jpg 2560w, https://medicina.udd.cl/quimica-farmacia-santiago/files/2024/12/rodrigo-videla_byn-2-300x300.jpg 300w, https://medicina.udd.cl/quimica-farmacia-santiago/files/2024/12/rodrigo-videla_byn-2-1024x1024.jpg 1024w, https://medicina.udd.cl/quimica-farmacia-santiago/files/2024/12/rodrigo-videla_byn-2-150x150.jpg 150w, https://medicina.udd.cl/quimica-farmacia-santiago/files/2024/12/rodrigo-videla_byn-2-768x768.jpg 768w, https://medicina.udd.cl/quimica-farmacia-santiago/files/2024/12/rodrigo-videla_byn-2-62x62.jpg 62w, https://medicina.udd.cl/quimica-farmacia-santiago/files/2024/12/rodrigo-videla_byn-2-1536x1536.jpg 1536w" />			</div>
						<div class="person-modal__data">
				<h1 class="person-modal__name">Rodrigo Videla Riquelme</h1>
							<span class="person-modal__description">Coordinador de Admisión</span>
													<a href="mailto:rv&#105;&#100;e&#108;a&#064;&#117;dd&#046;cl" class="person-modal__email">&#114;vid&#101;&#108;a&#64;&#117;&#100;d&#46;cl</a>
									</div>
		</div>
	</header>
	<div class="modal-container">
			<div class="person-modal__content text">
										<ul>
<li class="MsoNormal"><span>Periodista, Pontificia Universidad Católica de Valparaíso.</span></li>
<li class="MsoNormal"><span>Postítulo en Gerencia de Marketing, Pontificia Universidad Católica de Valparaíso.</span></li>
</ul>
		</div>
	</div>
</div>
