{"id":5936,"date":"2019-11-08T11:00:04","date_gmt":"2019-11-08T14:00:04","guid":{"rendered":"http:\/\/medicina.udd.cl\/tecnologia-medica-santiago\/files\/2019\/11\/IMG_6843-1-1.jpg"},"modified":"2019-11-08T11:00:04","modified_gmt":"2019-11-08T14:00:04","slug":"img_6843-1-2","status":"inherit","type":"attachment","link":"https:\/\/medicina.udd.cl\/tecnologia-medica-santiago\/noticias\/2019\/11\/08\/centro-de-alumnos-de-tecnologia-medica-organizada-jornada-de-imagenologia\/img_6843-1-2\/","title":{"rendered":"IMG_6843 (1)"},"author":9192194,"featured_media":0,"comment_status":"open","ping_status":"closed","template":"","meta":[],"class_list":["post-5936","attachment","type-attachment","status-inherit","hentry"],"yoast_head":"<!-- This site is optimized with the Yoast SEO plugin v26.9 - https:\/\/yoast.com\/product\/yoast-seo-wordpress\/ -->\n<title>IMG_6843 (1) - Tecnolog\u00eda M\u00e9dica<\/title>\n<meta name=\"robots\" content=\"index, follow, max-snippet:-1, max-image-preview:large, max-video-preview:-1\" \/>\n<link rel=\"canonical\" href=\"https:\/\/medicina.udd.cl\/tecnologia-medica-santiago\/files\/2019\/11\/IMG_6843-1-1.jpg\" \/>\n<meta property=\"og:locale\" content=\"es_ES\" \/>\n<meta property=\"og:type\" content=\"article\" \/>\n<meta property=\"og:title\" content=\"IMG_6843 (1) - Tecnolog\u00eda M\u00e9dica\" \/>\n<meta property=\"og:url\" content=\"https:\/\/medicina.udd.cl\/tecnologia-medica-santiago\/files\/2019\/11\/IMG_6843-1-1.jpg\" \/>\n<meta property=\"og:site_name\" content=\"Tecnolog\u00eda M\u00e9dica\" \/>\n<meta property=\"og:image\" content=\"https:\/\/medicina.udd.cl\/tecnologia-medica-santiago\/files\/2019\/11\/IMG_6843-1-1.jpg\" \/>\n\t<meta property=\"og:image:width\" content=\"2016\" \/>\n\t<meta property=\"og:image:height\" content=\"1512\" \/>\n\t<meta property=\"og:image:type\" content=\"image\/jpeg\" \/>\n<script type=\"application\/ld+json\" class=\"yoast-schema-graph\">{\"@context\":\"https:\/\/schema.org\",\"@graph\":[{\"@type\":\"WebPage\",\"@id\":\"https:\/\/medicina.udd.cl\/tecnologia-medica-santiago\/files\/2019\/11\/IMG_6843-1-1.jpg\",\"url\":\"https:\/\/medicina.udd.cl\/tecnologia-medica-santiago\/files\/2019\/11\/IMG_6843-1-1.jpg\",\"name\":\"IMG_6843 (1) - Tecnolog\u00eda M\u00e9dica\",\"isPartOf\":{\"@id\":\"https:\/\/medicina.udd.cl\/tecnologia-medica-santiago\/#website\"},\"datePublished\":\"2019-11-08T14:00:04+00:00\",\"breadcrumb\":{\"@id\":\"https:\/\/medicina.udd.cl\/tecnologia-medica-santiago\/files\/2019\/11\/IMG_6843-1-1.jpg#breadcrumb\"},\"inLanguage\":\"es\",\"potentialAction\":[{\"@type\":\"ReadAction\",\"target\":[\"https:\/\/medicina.udd.cl\/tecnologia-medica-santiago\/files\/2019\/11\/IMG_6843-1-1.jpg\"]}]},{\"@type\":\"BreadcrumbList\",\"@id\":\"https:\/\/medicina.udd.cl\/tecnologia-medica-santiago\/files\/2019\/11\/IMG_6843-1-1.jpg#breadcrumb\",\"itemListElement\":[{\"@type\":\"ListItem\",\"position\":1,\"name\":\"Home\",\"item\":\"https:\/\/medicina.udd.cl\/tecnologia-medica-santiago\/\"},{\"@type\":\"ListItem\",\"position\":2,\"name\":\"Centro de alumnos de Tecnolog\u00eda M\u00e9dica organizada Jornada de Imagenolog\u00eda\",\"item\":\"https:\/\/medicina.udd.cl\/tecnologia-medica-santiago\/noticias\/2019\/11\/08\/centro-de-alumnos-de-tecnologia-medica-organizada-jornada-de-imagenologia\/\"},{\"@type\":\"ListItem\",\"position\":3,\"name\":\"IMG_6843 (1)\"}]},{\"@type\":\"WebSite\",\"@id\":\"https:\/\/medicina.udd.cl\/tecnologia-medica-santiago\/#website\",\"url\":\"https:\/\/medicina.udd.cl\/tecnologia-medica-santiago\/\",\"name\":\"Tecnolog\u00eda M\u00e9dica\",\"description\":\"Facultad de Medicina Cl\u00ednica Alemana Universidad del Desarrollo\",\"inLanguage\":\"es\"}]}<\/script>\n<!-- \/ Yoast SEO plugin. -->","yoast_head_json":{"title":"IMG_6843 (1) - Tecnolog\u00eda M\u00e9dica","robots":{"index":"index","follow":"follow","max-snippet":"max-snippet:-1","max-image-preview":"max-image-preview:large","max-video-preview":"max-video-preview:-1"},"canonical":"https:\/\/medicina.udd.cl\/tecnologia-medica-santiago\/files\/2019\/11\/IMG_6843-1-1.jpg","og_locale":"es_ES","og_type":"article","og_title":"IMG_6843 (1) - Tecnolog\u00eda M\u00e9dica","og_url":"https:\/\/medicina.udd.cl\/tecnologia-medica-santiago\/files\/2019\/11\/IMG_6843-1-1.jpg","og_site_name":"Tecnolog\u00eda M\u00e9dica","og_image":[{"width":2016,"height":1512,"url":"https:\/\/medicina.udd.cl\/tecnologia-medica-santiago\/files\/2019\/11\/IMG_6843-1-1.jpg","type":"image\/jpeg"}],"schema":{"@context":"https:\/\/schema.org","@graph":[{"@type":"WebPage","@id":"https:\/\/medicina.udd.cl\/tecnologia-medica-santiago\/files\/2019\/11\/IMG_6843-1-1.jpg","url":"https:\/\/medicina.udd.cl\/tecnologia-medica-santiago\/files\/2019\/11\/IMG_6843-1-1.jpg","name":"IMG_6843 (1) - Tecnolog\u00eda M\u00e9dica","isPartOf":{"@id":"https:\/\/medicina.udd.cl\/tecnologia-medica-santiago\/#website"},"datePublished":"2019-11-08T14:00:04+00:00","breadcrumb":{"@id":"https:\/\/medicina.udd.cl\/tecnologia-medica-santiago\/files\/2019\/11\/IMG_6843-1-1.jpg#breadcrumb"},"inLanguage":"es","potentialAction":[{"@type":"ReadAction","target":["https:\/\/medicina.udd.cl\/tecnologia-medica-santiago\/files\/2019\/11\/IMG_6843-1-1.jpg"]}]},{"@type":"BreadcrumbList","@id":"https:\/\/medicina.udd.cl\/tecnologia-medica-santiago\/files\/2019\/11\/IMG_6843-1-1.jpg#breadcrumb","itemListElement":[{"@type":"ListItem","position":1,"name":"Home","item":"https:\/\/medicina.udd.cl\/tecnologia-medica-santiago\/"},{"@type":"ListItem","position":2,"name":"Centro de alumnos de Tecnolog\u00eda M\u00e9dica organizada Jornada de Imagenolog\u00eda","item":"https:\/\/medicina.udd.cl\/tecnologia-medica-santiago\/noticias\/2019\/11\/08\/centro-de-alumnos-de-tecnologia-medica-organizada-jornada-de-imagenologia\/"},{"@type":"ListItem","position":3,"name":"IMG_6843 (1)"}]},{"@type":"WebSite","@id":"https:\/\/medicina.udd.cl\/tecnologia-medica-santiago\/#website","url":"https:\/\/medicina.udd.cl\/tecnologia-medica-santiago\/","name":"Tecnolog\u00eda M\u00e9dica","description":"Facultad de Medicina Cl\u00ednica Alemana Universidad del Desarrollo","inLanguage":"es"}]}},"description":{"rendered":"<p class=\"attachment\"><a href='https:\/\/medicina.udd.cl\/tecnologia-medica-santiago\/files\/2019\/11\/IMG_6843-1-1.jpg'><img loading=\"lazy\" decoding=\"async\" width=\"300\" height=\"225\" src=\"https:\/\/medicina.udd.cl\/tecnologia-medica-santiago\/files\/2019\/11\/IMG_6843-1-1-300x225.jpg\" class=\"attachment-medium size-medium\" alt=\"\" srcset=\"https:\/\/medicina.udd.cl\/tecnologia-medica-santiago\/files\/2019\/11\/IMG_6843-1-1-300x225.jpg 300w, https:\/\/medicina.udd.cl\/tecnologia-medica-santiago\/files\/2019\/11\/IMG_6843-1-1-768x576.jpg 768w, https:\/\/medicina.udd.cl\/tecnologia-medica-santiago\/files\/2019\/11\/IMG_6843-1-1-1024x768.jpg 1024w, https:\/\/medicina.udd.cl\/tecnologia-medica-santiago\/files\/2019\/11\/IMG_6843-1-1.jpg 2016w\" sizes=\"auto, (max-width: 300px) 100vw, 300px\" \/><\/a><\/p>\n"},"caption":{"rendered":""},"alt_text":"","media_type":"image","mime_type":"image\/jpeg","media_details":{"width":2016,"height":1512,"file":"2019\/11\/IMG_6843-1-1.jpg","sizes":{"thumbnail":{"file":"IMG_6843-1-1-150x150.jpg","width":150,"height":150,"mime_type":"image\/jpeg","source_url":"https:\/\/medicina.udd.cl\/tecnologia-medica-santiago\/files\/2019\/11\/IMG_6843-1-1-150x150.jpg"},"medium":{"file":"IMG_6843-1-1-300x225.jpg","width":300,"height":225,"mime_type":"image\/jpeg","source_url":"https:\/\/medicina.udd.cl\/tecnologia-medica-santiago\/files\/2019\/11\/IMG_6843-1-1-300x225.jpg"},"medium_large":{"file":"IMG_6843-1-1-768x576.jpg","width":768,"height":576,"mime_type":"image\/jpeg","source_url":"https:\/\/medicina.udd.cl\/tecnologia-medica-santiago\/files\/2019\/11\/IMG_6843-1-1-768x576.jpg"},"large":{"file":"IMG_6843-1-1-1024x768.jpg","width":1024,"height":768,"mime_type":"image\/jpeg","source_url":"https:\/\/medicina.udd.cl\/tecnologia-medica-santiago\/files\/2019\/11\/IMG_6843-1-1-1024x768.jpg"},"newsletter_featured":{"file":"IMG_6843-1-1-316x224.jpg","width":316,"height":224,"mime_type":"image\/jpeg","source_url":"https:\/\/medicina.udd.cl\/tecnologia-medica-santiago\/files\/2019\/11\/IMG_6843-1-1-316x224.jpg"},"newsletter_first":{"file":"IMG_6843-1-1-286x205.jpg","width":286,"height":205,"mime_type":"image\/jpeg","source_url":"https:\/\/medicina.udd.cl\/tecnologia-medica-santiago\/files\/2019\/11\/IMG_6843-1-1-286x205.jpg"},"newsletter_thumb":{"file":"IMG_6843-1-1-288x150.jpg","width":288,"height":150,"mime_type":"image\/jpeg","source_url":"https:\/\/medicina.udd.cl\/tecnologia-medica-santiago\/files\/2019\/11\/IMG_6843-1-1-288x150.jpg"},"newsletter_column":{"file":"IMG_6843-1-1-182x140.jpg","width":182,"height":140,"mime_type":"image\/jpeg","source_url":"https:\/\/medicina.udd.cl\/tecnologia-medica-santiago\/files\/2019\/11\/IMG_6843-1-1-182x140.jpg"},"newsletter_square":{"file":"IMG_6843-1-1-62x62.jpg","width":62,"height":62,"mime_type":"image\/jpeg","source_url":"https:\/\/medicina.udd.cl\/tecnologia-medica-santiago\/files\/2019\/11\/IMG_6843-1-1-62x62.jpg"},"newsletter_square_large":{"file":"IMG_6843-1-1-87x62.jpg","width":87,"height":62,"mime_type":"image\/jpeg","source_url":"https:\/\/medicina.udd.cl\/tecnologia-medica-santiago\/files\/2019\/11\/IMG_6843-1-1-87x62.jpg"},"landscape_1920":{"file":"IMG_6843-1-1-1920x1080.jpg","width":1920,"height":1080,"mime_type":"image\/jpeg","source_url":"https:\/\/medicina.udd.cl\/tecnologia-medica-santiago\/files\/2019\/11\/IMG_6843-1-1-1920x1080.jpg"},"landscape_1366":{"file":"IMG_6843-1-1-1366x768.jpg","width":1366,"height":768,"mime_type":"image\/jpeg","source_url":"https:\/\/medicina.udd.cl\/tecnologia-medica-santiago\/files\/2019\/11\/IMG_6843-1-1-1366x768.jpg"},"landscape_952":{"file":"IMG_6843-1-1-952x534.jpg","width":952,"height":534,"mime_type":"image\/jpeg","source_url":"https:\/\/medicina.udd.cl\/tecnologia-medica-santiago\/files\/2019\/11\/IMG_6843-1-1-952x534.jpg"},"landscape_680":{"file":"IMG_6843-1-1-680x382.jpg","width":680,"height":382,"mime_type":"image\/jpeg","source_url":"https:\/\/medicina.udd.cl\/tecnologia-medica-santiago\/files\/2019\/11\/IMG_6843-1-1-680x382.jpg"},"square_750":{"file":"IMG_6843-1-1-750x750.jpg","width":750,"height":750,"mime_type":"image\/jpeg","source_url":"https:\/\/medicina.udd.cl\/tecnologia-medica-santiago\/files\/2019\/11\/IMG_6843-1-1-750x750.jpg"},"square_500":{"file":"IMG_6843-1-1-500x500.jpg","width":500,"height":500,"mime_type":"image\/jpeg","source_url":"https:\/\/medicina.udd.cl\/tecnologia-medica-santiago\/files\/2019\/11\/IMG_6843-1-1-500x500.jpg"},"square_200":{"file":"IMG_6843-1-1-250x250.jpg","width":250,"height":250,"mime_type":"image\/jpeg","source_url":"https:\/\/medicina.udd.cl\/tecnologia-medica-santiago\/files\/2019\/11\/IMG_6843-1-1-250x250.jpg"},"post-thumbnail":{"file":"IMG_6843-1-1-952x534.jpg","width":952,"height":534,"mime_type":"image\/jpeg","source_url":"https:\/\/medicina.udd.cl\/tecnologia-medica-santiago\/files\/2019\/11\/IMG_6843-1-1-952x534.jpg"},"custom_content":{"file":"IMG_6843-1-1-126x126.jpg","width":126,"height":126,"mime_type":"image\/jpeg","source_url":"https:\/\/medicina.udd.cl\/tecnologia-medica-santiago\/files\/2019\/11\/IMG_6843-1-1-126x126.jpg"},"full":{"file":"IMG_6843-1-1.jpg","width":2016,"height":1512,"mime_type":"image\/jpeg","source_url":"https:\/\/medicina.udd.cl\/tecnologia-medica-santiago\/files\/2019\/11\/IMG_6843-1-1.jpg"}},"image_meta":{"aperture":"2.2","credit":"","camera":"iPhone SE","caption":"","created_timestamp":"1570279418","copyright":"","focal_length":"4.15","iso":"400","shutter_speed":"0.058823529411765","title":"","orientation":"1","keywords":[]}},"post":5925,"source_url":"https:\/\/medicina.udd.cl\/tecnologia-medica-santiago\/files\/2019\/11\/IMG_6843-1-1.jpg","_links":{"self":[{"href":"https:\/\/medicina.udd.cl\/tecnologia-medica-santiago\/wp-json\/wp\/v2\/media\/5936","targetHints":{"allow":["GET"]}}],"collection":[{"href":"https:\/\/medicina.udd.cl\/tecnologia-medica-santiago\/wp-json\/wp\/v2\/media"}],"about":[{"href":"https:\/\/medicina.udd.cl\/tecnologia-medica-santiago\/wp-json\/wp\/v2\/types\/attachment"}],"author":[{"embeddable":true,"href":"https:\/\/medicina.udd.cl\/tecnologia-medica-santiago\/wp-json\/wp\/v2\/users\/9192194"}],"replies":[{"embeddable":true,"href":"https:\/\/medicina.udd.cl\/tecnologia-medica-santiago\/wp-json\/wp\/v2\/comments?post=5936"}],"wp:attached-to":[{"embeddable":true,"post_type":"post","id":5925,"href":"https:\/\/medicina.udd.cl\/tecnologia-medica-santiago\/wp-json\/wp\/v2\/posts\/5925"}],"curies":[{"name":"wp","href":"https:\/\/api.w.org\/{rel}","templated":true}]}}

<!-- This site is optimized with the Yoast SEO plugin v26.9 - https://yoast.com/product/yoast-seo-wordpress/ -->
<title>IMG_6843 (1) - Tecnología Médica</title>
<meta name="robots" content="index, follow, max-snippet:-1, max-image-preview:large, max-video-preview:-1" />
<link rel="canonical" href="https://medicina.udd.cl/tecnologia-medica-santiago/files/2019/11/IMG_6843-1-1.jpg" />
<meta property="og:locale" content="es_ES" />
<meta property="og:type" content="article" />
<meta property="og:title" content="IMG_6843 (1) - Tecnología Médica" />
<meta property="og:url" content="https://medicina.udd.cl/tecnologia-medica-santiago/files/2019/11/IMG_6843-1-1.jpg" />
<meta property="og:site_name" content="Tecnología Médica" />
<meta property="og:image" content="https://medicina.udd.cl/tecnologia-medica-santiago/files/2019/11/IMG_6843-1-1.jpg" />
	<meta property="og:image:width" content="2016" />
	<meta property="og:image:height" content="1512" />
	<meta property="og:image:type" content="image/jpeg" />
<script type="application/ld+json" class="yoast-schema-graph">{"@context":"https://schema.org","@graph":[{"@type":"WebPage","@id":"https://medicina.udd.cl/tecnologia-medica-santiago/files/2019/11/IMG_6843-1-1.jpg","url":"https://medicina.udd.cl/tecnologia-medica-santiago/files/2019/11/IMG_6843-1-1.jpg","name":"IMG_6843 (1) - Tecnología Médica","isPartOf":{"@id":"https://medicina.udd.cl/tecnologia-medica-santiago/#website"},"datePublished":"2019-11-08T14:00:04+00:00","breadcrumb":{"@id":"https://medicina.udd.cl/tecnologia-medica-santiago/files/2019/11/IMG_6843-1-1.jpg#breadcrumb"},"inLanguage":"es","potentialAction":[{"@type":"ReadAction","target":["https://medicina.udd.cl/tecnologia-medica-santiago/files/2019/11/IMG_6843-1-1.jpg"]}]},{"@type":"BreadcrumbList","@id":"https://medicina.udd.cl/tecnologia-medica-santiago/files/2019/11/IMG_6843-1-1.jpg#breadcrumb","itemListElement":[{"@type":"ListItem","position":1,"name":"Home","item":"https://medicina.udd.cl/tecnologia-medica-santiago/"},{"@type":"ListItem","position":2,"name":"Centro de alumnos de Tecnología Médica organizada Jornada de Imagenología","item":"https://medicina.udd.cl/tecnologia-medica-santiago/noticias/2019/11/08/centro-de-alumnos-de-tecnologia-medica-organizada-jornada-de-imagenologia/"},{"@type":"ListItem","position":3,"name":"IMG_6843 (1)"}]},{"@type":"WebSite","@id":"https://medicina.udd.cl/tecnologia-medica-santiago/#website","url":"https://medicina.udd.cl/tecnologia-medica-santiago/","name":"Tecnología Médica","description":"Facultad de Medicina Clínica Alemana Universidad del Desarrollo","inLanguage":"es"}]}</script>
<!-- / Yoast SEO plugin. -->

IMG_6843 (1) - Tecnología Médica

Tecnología Médica

Centro de alumnos de Tecnología Médica organizada Jornada de Imagenología

Facultad de Medicina Clínica Alemana Universidad del Desarrollo
