{"id":6314,"date":"2020-06-24T18:24:00","date_gmt":"2020-06-24T22:24:00","guid":{"rendered":"http:\/\/medicina.udd.cl\/tecnologia-medica-santiago\/files\/2020\/06\/jornada-2.png"},"modified":"2020-06-24T18:24:00","modified_gmt":"2020-06-24T22:24:00","slug":"jornada-2-2","status":"inherit","type":"attachment","link":"https:\/\/medicina.udd.cl\/tecnologia-medica-santiago\/noticias\/2020\/06\/24\/exitosa-jornada-vocacional-udd-en-casa-reunio-a-mas-de-2-mil-alumnos\/jornada-2-2\/","title":{"rendered":"jornada 2"},"author":42,"featured_media":0,"comment_status":"open","ping_status":"closed","template":"","meta":[],"class_list":["post-6314","attachment","type-attachment","status-inherit","hentry"],"yoast_head":"<!-- This site is optimized with the Yoast SEO plugin v26.9 - https:\/\/yoast.com\/product\/yoast-seo-wordpress\/ -->\n<title>jornada 2 - Tecnolog\u00eda M\u00e9dica<\/title>\n<meta name=\"robots\" content=\"index, follow, max-snippet:-1, max-image-preview:large, max-video-preview:-1\" \/>\n<link rel=\"canonical\" href=\"https:\/\/medicina.udd.cl\/tecnologia-medica-santiago\/files\/2020\/06\/jornada-2.png\" \/>\n<meta property=\"og:locale\" content=\"es_ES\" \/>\n<meta property=\"og:type\" content=\"article\" \/>\n<meta property=\"og:title\" content=\"jornada 2 - Tecnolog\u00eda M\u00e9dica\" \/>\n<meta property=\"og:url\" content=\"https:\/\/medicina.udd.cl\/tecnologia-medica-santiago\/files\/2020\/06\/jornada-2.png\" \/>\n<meta property=\"og:site_name\" content=\"Tecnolog\u00eda M\u00e9dica\" \/>\n<meta property=\"og:image\" content=\"https:\/\/medicina.udd.cl\/tecnologia-medica-santiago\/files\/2020\/06\/jornada-2.png\" \/>\n\t<meta property=\"og:image:width\" content=\"1280\" \/>\n\t<meta property=\"og:image:height\" content=\"720\" \/>\n\t<meta property=\"og:image:type\" content=\"image\/png\" \/>\n<script type=\"application\/ld+json\" class=\"yoast-schema-graph\">{\"@context\":\"https:\/\/schema.org\",\"@graph\":[{\"@type\":\"WebPage\",\"@id\":\"https:\/\/medicina.udd.cl\/tecnologia-medica-santiago\/files\/2020\/06\/jornada-2.png\",\"url\":\"https:\/\/medicina.udd.cl\/tecnologia-medica-santiago\/files\/2020\/06\/jornada-2.png\",\"name\":\"jornada 2 - Tecnolog\u00eda M\u00e9dica\",\"isPartOf\":{\"@id\":\"https:\/\/medicina.udd.cl\/tecnologia-medica-santiago\/#website\"},\"datePublished\":\"2020-06-24T22:24:00+00:00\",\"breadcrumb\":{\"@id\":\"https:\/\/medicina.udd.cl\/tecnologia-medica-santiago\/files\/2020\/06\/jornada-2.png#breadcrumb\"},\"inLanguage\":\"es\",\"potentialAction\":[{\"@type\":\"ReadAction\",\"target\":[\"https:\/\/medicina.udd.cl\/tecnologia-medica-santiago\/files\/2020\/06\/jornada-2.png\"]}]},{\"@type\":\"BreadcrumbList\",\"@id\":\"https:\/\/medicina.udd.cl\/tecnologia-medica-santiago\/files\/2020\/06\/jornada-2.png#breadcrumb\",\"itemListElement\":[{\"@type\":\"ListItem\",\"position\":1,\"name\":\"Home\",\"item\":\"https:\/\/medicina.udd.cl\/tecnologia-medica-santiago\/\"},{\"@type\":\"ListItem\",\"position\":2,\"name\":\"Exitosa Jornada Vocacional UDD en Casa reuni\u00f3 a m\u00e1s de 2 mil alumnos\",\"item\":\"https:\/\/medicina.udd.cl\/tecnologia-medica-santiago\/noticias\/2020\/06\/24\/exitosa-jornada-vocacional-udd-en-casa-reunio-a-mas-de-2-mil-alumnos\/\"},{\"@type\":\"ListItem\",\"position\":3,\"name\":\"jornada 2\"}]},{\"@type\":\"WebSite\",\"@id\":\"https:\/\/medicina.udd.cl\/tecnologia-medica-santiago\/#website\",\"url\":\"https:\/\/medicina.udd.cl\/tecnologia-medica-santiago\/\",\"name\":\"Tecnolog\u00eda M\u00e9dica\",\"description\":\"Facultad de Medicina Cl\u00ednica Alemana Universidad del Desarrollo\",\"inLanguage\":\"es\"}]}<\/script>\n<!-- \/ Yoast SEO plugin. -->","yoast_head_json":{"title":"jornada 2 - Tecnolog\u00eda M\u00e9dica","robots":{"index":"index","follow":"follow","max-snippet":"max-snippet:-1","max-image-preview":"max-image-preview:large","max-video-preview":"max-video-preview:-1"},"canonical":"https:\/\/medicina.udd.cl\/tecnologia-medica-santiago\/files\/2020\/06\/jornada-2.png","og_locale":"es_ES","og_type":"article","og_title":"jornada 2 - Tecnolog\u00eda M\u00e9dica","og_url":"https:\/\/medicina.udd.cl\/tecnologia-medica-santiago\/files\/2020\/06\/jornada-2.png","og_site_name":"Tecnolog\u00eda M\u00e9dica","og_image":[{"width":1280,"height":720,"url":"https:\/\/medicina.udd.cl\/tecnologia-medica-santiago\/files\/2020\/06\/jornada-2.png","type":"image\/png"}],"schema":{"@context":"https:\/\/schema.org","@graph":[{"@type":"WebPage","@id":"https:\/\/medicina.udd.cl\/tecnologia-medica-santiago\/files\/2020\/06\/jornada-2.png","url":"https:\/\/medicina.udd.cl\/tecnologia-medica-santiago\/files\/2020\/06\/jornada-2.png","name":"jornada 2 - Tecnolog\u00eda M\u00e9dica","isPartOf":{"@id":"https:\/\/medicina.udd.cl\/tecnologia-medica-santiago\/#website"},"datePublished":"2020-06-24T22:24:00+00:00","breadcrumb":{"@id":"https:\/\/medicina.udd.cl\/tecnologia-medica-santiago\/files\/2020\/06\/jornada-2.png#breadcrumb"},"inLanguage":"es","potentialAction":[{"@type":"ReadAction","target":["https:\/\/medicina.udd.cl\/tecnologia-medica-santiago\/files\/2020\/06\/jornada-2.png"]}]},{"@type":"BreadcrumbList","@id":"https:\/\/medicina.udd.cl\/tecnologia-medica-santiago\/files\/2020\/06\/jornada-2.png#breadcrumb","itemListElement":[{"@type":"ListItem","position":1,"name":"Home","item":"https:\/\/medicina.udd.cl\/tecnologia-medica-santiago\/"},{"@type":"ListItem","position":2,"name":"Exitosa Jornada Vocacional UDD en Casa reuni\u00f3 a m\u00e1s de 2 mil alumnos","item":"https:\/\/medicina.udd.cl\/tecnologia-medica-santiago\/noticias\/2020\/06\/24\/exitosa-jornada-vocacional-udd-en-casa-reunio-a-mas-de-2-mil-alumnos\/"},{"@type":"ListItem","position":3,"name":"jornada 2"}]},{"@type":"WebSite","@id":"https:\/\/medicina.udd.cl\/tecnologia-medica-santiago\/#website","url":"https:\/\/medicina.udd.cl\/tecnologia-medica-santiago\/","name":"Tecnolog\u00eda M\u00e9dica","description":"Facultad de Medicina Cl\u00ednica Alemana Universidad del Desarrollo","inLanguage":"es"}]}},"description":{"rendered":"<p class=\"attachment\"><a href='https:\/\/medicina.udd.cl\/tecnologia-medica-santiago\/files\/2020\/06\/jornada-2.png'><img loading=\"lazy\" decoding=\"async\" width=\"300\" height=\"169\" src=\"https:\/\/medicina.udd.cl\/tecnologia-medica-santiago\/files\/2020\/06\/jornada-2-300x169.png\" class=\"attachment-medium size-medium\" alt=\"\" srcset=\"https:\/\/medicina.udd.cl\/tecnologia-medica-santiago\/files\/2020\/06\/jornada-2-300x169.png 300w, https:\/\/medicina.udd.cl\/tecnologia-medica-santiago\/files\/2020\/06\/jornada-2-768x432.png 768w, https:\/\/medicina.udd.cl\/tecnologia-medica-santiago\/files\/2020\/06\/jornada-2-1024x576.png 1024w, https:\/\/medicina.udd.cl\/tecnologia-medica-santiago\/files\/2020\/06\/jornada-2-952x534.png 952w, https:\/\/medicina.udd.cl\/tecnologia-medica-santiago\/files\/2020\/06\/jornada-2-680x382.png 680w, https:\/\/medicina.udd.cl\/tecnologia-medica-santiago\/files\/2020\/06\/jornada-2.png 1280w\" sizes=\"auto, (max-width: 300px) 100vw, 300px\" \/><\/a><\/p>\n"},"caption":{"rendered":""},"alt_text":"","media_type":"image","mime_type":"image\/png","media_details":{"width":1280,"height":720,"file":"2020\/06\/jornada-2.png","sizes":{"thumbnail":{"file":"jornada-2-150x150.png","width":150,"height":150,"mime_type":"image\/png","source_url":"https:\/\/medicina.udd.cl\/tecnologia-medica-santiago\/files\/2020\/06\/jornada-2-150x150.png"},"medium":{"file":"jornada-2-300x169.png","width":300,"height":169,"mime_type":"image\/png","source_url":"https:\/\/medicina.udd.cl\/tecnologia-medica-santiago\/files\/2020\/06\/jornada-2-300x169.png"},"medium_large":{"file":"jornada-2-768x432.png","width":768,"height":432,"mime_type":"image\/png","source_url":"https:\/\/medicina.udd.cl\/tecnologia-medica-santiago\/files\/2020\/06\/jornada-2-768x432.png"},"large":{"file":"jornada-2-1024x576.png","width":1024,"height":576,"mime_type":"image\/png","source_url":"https:\/\/medicina.udd.cl\/tecnologia-medica-santiago\/files\/2020\/06\/jornada-2-1024x576.png"},"newsletter_featured":{"file":"jornada-2-316x224.png","width":316,"height":224,"mime_type":"image\/png","source_url":"https:\/\/medicina.udd.cl\/tecnologia-medica-santiago\/files\/2020\/06\/jornada-2-316x224.png"},"newsletter_first":{"file":"jornada-2-286x205.png","width":286,"height":205,"mime_type":"image\/png","source_url":"https:\/\/medicina.udd.cl\/tecnologia-medica-santiago\/files\/2020\/06\/jornada-2-286x205.png"},"newsletter_thumb":{"file":"jornada-2-288x150.png","width":288,"height":150,"mime_type":"image\/png","source_url":"https:\/\/medicina.udd.cl\/tecnologia-medica-santiago\/files\/2020\/06\/jornada-2-288x150.png"},"newsletter_column":{"file":"jornada-2-182x140.png","width":182,"height":140,"mime_type":"image\/png","source_url":"https:\/\/medicina.udd.cl\/tecnologia-medica-santiago\/files\/2020\/06\/jornada-2-182x140.png"},"newsletter_square":{"file":"jornada-2-62x62.png","width":62,"height":62,"mime_type":"image\/png","source_url":"https:\/\/medicina.udd.cl\/tecnologia-medica-santiago\/files\/2020\/06\/jornada-2-62x62.png"},"newsletter_square_large":{"file":"jornada-2-87x62.png","width":87,"height":62,"mime_type":"image\/png","source_url":"https:\/\/medicina.udd.cl\/tecnologia-medica-santiago\/files\/2020\/06\/jornada-2-87x62.png"},"landscape_952":{"file":"jornada-2-952x534.png","width":952,"height":534,"mime_type":"image\/png","source_url":"https:\/\/medicina.udd.cl\/tecnologia-medica-santiago\/files\/2020\/06\/jornada-2-952x534.png"},"landscape_680":{"file":"jornada-2-680x382.png","width":680,"height":382,"mime_type":"image\/png","source_url":"https:\/\/medicina.udd.cl\/tecnologia-medica-santiago\/files\/2020\/06\/jornada-2-680x382.png"},"square_750":{"file":"jornada-2-750x720.png","width":750,"height":720,"mime_type":"image\/png","source_url":"https:\/\/medicina.udd.cl\/tecnologia-medica-santiago\/files\/2020\/06\/jornada-2-750x720.png"},"square_500":{"file":"jornada-2-500x500.png","width":500,"height":500,"mime_type":"image\/png","source_url":"https:\/\/medicina.udd.cl\/tecnologia-medica-santiago\/files\/2020\/06\/jornada-2-500x500.png"},"square_200":{"file":"jornada-2-250x250.png","width":250,"height":250,"mime_type":"image\/png","source_url":"https:\/\/medicina.udd.cl\/tecnologia-medica-santiago\/files\/2020\/06\/jornada-2-250x250.png"},"post-thumbnail":{"file":"jornada-2-952x534.png","width":952,"height":534,"mime_type":"image\/png","source_url":"https:\/\/medicina.udd.cl\/tecnologia-medica-santiago\/files\/2020\/06\/jornada-2-952x534.png"},"custom_content":{"file":"jornada-2-126x126.png","width":126,"height":126,"mime_type":"image\/png","source_url":"https:\/\/medicina.udd.cl\/tecnologia-medica-santiago\/files\/2020\/06\/jornada-2-126x126.png"},"full":{"file":"jornada-2.png","width":1280,"height":720,"mime_type":"image\/png","source_url":"https:\/\/medicina.udd.cl\/tecnologia-medica-santiago\/files\/2020\/06\/jornada-2.png"}},"image_meta":{"aperture":"0","credit":"","camera":"","caption":"","created_timestamp":"0","copyright":"","focal_length":"0","iso":"0","shutter_speed":"0","title":"","orientation":"0","keywords":[]}},"post":6310,"source_url":"https:\/\/medicina.udd.cl\/tecnologia-medica-santiago\/files\/2020\/06\/jornada-2.png","_links":{"self":[{"href":"https:\/\/medicina.udd.cl\/tecnologia-medica-santiago\/wp-json\/wp\/v2\/media\/6314","targetHints":{"allow":["GET"]}}],"collection":[{"href":"https:\/\/medicina.udd.cl\/tecnologia-medica-santiago\/wp-json\/wp\/v2\/media"}],"about":[{"href":"https:\/\/medicina.udd.cl\/tecnologia-medica-santiago\/wp-json\/wp\/v2\/types\/attachment"}],"author":[{"embeddable":true,"href":"https:\/\/medicina.udd.cl\/tecnologia-medica-santiago\/wp-json\/wp\/v2\/users\/42"}],"replies":[{"embeddable":true,"href":"https:\/\/medicina.udd.cl\/tecnologia-medica-santiago\/wp-json\/wp\/v2\/comments?post=6314"}],"wp:attached-to":[{"embeddable":true,"post_type":"post","id":6310,"href":"https:\/\/medicina.udd.cl\/tecnologia-medica-santiago\/wp-json\/wp\/v2\/posts\/6310"}],"curies":[{"name":"wp","href":"https:\/\/api.w.org\/{rel}","templated":true}]}}

<!-- This site is optimized with the Yoast SEO plugin v26.9 - https://yoast.com/product/yoast-seo-wordpress/ -->
<title>jornada 2 - Tecnología Médica</title>
<meta name="robots" content="index, follow, max-snippet:-1, max-image-preview:large, max-video-preview:-1" />
<link rel="canonical" href="https://medicina.udd.cl/tecnologia-medica-santiago/files/2020/06/jornada-2.png" />
<meta property="og:locale" content="es_ES" />
<meta property="og:type" content="article" />
<meta property="og:title" content="jornada 2 - Tecnología Médica" />
<meta property="og:url" content="https://medicina.udd.cl/tecnologia-medica-santiago/files/2020/06/jornada-2.png" />
<meta property="og:site_name" content="Tecnología Médica" />
<meta property="og:image" content="https://medicina.udd.cl/tecnologia-medica-santiago/files/2020/06/jornada-2.png" />
	<meta property="og:image:width" content="1280" />
	<meta property="og:image:height" content="720" />
	<meta property="og:image:type" content="image/png" />
<script type="application/ld+json" class="yoast-schema-graph">{"@context":"https://schema.org","@graph":[{"@type":"WebPage","@id":"https://medicina.udd.cl/tecnologia-medica-santiago/files/2020/06/jornada-2.png","url":"https://medicina.udd.cl/tecnologia-medica-santiago/files/2020/06/jornada-2.png","name":"jornada 2 - Tecnología Médica","isPartOf":{"@id":"https://medicina.udd.cl/tecnologia-medica-santiago/#website"},"datePublished":"2020-06-24T22:24:00+00:00","breadcrumb":{"@id":"https://medicina.udd.cl/tecnologia-medica-santiago/files/2020/06/jornada-2.png#breadcrumb"},"inLanguage":"es","potentialAction":[{"@type":"ReadAction","target":["https://medicina.udd.cl/tecnologia-medica-santiago/files/2020/06/jornada-2.png"]}]},{"@type":"BreadcrumbList","@id":"https://medicina.udd.cl/tecnologia-medica-santiago/files/2020/06/jornada-2.png#breadcrumb","itemListElement":[{"@type":"ListItem","position":1,"name":"Home","item":"https://medicina.udd.cl/tecnologia-medica-santiago/"},{"@type":"ListItem","position":2,"name":"Exitosa Jornada Vocacional UDD en Casa reunió a más de 2 mil alumnos","item":"https://medicina.udd.cl/tecnologia-medica-santiago/noticias/2020/06/24/exitosa-jornada-vocacional-udd-en-casa-reunio-a-mas-de-2-mil-alumnos/"},{"@type":"ListItem","position":3,"name":"jornada 2"}]},{"@type":"WebSite","@id":"https://medicina.udd.cl/tecnologia-medica-santiago/#website","url":"https://medicina.udd.cl/tecnologia-medica-santiago/","name":"Tecnología Médica","description":"Facultad de Medicina Clínica Alemana Universidad del Desarrollo","inLanguage":"es"}]}</script>
<!-- / Yoast SEO plugin. -->

jornada 2 - Tecnología Médica

Tecnología Médica

Exitosa Jornada Vocacional UDD en Casa reunió a más de 2 mil alumnos

Facultad de Medicina Clínica Alemana Universidad del Desarrollo
