{"id":6473,"date":"2020-08-23T17:51:32","date_gmt":"2020-08-23T21:51:32","guid":{"rendered":"http:\/\/medicina.udd.cl\/tecnologia-medica-santiago\/files\/2020\/08\/Reconocimiento-Abel-1.png"},"modified":"2020-08-23T17:51:32","modified_gmt":"2020-08-23T21:51:32","slug":"reconocimiento-abel-1-2","status":"inherit","type":"attachment","link":"https:\/\/medicina.udd.cl\/tecnologia-medica-santiago\/noticias\/2020\/08\/23\/alumnos-realizan-reconocimiento-a-docente-de-la-asignatura-de-inmunologia-general\/reconocimiento-abel-1-2\/","title":{"rendered":"Reconocimiento-Abel-1"},"author":42,"featured_media":0,"comment_status":"open","ping_status":"closed","template":"","meta":[],"class_list":["post-6473","attachment","type-attachment","status-inherit","hentry"],"yoast_head":"<!-- This site is optimized with the Yoast SEO plugin v26.9 - https:\/\/yoast.com\/product\/yoast-seo-wordpress\/ -->\n<title>Reconocimiento-Abel-1 - Tecnolog\u00eda M\u00e9dica<\/title>\n<meta name=\"robots\" content=\"index, follow, max-snippet:-1, max-image-preview:large, max-video-preview:-1\" \/>\n<link rel=\"canonical\" href=\"https:\/\/medicina.udd.cl\/tecnologia-medica-santiago\/files\/2020\/08\/Reconocimiento-Abel-1.png\" \/>\n<meta property=\"og:locale\" content=\"es_ES\" \/>\n<meta property=\"og:type\" content=\"article\" \/>\n<meta property=\"og:title\" content=\"Reconocimiento-Abel-1 - Tecnolog\u00eda M\u00e9dica\" \/>\n<meta property=\"og:url\" content=\"https:\/\/medicina.udd.cl\/tecnologia-medica-santiago\/files\/2020\/08\/Reconocimiento-Abel-1.png\" \/>\n<meta property=\"og:site_name\" content=\"Tecnolog\u00eda M\u00e9dica\" \/>\n<meta property=\"og:image\" content=\"https:\/\/medicina.udd.cl\/tecnologia-medica-santiago\/files\/2020\/08\/Reconocimiento-Abel-1.png\" \/>\n\t<meta property=\"og:image:width\" content=\"633\" \/>\n\t<meta property=\"og:image:height\" content=\"665\" \/>\n\t<meta property=\"og:image:type\" content=\"image\/png\" \/>\n<script type=\"application\/ld+json\" class=\"yoast-schema-graph\">{\"@context\":\"https:\/\/schema.org\",\"@graph\":[{\"@type\":\"WebPage\",\"@id\":\"https:\/\/medicina.udd.cl\/tecnologia-medica-santiago\/files\/2020\/08\/Reconocimiento-Abel-1.png\",\"url\":\"https:\/\/medicina.udd.cl\/tecnologia-medica-santiago\/files\/2020\/08\/Reconocimiento-Abel-1.png\",\"name\":\"Reconocimiento-Abel-1 - Tecnolog\u00eda M\u00e9dica\",\"isPartOf\":{\"@id\":\"https:\/\/medicina.udd.cl\/tecnologia-medica-santiago\/#website\"},\"datePublished\":\"2020-08-23T21:51:32+00:00\",\"breadcrumb\":{\"@id\":\"https:\/\/medicina.udd.cl\/tecnologia-medica-santiago\/files\/2020\/08\/Reconocimiento-Abel-1.png#breadcrumb\"},\"inLanguage\":\"es\",\"potentialAction\":[{\"@type\":\"ReadAction\",\"target\":[\"https:\/\/medicina.udd.cl\/tecnologia-medica-santiago\/files\/2020\/08\/Reconocimiento-Abel-1.png\"]}]},{\"@type\":\"BreadcrumbList\",\"@id\":\"https:\/\/medicina.udd.cl\/tecnologia-medica-santiago\/files\/2020\/08\/Reconocimiento-Abel-1.png#breadcrumb\",\"itemListElement\":[{\"@type\":\"ListItem\",\"position\":1,\"name\":\"Home\",\"item\":\"https:\/\/medicina.udd.cl\/tecnologia-medica-santiago\/\"},{\"@type\":\"ListItem\",\"position\":2,\"name\":\"Alumnos realizan reconocimiento a docente de la asignatura de Inmunolog\u00eda General\",\"item\":\"https:\/\/medicina.udd.cl\/tecnologia-medica-santiago\/noticias\/2020\/08\/23\/alumnos-realizan-reconocimiento-a-docente-de-la-asignatura-de-inmunologia-general\/\"},{\"@type\":\"ListItem\",\"position\":3,\"name\":\"Reconocimiento-Abel-1\"}]},{\"@type\":\"WebSite\",\"@id\":\"https:\/\/medicina.udd.cl\/tecnologia-medica-santiago\/#website\",\"url\":\"https:\/\/medicina.udd.cl\/tecnologia-medica-santiago\/\",\"name\":\"Tecnolog\u00eda M\u00e9dica\",\"description\":\"Facultad de Medicina Cl\u00ednica Alemana Universidad del Desarrollo\",\"inLanguage\":\"es\"}]}<\/script>\n<!-- \/ Yoast SEO plugin. -->","yoast_head_json":{"title":"Reconocimiento-Abel-1 - Tecnolog\u00eda M\u00e9dica","robots":{"index":"index","follow":"follow","max-snippet":"max-snippet:-1","max-image-preview":"max-image-preview:large","max-video-preview":"max-video-preview:-1"},"canonical":"https:\/\/medicina.udd.cl\/tecnologia-medica-santiago\/files\/2020\/08\/Reconocimiento-Abel-1.png","og_locale":"es_ES","og_type":"article","og_title":"Reconocimiento-Abel-1 - Tecnolog\u00eda M\u00e9dica","og_url":"https:\/\/medicina.udd.cl\/tecnologia-medica-santiago\/files\/2020\/08\/Reconocimiento-Abel-1.png","og_site_name":"Tecnolog\u00eda M\u00e9dica","og_image":[{"width":633,"height":665,"url":"https:\/\/medicina.udd.cl\/tecnologia-medica-santiago\/files\/2020\/08\/Reconocimiento-Abel-1.png","type":"image\/png"}],"schema":{"@context":"https:\/\/schema.org","@graph":[{"@type":"WebPage","@id":"https:\/\/medicina.udd.cl\/tecnologia-medica-santiago\/files\/2020\/08\/Reconocimiento-Abel-1.png","url":"https:\/\/medicina.udd.cl\/tecnologia-medica-santiago\/files\/2020\/08\/Reconocimiento-Abel-1.png","name":"Reconocimiento-Abel-1 - Tecnolog\u00eda M\u00e9dica","isPartOf":{"@id":"https:\/\/medicina.udd.cl\/tecnologia-medica-santiago\/#website"},"datePublished":"2020-08-23T21:51:32+00:00","breadcrumb":{"@id":"https:\/\/medicina.udd.cl\/tecnologia-medica-santiago\/files\/2020\/08\/Reconocimiento-Abel-1.png#breadcrumb"},"inLanguage":"es","potentialAction":[{"@type":"ReadAction","target":["https:\/\/medicina.udd.cl\/tecnologia-medica-santiago\/files\/2020\/08\/Reconocimiento-Abel-1.png"]}]},{"@type":"BreadcrumbList","@id":"https:\/\/medicina.udd.cl\/tecnologia-medica-santiago\/files\/2020\/08\/Reconocimiento-Abel-1.png#breadcrumb","itemListElement":[{"@type":"ListItem","position":1,"name":"Home","item":"https:\/\/medicina.udd.cl\/tecnologia-medica-santiago\/"},{"@type":"ListItem","position":2,"name":"Alumnos realizan reconocimiento a docente de la asignatura de Inmunolog\u00eda General","item":"https:\/\/medicina.udd.cl\/tecnologia-medica-santiago\/noticias\/2020\/08\/23\/alumnos-realizan-reconocimiento-a-docente-de-la-asignatura-de-inmunologia-general\/"},{"@type":"ListItem","position":3,"name":"Reconocimiento-Abel-1"}]},{"@type":"WebSite","@id":"https:\/\/medicina.udd.cl\/tecnologia-medica-santiago\/#website","url":"https:\/\/medicina.udd.cl\/tecnologia-medica-santiago\/","name":"Tecnolog\u00eda M\u00e9dica","description":"Facultad de Medicina Cl\u00ednica Alemana Universidad del Desarrollo","inLanguage":"es"}]}},"description":{"rendered":"<p class=\"attachment\"><a href='https:\/\/medicina.udd.cl\/tecnologia-medica-santiago\/files\/2020\/08\/Reconocimiento-Abel-1.png'><img loading=\"lazy\" decoding=\"async\" width=\"286\" height=\"300\" src=\"https:\/\/medicina.udd.cl\/tecnologia-medica-santiago\/files\/2020\/08\/Reconocimiento-Abel-1-286x300.png\" class=\"attachment-medium size-medium\" alt=\"\" srcset=\"https:\/\/medicina.udd.cl\/tecnologia-medica-santiago\/files\/2020\/08\/Reconocimiento-Abel-1-286x300.png 286w, https:\/\/medicina.udd.cl\/tecnologia-medica-santiago\/files\/2020\/08\/Reconocimiento-Abel-1.png 633w\" sizes=\"auto, (max-width: 286px) 100vw, 286px\" \/><\/a><\/p>\n"},"caption":{"rendered":""},"alt_text":"","media_type":"image","mime_type":"image\/png","media_details":{"width":633,"height":665,"file":"2020\/08\/Reconocimiento-Abel-1.png","sizes":{"medium":{"file":"Reconocimiento-Abel-1-286x300.png","width":286,"height":300,"mime_type":"image\/png","source_url":"https:\/\/medicina.udd.cl\/tecnologia-medica-santiago\/files\/2020\/08\/Reconocimiento-Abel-1-286x300.png"},"thumbnail":{"file":"Reconocimiento-Abel-1-150x150.png","width":150,"height":150,"mime_type":"image\/png","source_url":"https:\/\/medicina.udd.cl\/tecnologia-medica-santiago\/files\/2020\/08\/Reconocimiento-Abel-1-150x150.png"},"newsletter_featured":{"file":"Reconocimiento-Abel-1-316x224.png","width":316,"height":224,"mime_type":"image\/png","source_url":"https:\/\/medicina.udd.cl\/tecnologia-medica-santiago\/files\/2020\/08\/Reconocimiento-Abel-1-316x224.png"},"newsletter_first":{"file":"Reconocimiento-Abel-1-286x205.png","width":286,"height":205,"mime_type":"image\/png","source_url":"https:\/\/medicina.udd.cl\/tecnologia-medica-santiago\/files\/2020\/08\/Reconocimiento-Abel-1-286x205.png"},"newsletter_thumb":{"file":"Reconocimiento-Abel-1-288x150.png","width":288,"height":150,"mime_type":"image\/png","source_url":"https:\/\/medicina.udd.cl\/tecnologia-medica-santiago\/files\/2020\/08\/Reconocimiento-Abel-1-288x150.png"},"newsletter_column":{"file":"Reconocimiento-Abel-1-182x140.png","width":182,"height":140,"mime_type":"image\/png","source_url":"https:\/\/medicina.udd.cl\/tecnologia-medica-santiago\/files\/2020\/08\/Reconocimiento-Abel-1-182x140.png"},"newsletter_square":{"file":"Reconocimiento-Abel-1-62x62.png","width":62,"height":62,"mime_type":"image\/png","source_url":"https:\/\/medicina.udd.cl\/tecnologia-medica-santiago\/files\/2020\/08\/Reconocimiento-Abel-1-62x62.png"},"newsletter_square_large":{"file":"Reconocimiento-Abel-1-87x62.png","width":87,"height":62,"mime_type":"image\/png","source_url":"https:\/\/medicina.udd.cl\/tecnologia-medica-santiago\/files\/2020\/08\/Reconocimiento-Abel-1-87x62.png"},"landscape_952":{"file":"Reconocimiento-Abel-1-633x534.png","width":633,"height":534,"mime_type":"image\/png","source_url":"https:\/\/medicina.udd.cl\/tecnologia-medica-santiago\/files\/2020\/08\/Reconocimiento-Abel-1-633x534.png"},"landscape_680":{"file":"Reconocimiento-Abel-1-633x382.png","width":633,"height":382,"mime_type":"image\/png","source_url":"https:\/\/medicina.udd.cl\/tecnologia-medica-santiago\/files\/2020\/08\/Reconocimiento-Abel-1-633x382.png"},"square_500":{"file":"Reconocimiento-Abel-1-500x500.png","width":500,"height":500,"mime_type":"image\/png","source_url":"https:\/\/medicina.udd.cl\/tecnologia-medica-santiago\/files\/2020\/08\/Reconocimiento-Abel-1-500x500.png"},"square_200":{"file":"Reconocimiento-Abel-1-250x250.png","width":250,"height":250,"mime_type":"image\/png","source_url":"https:\/\/medicina.udd.cl\/tecnologia-medica-santiago\/files\/2020\/08\/Reconocimiento-Abel-1-250x250.png"},"post-thumbnail":{"file":"Reconocimiento-Abel-1-633x534.png","width":633,"height":534,"mime_type":"image\/png","source_url":"https:\/\/medicina.udd.cl\/tecnologia-medica-santiago\/files\/2020\/08\/Reconocimiento-Abel-1-633x534.png"},"custom_content":{"file":"Reconocimiento-Abel-1-126x126.png","width":126,"height":126,"mime_type":"image\/png","source_url":"https:\/\/medicina.udd.cl\/tecnologia-medica-santiago\/files\/2020\/08\/Reconocimiento-Abel-1-126x126.png"},"full":{"file":"Reconocimiento-Abel-1.png","width":633,"height":665,"mime_type":"image\/png","source_url":"https:\/\/medicina.udd.cl\/tecnologia-medica-santiago\/files\/2020\/08\/Reconocimiento-Abel-1.png"}},"image_meta":{"aperture":"0","credit":"","camera":"","caption":"","created_timestamp":"0","copyright":"","focal_length":"0","iso":"0","shutter_speed":"0","title":"","orientation":"0","keywords":[]}},"post":6471,"source_url":"https:\/\/medicina.udd.cl\/tecnologia-medica-santiago\/files\/2020\/08\/Reconocimiento-Abel-1.png","_links":{"self":[{"href":"https:\/\/medicina.udd.cl\/tecnologia-medica-santiago\/wp-json\/wp\/v2\/media\/6473","targetHints":{"allow":["GET"]}}],"collection":[{"href":"https:\/\/medicina.udd.cl\/tecnologia-medica-santiago\/wp-json\/wp\/v2\/media"}],"about":[{"href":"https:\/\/medicina.udd.cl\/tecnologia-medica-santiago\/wp-json\/wp\/v2\/types\/attachment"}],"author":[{"embeddable":true,"href":"https:\/\/medicina.udd.cl\/tecnologia-medica-santiago\/wp-json\/wp\/v2\/users\/42"}],"replies":[{"embeddable":true,"href":"https:\/\/medicina.udd.cl\/tecnologia-medica-santiago\/wp-json\/wp\/v2\/comments?post=6473"}],"wp:attached-to":[{"embeddable":true,"post_type":"post","id":6471,"href":"https:\/\/medicina.udd.cl\/tecnologia-medica-santiago\/wp-json\/wp\/v2\/posts\/6471"}],"curies":[{"name":"wp","href":"https:\/\/api.w.org\/{rel}","templated":true}]}}

<!-- This site is optimized with the Yoast SEO plugin v26.9 - https://yoast.com/product/yoast-seo-wordpress/ -->
<title>Reconocimiento-Abel-1 - Tecnología Médica</title>
<meta name="robots" content="index, follow, max-snippet:-1, max-image-preview:large, max-video-preview:-1" />
<link rel="canonical" href="https://medicina.udd.cl/tecnologia-medica-santiago/files/2020/08/Reconocimiento-Abel-1.png" />
<meta property="og:locale" content="es_ES" />
<meta property="og:type" content="article" />
<meta property="og:title" content="Reconocimiento-Abel-1 - Tecnología Médica" />
<meta property="og:url" content="https://medicina.udd.cl/tecnologia-medica-santiago/files/2020/08/Reconocimiento-Abel-1.png" />
<meta property="og:site_name" content="Tecnología Médica" />
<meta property="og:image" content="https://medicina.udd.cl/tecnologia-medica-santiago/files/2020/08/Reconocimiento-Abel-1.png" />
	<meta property="og:image:width" content="633" />
	<meta property="og:image:height" content="665" />
	<meta property="og:image:type" content="image/png" />
<script type="application/ld+json" class="yoast-schema-graph">{"@context":"https://schema.org","@graph":[{"@type":"WebPage","@id":"https://medicina.udd.cl/tecnologia-medica-santiago/files/2020/08/Reconocimiento-Abel-1.png","url":"https://medicina.udd.cl/tecnologia-medica-santiago/files/2020/08/Reconocimiento-Abel-1.png","name":"Reconocimiento-Abel-1 - Tecnología Médica","isPartOf":{"@id":"https://medicina.udd.cl/tecnologia-medica-santiago/#website"},"datePublished":"2020-08-23T21:51:32+00:00","breadcrumb":{"@id":"https://medicina.udd.cl/tecnologia-medica-santiago/files/2020/08/Reconocimiento-Abel-1.png#breadcrumb"},"inLanguage":"es","potentialAction":[{"@type":"ReadAction","target":["https://medicina.udd.cl/tecnologia-medica-santiago/files/2020/08/Reconocimiento-Abel-1.png"]}]},{"@type":"BreadcrumbList","@id":"https://medicina.udd.cl/tecnologia-medica-santiago/files/2020/08/Reconocimiento-Abel-1.png#breadcrumb","itemListElement":[{"@type":"ListItem","position":1,"name":"Home","item":"https://medicina.udd.cl/tecnologia-medica-santiago/"},{"@type":"ListItem","position":2,"name":"Alumnos realizan reconocimiento a docente de la asignatura de Inmunología General","item":"https://medicina.udd.cl/tecnologia-medica-santiago/noticias/2020/08/23/alumnos-realizan-reconocimiento-a-docente-de-la-asignatura-de-inmunologia-general/"},{"@type":"ListItem","position":3,"name":"Reconocimiento-Abel-1"}]},{"@type":"WebSite","@id":"https://medicina.udd.cl/tecnologia-medica-santiago/#website","url":"https://medicina.udd.cl/tecnologia-medica-santiago/","name":"Tecnología Médica","description":"Facultad de Medicina Clínica Alemana Universidad del Desarrollo","inLanguage":"es"}]}</script>
<!-- / Yoast SEO plugin. -->

Reconocimiento-Abel-1 - Tecnología Médica

Tecnología Médica

Alumnos realizan reconocimiento a docente de la asignatura de Inmunología General

Facultad de Medicina Clínica Alemana Universidad del Desarrollo
