{"id":6504,"date":"2020-09-22T17:41:53","date_gmt":"2020-09-22T20:41:53","guid":{"rendered":"http:\/\/medicina.udd.cl\/tecnologia-medica-santiago\/files\/2020\/09\/Covid-folleto-definitivo.png"},"modified":"2020-09-22T17:41:53","modified_gmt":"2020-09-22T20:41:53","slug":"covid-folleto-definitivo","status":"inherit","type":"attachment","link":"https:\/\/medicina.udd.cl\/tecnologia-medica-santiago\/noticias\/2020\/09\/22\/comprometida-participacion-de-estudiantes-de-tecnologia-medica-en-voluntariado-sonrie-udd\/covid-folleto-definitivo\/","title":{"rendered":"Covid-folleto-definitivo"},"author":42,"featured_media":0,"comment_status":"open","ping_status":"closed","template":"","meta":[],"class_list":["post-6504","attachment","type-attachment","status-inherit","hentry"],"yoast_head":"<!-- This site is optimized with the Yoast SEO plugin v26.9 - https:\/\/yoast.com\/product\/yoast-seo-wordpress\/ -->\n<title>Covid-folleto-definitivo - Tecnolog\u00eda M\u00e9dica<\/title>\n<meta name=\"robots\" content=\"index, follow, max-snippet:-1, max-image-preview:large, max-video-preview:-1\" \/>\n<link rel=\"canonical\" href=\"https:\/\/medicina.udd.cl\/tecnologia-medica-santiago\/files\/2020\/09\/Covid-folleto-definitivo.png\" \/>\n<meta property=\"og:locale\" content=\"es_ES\" \/>\n<meta property=\"og:type\" content=\"article\" \/>\n<meta property=\"og:title\" content=\"Covid-folleto-definitivo - Tecnolog\u00eda M\u00e9dica\" \/>\n<meta property=\"og:url\" content=\"https:\/\/medicina.udd.cl\/tecnologia-medica-santiago\/files\/2020\/09\/Covid-folleto-definitivo.png\" \/>\n<meta property=\"og:site_name\" content=\"Tecnolog\u00eda M\u00e9dica\" \/>\n<meta property=\"og:image\" content=\"https:\/\/medicina.udd.cl\/tecnologia-medica-santiago\/files\/2020\/09\/Covid-folleto-definitivo.png\" \/>\n\t<meta property=\"og:image:width\" content=\"1890\" \/>\n\t<meta property=\"og:image:height\" content=\"2646\" \/>\n\t<meta property=\"og:image:type\" content=\"image\/png\" \/>\n<script type=\"application\/ld+json\" class=\"yoast-schema-graph\">{\"@context\":\"https:\/\/schema.org\",\"@graph\":[{\"@type\":\"WebPage\",\"@id\":\"https:\/\/medicina.udd.cl\/tecnologia-medica-santiago\/files\/2020\/09\/Covid-folleto-definitivo.png\",\"url\":\"https:\/\/medicina.udd.cl\/tecnologia-medica-santiago\/files\/2020\/09\/Covid-folleto-definitivo.png\",\"name\":\"Covid-folleto-definitivo - Tecnolog\u00eda M\u00e9dica\",\"isPartOf\":{\"@id\":\"https:\/\/medicina.udd.cl\/tecnologia-medica-santiago\/#website\"},\"datePublished\":\"2020-09-22T20:41:53+00:00\",\"breadcrumb\":{\"@id\":\"https:\/\/medicina.udd.cl\/tecnologia-medica-santiago\/files\/2020\/09\/Covid-folleto-definitivo.png#breadcrumb\"},\"inLanguage\":\"es\",\"potentialAction\":[{\"@type\":\"ReadAction\",\"target\":[\"https:\/\/medicina.udd.cl\/tecnologia-medica-santiago\/files\/2020\/09\/Covid-folleto-definitivo.png\"]}]},{\"@type\":\"BreadcrumbList\",\"@id\":\"https:\/\/medicina.udd.cl\/tecnologia-medica-santiago\/files\/2020\/09\/Covid-folleto-definitivo.png#breadcrumb\",\"itemListElement\":[{\"@type\":\"ListItem\",\"position\":1,\"name\":\"Home\",\"item\":\"https:\/\/medicina.udd.cl\/tecnologia-medica-santiago\/\"},{\"@type\":\"ListItem\",\"position\":2,\"name\":\"Comprometida participaci\u00f3n de estudiantes de Tecnolog\u00eda M\u00e9dica en voluntariado Sonr\u00ede UDD\",\"item\":\"https:\/\/medicina.udd.cl\/tecnologia-medica-santiago\/noticias\/2020\/09\/22\/comprometida-participacion-de-estudiantes-de-tecnologia-medica-en-voluntariado-sonrie-udd\/\"},{\"@type\":\"ListItem\",\"position\":3,\"name\":\"Covid-folleto-definitivo\"}]},{\"@type\":\"WebSite\",\"@id\":\"https:\/\/medicina.udd.cl\/tecnologia-medica-santiago\/#website\",\"url\":\"https:\/\/medicina.udd.cl\/tecnologia-medica-santiago\/\",\"name\":\"Tecnolog\u00eda M\u00e9dica\",\"description\":\"Facultad de Medicina Cl\u00ednica Alemana Universidad del Desarrollo\",\"inLanguage\":\"es\"}]}<\/script>\n<!-- \/ Yoast SEO plugin. -->","yoast_head_json":{"title":"Covid-folleto-definitivo - Tecnolog\u00eda M\u00e9dica","robots":{"index":"index","follow":"follow","max-snippet":"max-snippet:-1","max-image-preview":"max-image-preview:large","max-video-preview":"max-video-preview:-1"},"canonical":"https:\/\/medicina.udd.cl\/tecnologia-medica-santiago\/files\/2020\/09\/Covid-folleto-definitivo.png","og_locale":"es_ES","og_type":"article","og_title":"Covid-folleto-definitivo - Tecnolog\u00eda M\u00e9dica","og_url":"https:\/\/medicina.udd.cl\/tecnologia-medica-santiago\/files\/2020\/09\/Covid-folleto-definitivo.png","og_site_name":"Tecnolog\u00eda M\u00e9dica","og_image":[{"width":1890,"height":2646,"url":"https:\/\/medicina.udd.cl\/tecnologia-medica-santiago\/files\/2020\/09\/Covid-folleto-definitivo.png","type":"image\/png"}],"schema":{"@context":"https:\/\/schema.org","@graph":[{"@type":"WebPage","@id":"https:\/\/medicina.udd.cl\/tecnologia-medica-santiago\/files\/2020\/09\/Covid-folleto-definitivo.png","url":"https:\/\/medicina.udd.cl\/tecnologia-medica-santiago\/files\/2020\/09\/Covid-folleto-definitivo.png","name":"Covid-folleto-definitivo - Tecnolog\u00eda M\u00e9dica","isPartOf":{"@id":"https:\/\/medicina.udd.cl\/tecnologia-medica-santiago\/#website"},"datePublished":"2020-09-22T20:41:53+00:00","breadcrumb":{"@id":"https:\/\/medicina.udd.cl\/tecnologia-medica-santiago\/files\/2020\/09\/Covid-folleto-definitivo.png#breadcrumb"},"inLanguage":"es","potentialAction":[{"@type":"ReadAction","target":["https:\/\/medicina.udd.cl\/tecnologia-medica-santiago\/files\/2020\/09\/Covid-folleto-definitivo.png"]}]},{"@type":"BreadcrumbList","@id":"https:\/\/medicina.udd.cl\/tecnologia-medica-santiago\/files\/2020\/09\/Covid-folleto-definitivo.png#breadcrumb","itemListElement":[{"@type":"ListItem","position":1,"name":"Home","item":"https:\/\/medicina.udd.cl\/tecnologia-medica-santiago\/"},{"@type":"ListItem","position":2,"name":"Comprometida participaci\u00f3n de estudiantes de Tecnolog\u00eda M\u00e9dica en voluntariado Sonr\u00ede UDD","item":"https:\/\/medicina.udd.cl\/tecnologia-medica-santiago\/noticias\/2020\/09\/22\/comprometida-participacion-de-estudiantes-de-tecnologia-medica-en-voluntariado-sonrie-udd\/"},{"@type":"ListItem","position":3,"name":"Covid-folleto-definitivo"}]},{"@type":"WebSite","@id":"https:\/\/medicina.udd.cl\/tecnologia-medica-santiago\/#website","url":"https:\/\/medicina.udd.cl\/tecnologia-medica-santiago\/","name":"Tecnolog\u00eda M\u00e9dica","description":"Facultad de Medicina Cl\u00ednica Alemana Universidad del Desarrollo","inLanguage":"es"}]}},"description":{"rendered":"<p class=\"attachment\"><a href='https:\/\/medicina.udd.cl\/tecnologia-medica-santiago\/files\/2020\/09\/Covid-folleto-definitivo.png'><img loading=\"lazy\" decoding=\"async\" width=\"214\" height=\"300\" src=\"https:\/\/medicina.udd.cl\/tecnologia-medica-santiago\/files\/2020\/09\/Covid-folleto-definitivo-214x300.png\" class=\"attachment-medium size-medium\" alt=\"\" srcset=\"https:\/\/medicina.udd.cl\/tecnologia-medica-santiago\/files\/2020\/09\/Covid-folleto-definitivo-214x300.png 214w, https:\/\/medicina.udd.cl\/tecnologia-medica-santiago\/files\/2020\/09\/Covid-folleto-definitivo-731x1024.png 731w, https:\/\/medicina.udd.cl\/tecnologia-medica-santiago\/files\/2020\/09\/Covid-folleto-definitivo-768x1075.png 768w, https:\/\/medicina.udd.cl\/tecnologia-medica-santiago\/files\/2020\/09\/Covid-folleto-definitivo-1097x1536.png 1097w, https:\/\/medicina.udd.cl\/tecnologia-medica-santiago\/files\/2020\/09\/Covid-folleto-definitivo-1463x2048.png 1463w, https:\/\/medicina.udd.cl\/tecnologia-medica-santiago\/files\/2020\/09\/Covid-folleto-definitivo.png 1890w\" sizes=\"auto, (max-width: 214px) 100vw, 214px\" \/><\/a><\/p>\n"},"caption":{"rendered":""},"alt_text":"","media_type":"image","mime_type":"image\/png","media_details":{"width":1890,"height":2646,"file":"2020\/09\/Covid-folleto-definitivo.png","sizes":{"medium":{"file":"Covid-folleto-definitivo-214x300.png","width":214,"height":300,"mime_type":"image\/png","source_url":"https:\/\/medicina.udd.cl\/tecnologia-medica-santiago\/files\/2020\/09\/Covid-folleto-definitivo-214x300.png"},"large":{"file":"Covid-folleto-definitivo-731x1024.png","width":731,"height":1024,"mime_type":"image\/png","source_url":"https:\/\/medicina.udd.cl\/tecnologia-medica-santiago\/files\/2020\/09\/Covid-folleto-definitivo-731x1024.png"},"thumbnail":{"file":"Covid-folleto-definitivo-150x150.png","width":150,"height":150,"mime_type":"image\/png","source_url":"https:\/\/medicina.udd.cl\/tecnologia-medica-santiago\/files\/2020\/09\/Covid-folleto-definitivo-150x150.png"},"medium_large":{"file":"Covid-folleto-definitivo-768x1075.png","width":768,"height":1075,"mime_type":"image\/png","source_url":"https:\/\/medicina.udd.cl\/tecnologia-medica-santiago\/files\/2020\/09\/Covid-folleto-definitivo-768x1075.png"},"newsletter_featured":{"file":"Covid-folleto-definitivo-316x224.png","width":316,"height":224,"mime_type":"image\/png","source_url":"https:\/\/medicina.udd.cl\/tecnologia-medica-santiago\/files\/2020\/09\/Covid-folleto-definitivo-316x224.png"},"newsletter_first":{"file":"Covid-folleto-definitivo-286x205.png","width":286,"height":205,"mime_type":"image\/png","source_url":"https:\/\/medicina.udd.cl\/tecnologia-medica-santiago\/files\/2020\/09\/Covid-folleto-definitivo-286x205.png"},"newsletter_thumb":{"file":"Covid-folleto-definitivo-288x150.png","width":288,"height":150,"mime_type":"image\/png","source_url":"https:\/\/medicina.udd.cl\/tecnologia-medica-santiago\/files\/2020\/09\/Covid-folleto-definitivo-288x150.png"},"newsletter_column":{"file":"Covid-folleto-definitivo-182x140.png","width":182,"height":140,"mime_type":"image\/png","source_url":"https:\/\/medicina.udd.cl\/tecnologia-medica-santiago\/files\/2020\/09\/Covid-folleto-definitivo-182x140.png"},"newsletter_square":{"file":"Covid-folleto-definitivo-62x62.png","width":62,"height":62,"mime_type":"image\/png","source_url":"https:\/\/medicina.udd.cl\/tecnologia-medica-santiago\/files\/2020\/09\/Covid-folleto-definitivo-62x62.png"},"newsletter_square_large":{"file":"Covid-folleto-definitivo-87x62.png","width":87,"height":62,"mime_type":"image\/png","source_url":"https:\/\/medicina.udd.cl\/tecnologia-medica-santiago\/files\/2020\/09\/Covid-folleto-definitivo-87x62.png"},"1536x1536":{"file":"Covid-folleto-definitivo-1097x1536.png","width":1097,"height":1536,"mime_type":"image\/png","source_url":"https:\/\/medicina.udd.cl\/tecnologia-medica-santiago\/files\/2020\/09\/Covid-folleto-definitivo-1097x1536.png"},"2048x2048":{"file":"Covid-folleto-definitivo-1463x2048.png","width":1463,"height":2048,"mime_type":"image\/png","source_url":"https:\/\/medicina.udd.cl\/tecnologia-medica-santiago\/files\/2020\/09\/Covid-folleto-definitivo-1463x2048.png"},"landscape_1920":{"file":"Covid-folleto-definitivo-1890x1080.png","width":1890,"height":1080,"mime_type":"image\/png","source_url":"https:\/\/medicina.udd.cl\/tecnologia-medica-santiago\/files\/2020\/09\/Covid-folleto-definitivo-1890x1080.png"},"landscape_1366":{"file":"Covid-folleto-definitivo-1366x768.png","width":1366,"height":768,"mime_type":"image\/png","source_url":"https:\/\/medicina.udd.cl\/tecnologia-medica-santiago\/files\/2020\/09\/Covid-folleto-definitivo-1366x768.png"},"landscape_952":{"file":"Covid-folleto-definitivo-952x534.png","width":952,"height":534,"mime_type":"image\/png","source_url":"https:\/\/medicina.udd.cl\/tecnologia-medica-santiago\/files\/2020\/09\/Covid-folleto-definitivo-952x534.png"},"landscape_680":{"file":"Covid-folleto-definitivo-680x382.png","width":680,"height":382,"mime_type":"image\/png","source_url":"https:\/\/medicina.udd.cl\/tecnologia-medica-santiago\/files\/2020\/09\/Covid-folleto-definitivo-680x382.png"},"square_750":{"file":"Covid-folleto-definitivo-750x750.png","width":750,"height":750,"mime_type":"image\/png","source_url":"https:\/\/medicina.udd.cl\/tecnologia-medica-santiago\/files\/2020\/09\/Covid-folleto-definitivo-750x750.png"},"square_500":{"file":"Covid-folleto-definitivo-500x500.png","width":500,"height":500,"mime_type":"image\/png","source_url":"https:\/\/medicina.udd.cl\/tecnologia-medica-santiago\/files\/2020\/09\/Covid-folleto-definitivo-500x500.png"},"square_200":{"file":"Covid-folleto-definitivo-250x250.png","width":250,"height":250,"mime_type":"image\/png","source_url":"https:\/\/medicina.udd.cl\/tecnologia-medica-santiago\/files\/2020\/09\/Covid-folleto-definitivo-250x250.png"},"post-thumbnail":{"file":"Covid-folleto-definitivo-952x534.png","width":952,"height":534,"mime_type":"image\/png","source_url":"https:\/\/medicina.udd.cl\/tecnologia-medica-santiago\/files\/2020\/09\/Covid-folleto-definitivo-952x534.png"},"custom_content":{"file":"Covid-folleto-definitivo-126x126.png","width":126,"height":126,"mime_type":"image\/png","source_url":"https:\/\/medicina.udd.cl\/tecnologia-medica-santiago\/files\/2020\/09\/Covid-folleto-definitivo-126x126.png"},"full":{"file":"Covid-folleto-definitivo.png","width":1890,"height":2646,"mime_type":"image\/png","source_url":"https:\/\/medicina.udd.cl\/tecnologia-medica-santiago\/files\/2020\/09\/Covid-folleto-definitivo.png"}},"image_meta":{"aperture":"0","credit":"","camera":"","caption":"","created_timestamp":"0","copyright":"","focal_length":"0","iso":"0","shutter_speed":"0","title":"","orientation":"0","keywords":[]}},"post":6503,"source_url":"https:\/\/medicina.udd.cl\/tecnologia-medica-santiago\/files\/2020\/09\/Covid-folleto-definitivo.png","_links":{"self":[{"href":"https:\/\/medicina.udd.cl\/tecnologia-medica-santiago\/wp-json\/wp\/v2\/media\/6504","targetHints":{"allow":["GET"]}}],"collection":[{"href":"https:\/\/medicina.udd.cl\/tecnologia-medica-santiago\/wp-json\/wp\/v2\/media"}],"about":[{"href":"https:\/\/medicina.udd.cl\/tecnologia-medica-santiago\/wp-json\/wp\/v2\/types\/attachment"}],"author":[{"embeddable":true,"href":"https:\/\/medicina.udd.cl\/tecnologia-medica-santiago\/wp-json\/wp\/v2\/users\/42"}],"replies":[{"embeddable":true,"href":"https:\/\/medicina.udd.cl\/tecnologia-medica-santiago\/wp-json\/wp\/v2\/comments?post=6504"}],"wp:attached-to":[{"embeddable":true,"post_type":"post","id":6503,"href":"https:\/\/medicina.udd.cl\/tecnologia-medica-santiago\/wp-json\/wp\/v2\/posts\/6503"}],"curies":[{"name":"wp","href":"https:\/\/api.w.org\/{rel}","templated":true}]}}

<!-- This site is optimized with the Yoast SEO plugin v26.9 - https://yoast.com/product/yoast-seo-wordpress/ -->
<title>Covid-folleto-definitivo - Tecnología Médica</title>
<meta name="robots" content="index, follow, max-snippet:-1, max-image-preview:large, max-video-preview:-1" />
<link rel="canonical" href="https://medicina.udd.cl/tecnologia-medica-santiago/files/2020/09/Covid-folleto-definitivo.png" />
<meta property="og:locale" content="es_ES" />
<meta property="og:type" content="article" />
<meta property="og:title" content="Covid-folleto-definitivo - Tecnología Médica" />
<meta property="og:url" content="https://medicina.udd.cl/tecnologia-medica-santiago/files/2020/09/Covid-folleto-definitivo.png" />
<meta property="og:site_name" content="Tecnología Médica" />
<meta property="og:image" content="https://medicina.udd.cl/tecnologia-medica-santiago/files/2020/09/Covid-folleto-definitivo.png" />
	<meta property="og:image:width" content="1890" />
	<meta property="og:image:height" content="2646" />
	<meta property="og:image:type" content="image/png" />
<script type="application/ld+json" class="yoast-schema-graph">{"@context":"https://schema.org","@graph":[{"@type":"WebPage","@id":"https://medicina.udd.cl/tecnologia-medica-santiago/files/2020/09/Covid-folleto-definitivo.png","url":"https://medicina.udd.cl/tecnologia-medica-santiago/files/2020/09/Covid-folleto-definitivo.png","name":"Covid-folleto-definitivo - Tecnología Médica","isPartOf":{"@id":"https://medicina.udd.cl/tecnologia-medica-santiago/#website"},"datePublished":"2020-09-22T20:41:53+00:00","breadcrumb":{"@id":"https://medicina.udd.cl/tecnologia-medica-santiago/files/2020/09/Covid-folleto-definitivo.png#breadcrumb"},"inLanguage":"es","potentialAction":[{"@type":"ReadAction","target":["https://medicina.udd.cl/tecnologia-medica-santiago/files/2020/09/Covid-folleto-definitivo.png"]}]},{"@type":"BreadcrumbList","@id":"https://medicina.udd.cl/tecnologia-medica-santiago/files/2020/09/Covid-folleto-definitivo.png#breadcrumb","itemListElement":[{"@type":"ListItem","position":1,"name":"Home","item":"https://medicina.udd.cl/tecnologia-medica-santiago/"},{"@type":"ListItem","position":2,"name":"Comprometida participación de estudiantes de Tecnología Médica en voluntariado Sonríe UDD","item":"https://medicina.udd.cl/tecnologia-medica-santiago/noticias/2020/09/22/comprometida-participacion-de-estudiantes-de-tecnologia-medica-en-voluntariado-sonrie-udd/"},{"@type":"ListItem","position":3,"name":"Covid-folleto-definitivo"}]},{"@type":"WebSite","@id":"https://medicina.udd.cl/tecnologia-medica-santiago/#website","url":"https://medicina.udd.cl/tecnologia-medica-santiago/","name":"Tecnología Médica","description":"Facultad de Medicina Clínica Alemana Universidad del Desarrollo","inLanguage":"es"}]}</script>
<!-- / Yoast SEO plugin. -->

Covid-folleto-definitivo - Tecnología Médica

Tecnología Médica

Comprometida participación de estudiantes de Tecnología Médica en voluntariado Sonríe UDD

Facultad de Medicina Clínica Alemana Universidad del Desarrollo
