{"id":6678,"date":"2020-12-29T16:59:19","date_gmt":"2020-12-29T19:59:19","guid":{"rendered":"http:\/\/medicina.udd.cl\/tecnologia-medica-santiago\/files\/2020\/12\/operativo-san-ram\u00f3n-4.jpg"},"modified":"2020-12-29T16:59:19","modified_gmt":"2020-12-29T19:59:19","slug":"operativo-san-ramon-4","status":"inherit","type":"attachment","link":"https:\/\/medicina.udd.cl\/tecnologia-medica-santiago\/noticias\/2020\/12\/19\/tecnologia-medica-participo-en-operativo-de-salud-realizado-en-la-comuna-de-san-ramon\/operativo-san-ramon-4\/","title":{"rendered":"operativo-san-ram\u00f3n-4"},"author":42,"featured_media":0,"comment_status":"open","ping_status":"closed","template":"","meta":[],"class_list":["post-6678","attachment","type-attachment","status-inherit","hentry"],"yoast_head":"<!-- This site is optimized with the Yoast SEO plugin v26.9 - https:\/\/yoast.com\/product\/yoast-seo-wordpress\/ -->\n<title>operativo-san-ram\u00f3n-4 - Tecnolog\u00eda M\u00e9dica<\/title>\n<meta name=\"robots\" content=\"index, follow, max-snippet:-1, max-image-preview:large, max-video-preview:-1\" \/>\n<link rel=\"canonical\" href=\"https:\/\/medicina.udd.cl\/tecnologia-medica-santiago\/files\/2020\/12\/operativo-san-ram\u00f3n-4.jpg\" \/>\n<meta property=\"og:locale\" content=\"es_ES\" \/>\n<meta property=\"og:type\" content=\"article\" \/>\n<meta property=\"og:title\" content=\"operativo-san-ram\u00f3n-4 - Tecnolog\u00eda M\u00e9dica\" \/>\n<meta property=\"og:url\" content=\"https:\/\/medicina.udd.cl\/tecnologia-medica-santiago\/files\/2020\/12\/operativo-san-ram\u00f3n-4.jpg\" \/>\n<meta property=\"og:site_name\" content=\"Tecnolog\u00eda M\u00e9dica\" \/>\n<meta property=\"og:image\" content=\"https:\/\/medicina.udd.cl\/tecnologia-medica-santiago\/files\/2020\/12\/operativo-san-ram\u00f3n-4.jpg\" \/>\n\t<meta property=\"og:image:width\" content=\"305\" \/>\n\t<meta property=\"og:image:height\" content=\"391\" \/>\n\t<meta property=\"og:image:type\" content=\"image\/jpeg\" \/>\n<script type=\"application\/ld+json\" class=\"yoast-schema-graph\">{\"@context\":\"https:\/\/schema.org\",\"@graph\":[{\"@type\":\"WebPage\",\"@id\":\"https:\/\/medicina.udd.cl\/tecnologia-medica-santiago\/files\/2020\/12\/operativo-san-ram\u00f3n-4.jpg\",\"url\":\"https:\/\/medicina.udd.cl\/tecnologia-medica-santiago\/files\/2020\/12\/operativo-san-ram\u00f3n-4.jpg\",\"name\":\"operativo-san-ram\u00f3n-4 - Tecnolog\u00eda M\u00e9dica\",\"isPartOf\":{\"@id\":\"https:\/\/medicina.udd.cl\/tecnologia-medica-santiago\/#website\"},\"datePublished\":\"2020-12-29T19:59:19+00:00\",\"breadcrumb\":{\"@id\":\"https:\/\/medicina.udd.cl\/tecnologia-medica-santiago\/files\/2020\/12\/operativo-san-ram\u00f3n-4.jpg#breadcrumb\"},\"inLanguage\":\"es\",\"potentialAction\":[{\"@type\":\"ReadAction\",\"target\":[\"https:\/\/medicina.udd.cl\/tecnologia-medica-santiago\/files\/2020\/12\/operativo-san-ram\u00f3n-4.jpg\"]}]},{\"@type\":\"BreadcrumbList\",\"@id\":\"https:\/\/medicina.udd.cl\/tecnologia-medica-santiago\/files\/2020\/12\/operativo-san-ram\u00f3n-4.jpg#breadcrumb\",\"itemListElement\":[{\"@type\":\"ListItem\",\"position\":1,\"name\":\"Home\",\"item\":\"https:\/\/medicina.udd.cl\/tecnologia-medica-santiago\/\"},{\"@type\":\"ListItem\",\"position\":2,\"name\":\"Tecnolog\u00eda M\u00e9dica particip\u00f3 en operativo de salud realizado en la comuna de San Ram\u00f3n\",\"item\":\"https:\/\/medicina.udd.cl\/tecnologia-medica-santiago\/noticias\/2020\/12\/19\/tecnologia-medica-participo-en-operativo-de-salud-realizado-en-la-comuna-de-san-ramon\/\"},{\"@type\":\"ListItem\",\"position\":3,\"name\":\"operativo-san-ram\u00f3n-4\"}]},{\"@type\":\"WebSite\",\"@id\":\"https:\/\/medicina.udd.cl\/tecnologia-medica-santiago\/#website\",\"url\":\"https:\/\/medicina.udd.cl\/tecnologia-medica-santiago\/\",\"name\":\"Tecnolog\u00eda M\u00e9dica\",\"description\":\"Facultad de Medicina Cl\u00ednica Alemana Universidad del Desarrollo\",\"inLanguage\":\"es\"}]}<\/script>\n<!-- \/ Yoast SEO plugin. -->","yoast_head_json":{"title":"operativo-san-ram\u00f3n-4 - Tecnolog\u00eda M\u00e9dica","robots":{"index":"index","follow":"follow","max-snippet":"max-snippet:-1","max-image-preview":"max-image-preview:large","max-video-preview":"max-video-preview:-1"},"canonical":"https:\/\/medicina.udd.cl\/tecnologia-medica-santiago\/files\/2020\/12\/operativo-san-ram\u00f3n-4.jpg","og_locale":"es_ES","og_type":"article","og_title":"operativo-san-ram\u00f3n-4 - Tecnolog\u00eda M\u00e9dica","og_url":"https:\/\/medicina.udd.cl\/tecnologia-medica-santiago\/files\/2020\/12\/operativo-san-ram\u00f3n-4.jpg","og_site_name":"Tecnolog\u00eda M\u00e9dica","og_image":[{"width":305,"height":391,"url":"https:\/\/medicina.udd.cl\/tecnologia-medica-santiago\/files\/2020\/12\/operativo-san-ram\u00f3n-4.jpg","type":"image\/jpeg"}],"schema":{"@context":"https:\/\/schema.org","@graph":[{"@type":"WebPage","@id":"https:\/\/medicina.udd.cl\/tecnologia-medica-santiago\/files\/2020\/12\/operativo-san-ram\u00f3n-4.jpg","url":"https:\/\/medicina.udd.cl\/tecnologia-medica-santiago\/files\/2020\/12\/operativo-san-ram\u00f3n-4.jpg","name":"operativo-san-ram\u00f3n-4 - Tecnolog\u00eda M\u00e9dica","isPartOf":{"@id":"https:\/\/medicina.udd.cl\/tecnologia-medica-santiago\/#website"},"datePublished":"2020-12-29T19:59:19+00:00","breadcrumb":{"@id":"https:\/\/medicina.udd.cl\/tecnologia-medica-santiago\/files\/2020\/12\/operativo-san-ram\u00f3n-4.jpg#breadcrumb"},"inLanguage":"es","potentialAction":[{"@type":"ReadAction","target":["https:\/\/medicina.udd.cl\/tecnologia-medica-santiago\/files\/2020\/12\/operativo-san-ram\u00f3n-4.jpg"]}]},{"@type":"BreadcrumbList","@id":"https:\/\/medicina.udd.cl\/tecnologia-medica-santiago\/files\/2020\/12\/operativo-san-ram\u00f3n-4.jpg#breadcrumb","itemListElement":[{"@type":"ListItem","position":1,"name":"Home","item":"https:\/\/medicina.udd.cl\/tecnologia-medica-santiago\/"},{"@type":"ListItem","position":2,"name":"Tecnolog\u00eda M\u00e9dica particip\u00f3 en operativo de salud realizado en la comuna de San Ram\u00f3n","item":"https:\/\/medicina.udd.cl\/tecnologia-medica-santiago\/noticias\/2020\/12\/19\/tecnologia-medica-participo-en-operativo-de-salud-realizado-en-la-comuna-de-san-ramon\/"},{"@type":"ListItem","position":3,"name":"operativo-san-ram\u00f3n-4"}]},{"@type":"WebSite","@id":"https:\/\/medicina.udd.cl\/tecnologia-medica-santiago\/#website","url":"https:\/\/medicina.udd.cl\/tecnologia-medica-santiago\/","name":"Tecnolog\u00eda M\u00e9dica","description":"Facultad de Medicina Cl\u00ednica Alemana Universidad del Desarrollo","inLanguage":"es"}]}},"description":{"rendered":"<p class=\"attachment\"><a href='https:\/\/medicina.udd.cl\/tecnologia-medica-santiago\/files\/2020\/12\/operativo-san-ram\u00f3n-4.jpg'><img loading=\"lazy\" decoding=\"async\" width=\"234\" height=\"300\" src=\"https:\/\/medicina.udd.cl\/tecnologia-medica-santiago\/files\/2020\/12\/operativo-san-ram\u00f3n-4-234x300.jpg\" class=\"attachment-medium size-medium\" alt=\"\" srcset=\"https:\/\/medicina.udd.cl\/tecnologia-medica-santiago\/files\/2020\/12\/operativo-san-ram\u00f3n-4-234x300.jpg 234w, https:\/\/medicina.udd.cl\/tecnologia-medica-santiago\/files\/2020\/12\/operativo-san-ram\u00f3n-4.jpg 305w\" sizes=\"auto, (max-width: 234px) 100vw, 234px\" \/><\/a><\/p>\n"},"caption":{"rendered":""},"alt_text":"","media_type":"image","mime_type":"image\/jpeg","media_details":{"width":305,"height":391,"file":"2020\/12\/operativo-san-ram\u00f3n-4.jpg","sizes":{"medium":{"file":"operativo-san-ram\u00f3n-4-234x300.jpg","width":234,"height":300,"mime_type":"image\/jpeg","source_url":"https:\/\/medicina.udd.cl\/tecnologia-medica-santiago\/files\/2020\/12\/operativo-san-ram\u00f3n-4-234x300.jpg"},"thumbnail":{"file":"operativo-san-ram\u00f3n-4-150x150.jpg","width":150,"height":150,"mime_type":"image\/jpeg","source_url":"https:\/\/medicina.udd.cl\/tecnologia-medica-santiago\/files\/2020\/12\/operativo-san-ram\u00f3n-4-150x150.jpg"},"newsletter_featured":{"file":"operativo-san-ram\u00f3n-4-305x224.jpg","width":305,"height":224,"mime_type":"image\/jpeg","source_url":"https:\/\/medicina.udd.cl\/tecnologia-medica-santiago\/files\/2020\/12\/operativo-san-ram\u00f3n-4-305x224.jpg"},"newsletter_first":{"file":"operativo-san-ram\u00f3n-4-286x205.jpg","width":286,"height":205,"mime_type":"image\/jpeg","source_url":"https:\/\/medicina.udd.cl\/tecnologia-medica-santiago\/files\/2020\/12\/operativo-san-ram\u00f3n-4-286x205.jpg"},"newsletter_thumb":{"file":"operativo-san-ram\u00f3n-4-288x150.jpg","width":288,"height":150,"mime_type":"image\/jpeg","source_url":"https:\/\/medicina.udd.cl\/tecnologia-medica-santiago\/files\/2020\/12\/operativo-san-ram\u00f3n-4-288x150.jpg"},"newsletter_column":{"file":"operativo-san-ram\u00f3n-4-182x140.jpg","width":182,"height":140,"mime_type":"image\/jpeg","source_url":"https:\/\/medicina.udd.cl\/tecnologia-medica-santiago\/files\/2020\/12\/operativo-san-ram\u00f3n-4-182x140.jpg"},"newsletter_square":{"file":"operativo-san-ram\u00f3n-4-62x62.jpg","width":62,"height":62,"mime_type":"image\/jpeg","source_url":"https:\/\/medicina.udd.cl\/tecnologia-medica-santiago\/files\/2020\/12\/operativo-san-ram\u00f3n-4-62x62.jpg"},"newsletter_square_large":{"file":"operativo-san-ram\u00f3n-4-87x62.jpg","width":87,"height":62,"mime_type":"image\/jpeg","source_url":"https:\/\/medicina.udd.cl\/tecnologia-medica-santiago\/files\/2020\/12\/operativo-san-ram\u00f3n-4-87x62.jpg"},"landscape_680":{"file":"operativo-san-ram\u00f3n-4-305x382.jpg","width":305,"height":382,"mime_type":"image\/jpeg","source_url":"https:\/\/medicina.udd.cl\/tecnologia-medica-santiago\/files\/2020\/12\/operativo-san-ram\u00f3n-4-305x382.jpg"},"square_200":{"file":"operativo-san-ram\u00f3n-4-250x250.jpg","width":250,"height":250,"mime_type":"image\/jpeg","source_url":"https:\/\/medicina.udd.cl\/tecnologia-medica-santiago\/files\/2020\/12\/operativo-san-ram\u00f3n-4-250x250.jpg"},"custom_content":{"file":"operativo-san-ram\u00f3n-4-126x126.jpg","width":126,"height":126,"mime_type":"image\/jpeg","source_url":"https:\/\/medicina.udd.cl\/tecnologia-medica-santiago\/files\/2020\/12\/operativo-san-ram\u00f3n-4-126x126.jpg"},"full":{"file":"operativo-san-ram\u00f3n-4.jpg","width":305,"height":391,"mime_type":"image\/jpeg","source_url":"https:\/\/medicina.udd.cl\/tecnologia-medica-santiago\/files\/2020\/12\/operativo-san-ram\u00f3n-4.jpg"}},"image_meta":{"aperture":"0","credit":"","camera":"","caption":"","created_timestamp":"0","copyright":"","focal_length":"0","iso":"0","shutter_speed":"0","title":"","orientation":"0","keywords":[]}},"post":6673,"source_url":"https:\/\/medicina.udd.cl\/tecnologia-medica-santiago\/files\/2020\/12\/operativo-san-ram\u00f3n-4.jpg","_links":{"self":[{"href":"https:\/\/medicina.udd.cl\/tecnologia-medica-santiago\/wp-json\/wp\/v2\/media\/6678","targetHints":{"allow":["GET"]}}],"collection":[{"href":"https:\/\/medicina.udd.cl\/tecnologia-medica-santiago\/wp-json\/wp\/v2\/media"}],"about":[{"href":"https:\/\/medicina.udd.cl\/tecnologia-medica-santiago\/wp-json\/wp\/v2\/types\/attachment"}],"author":[{"embeddable":true,"href":"https:\/\/medicina.udd.cl\/tecnologia-medica-santiago\/wp-json\/wp\/v2\/users\/42"}],"replies":[{"embeddable":true,"href":"https:\/\/medicina.udd.cl\/tecnologia-medica-santiago\/wp-json\/wp\/v2\/comments?post=6678"}],"wp:attached-to":[{"embeddable":true,"post_type":"post","id":6673,"href":"https:\/\/medicina.udd.cl\/tecnologia-medica-santiago\/wp-json\/wp\/v2\/posts\/6673"}],"curies":[{"name":"wp","href":"https:\/\/api.w.org\/{rel}","templated":true}]}}

http://medicina.udd.cl/tecnologia-medica-santiago/files/2020/12/operativo-san-ramón-4.jpg

operativo-san-ramón-4

<!-- This site is optimized with the Yoast SEO plugin v26.9 - https://yoast.com/product/yoast-seo-wordpress/ -->
<title>operativo-san-ramón-4 - Tecnología Médica</title>
<meta name="robots" content="index, follow, max-snippet:-1, max-image-preview:large, max-video-preview:-1" />
<link rel="canonical" href="https://medicina.udd.cl/tecnologia-medica-santiago/files/2020/12/operativo-san-ramón-4.jpg" />
<meta property="og:locale" content="es_ES" />
<meta property="og:type" content="article" />
<meta property="og:title" content="operativo-san-ramón-4 - Tecnología Médica" />
<meta property="og:url" content="https://medicina.udd.cl/tecnologia-medica-santiago/files/2020/12/operativo-san-ramón-4.jpg" />
<meta property="og:site_name" content="Tecnología Médica" />
<meta property="og:image" content="https://medicina.udd.cl/tecnologia-medica-santiago/files/2020/12/operativo-san-ramón-4.jpg" />
	<meta property="og:image:width" content="305" />
	<meta property="og:image:height" content="391" />
	<meta property="og:image:type" content="image/jpeg" />
<script type="application/ld+json" class="yoast-schema-graph">{"@context":"https://schema.org","@graph":[{"@type":"WebPage","@id":"https://medicina.udd.cl/tecnologia-medica-santiago/files/2020/12/operativo-san-ramón-4.jpg","url":"https://medicina.udd.cl/tecnologia-medica-santiago/files/2020/12/operativo-san-ramón-4.jpg","name":"operativo-san-ramón-4 - Tecnología Médica","isPartOf":{"@id":"https://medicina.udd.cl/tecnologia-medica-santiago/#website"},"datePublished":"2020-12-29T19:59:19+00:00","breadcrumb":{"@id":"https://medicina.udd.cl/tecnologia-medica-santiago/files/2020/12/operativo-san-ramón-4.jpg#breadcrumb"},"inLanguage":"es","potentialAction":[{"@type":"ReadAction","target":["https://medicina.udd.cl/tecnologia-medica-santiago/files/2020/12/operativo-san-ramón-4.jpg"]}]},{"@type":"BreadcrumbList","@id":"https://medicina.udd.cl/tecnologia-medica-santiago/files/2020/12/operativo-san-ramón-4.jpg#breadcrumb","itemListElement":[{"@type":"ListItem","position":1,"name":"Home","item":"https://medicina.udd.cl/tecnologia-medica-santiago/"},{"@type":"ListItem","position":2,"name":"Tecnología Médica participó en operativo de salud realizado en la comuna de San Ramón","item":"https://medicina.udd.cl/tecnologia-medica-santiago/noticias/2020/12/19/tecnologia-medica-participo-en-operativo-de-salud-realizado-en-la-comuna-de-san-ramon/"},{"@type":"ListItem","position":3,"name":"operativo-san-ramón-4"}]},{"@type":"WebSite","@id":"https://medicina.udd.cl/tecnologia-medica-santiago/#website","url":"https://medicina.udd.cl/tecnologia-medica-santiago/","name":"Tecnología Médica","description":"Facultad de Medicina Clínica Alemana Universidad del Desarrollo","inLanguage":"es"}]}</script>
<!-- / Yoast SEO plugin. -->

operativo-san-ramón-4 - Tecnología Médica

https://medicina.udd.cl/tecnologia-medica-santiago/files/2020/12/operativo-san-ramón-4.jpg

Tecnología Médica

https://medicina.udd.cl/tecnologia-medica-santiago/files/2020/12/operativo-san-ramón-4.jpg#breadcrumb

Tecnología Médica participó en operativo de salud realizado en la comuna de San Ramón

Facultad de Medicina Clínica Alemana Universidad del Desarrollo

<p class="attachment"><a href='https://medicina.udd.cl/tecnologia-medica-santiago/files/2020/12/operativo-san-ramón-4.jpg'><img loading="lazy" decoding="async" width="234" height="300" src="https://medicina.udd.cl/tecnologia-medica-santiago/files/2020/12/operativo-san-ramón-4-234x300.jpg" class="attachment-medium size-medium" alt="" srcset="https://medicina.udd.cl/tecnologia-medica-santiago/files/2020/12/operativo-san-ramón-4-234x300.jpg 234w, https://medicina.udd.cl/tecnologia-medica-santiago/files/2020/12/operativo-san-ramón-4.jpg 305w" sizes="auto, (max-width: 234px) 100vw, 234px" /></a></p>

2020/12/operativo-san-ramón-4.jpg

operativo-san-ramón-4-234x300.jpg

https://medicina.udd.cl/tecnologia-medica-santiago/files/2020/12/operativo-san-ramón-4-234x300.jpg

operativo-san-ramón-4-150x150.jpg

https://medicina.udd.cl/tecnologia-medica-santiago/files/2020/12/operativo-san-ramón-4-150x150.jpg

operativo-san-ramón-4-305x224.jpg

https://medicina.udd.cl/tecnologia-medica-santiago/files/2020/12/operativo-san-ramón-4-305x224.jpg

operativo-san-ramón-4-286x205.jpg

https://medicina.udd.cl/tecnologia-medica-santiago/files/2020/12/operativo-san-ramón-4-286x205.jpg

operativo-san-ramón-4-288x150.jpg

https://medicina.udd.cl/tecnologia-medica-santiago/files/2020/12/operativo-san-ramón-4-288x150.jpg

operativo-san-ramón-4-182x140.jpg

https://medicina.udd.cl/tecnologia-medica-santiago/files/2020/12/operativo-san-ramón-4-182x140.jpg

operativo-san-ramón-4-62x62.jpg

https://medicina.udd.cl/tecnologia-medica-santiago/files/2020/12/operativo-san-ramón-4-62x62.jpg

operativo-san-ramón-4-87x62.jpg

https://medicina.udd.cl/tecnologia-medica-santiago/files/2020/12/operativo-san-ramón-4-87x62.jpg

operativo-san-ramón-4-305x382.jpg

https://medicina.udd.cl/tecnologia-medica-santiago/files/2020/12/operativo-san-ramón-4-305x382.jpg

operativo-san-ramón-4-250x250.jpg

https://medicina.udd.cl/tecnologia-medica-santiago/files/2020/12/operativo-san-ramón-4-250x250.jpg

operativo-san-ramón-4-126x126.jpg

https://medicina.udd.cl/tecnologia-medica-santiago/files/2020/12/operativo-san-ramón-4-126x126.jpg

operativo-san-ramón-4.jpg
