{"id":7124,"date":"2021-09-13T15:48:57","date_gmt":"2021-09-13T18:48:57","guid":{"rendered":"https:\/\/medicina.udd.cl\/tecnologia-medica-santiago\/files\/2021\/09\/charla-per\u00fa-5.jpg"},"modified":"2021-09-13T15:48:57","modified_gmt":"2021-09-13T18:48:57","slug":"charla-peru-5","status":"inherit","type":"attachment","link":"https:\/\/medicina.udd.cl\/tecnologia-medica-santiago\/noticias\/2021\/08\/31\/docente-de-tecnologia-medica-dicto-clases-virtuales-en-las-universidades-norbert-wiener-y-nacional-federico-villarreal-de-peru\/charla-peru-5\/","title":{"rendered":"charla-per\u00fa-5"},"author":42,"featured_media":0,"comment_status":"open","ping_status":"closed","template":"","meta":[],"class_list":["post-7124","attachment","type-attachment","status-inherit","hentry"],"yoast_head":"<!-- This site is optimized with the Yoast SEO plugin v26.9 - https:\/\/yoast.com\/product\/yoast-seo-wordpress\/ -->\n<title>charla-per\u00fa-5 - Tecnolog\u00eda M\u00e9dica<\/title>\n<meta name=\"robots\" content=\"index, follow, max-snippet:-1, max-image-preview:large, max-video-preview:-1\" \/>\n<link rel=\"canonical\" href=\"https:\/\/medicina.udd.cl\/tecnologia-medica-santiago\/files\/2021\/09\/charla-per\u00fa-5.jpg\" \/>\n<meta property=\"og:locale\" content=\"es_ES\" \/>\n<meta property=\"og:type\" content=\"article\" \/>\n<meta property=\"og:title\" content=\"charla-per\u00fa-5 - Tecnolog\u00eda M\u00e9dica\" \/>\n<meta property=\"og:url\" content=\"https:\/\/medicina.udd.cl\/tecnologia-medica-santiago\/files\/2021\/09\/charla-per\u00fa-5.jpg\" \/>\n<meta property=\"og:site_name\" content=\"Tecnolog\u00eda M\u00e9dica\" \/>\n<meta property=\"og:image\" content=\"https:\/\/medicina.udd.cl\/tecnologia-medica-santiago\/files\/2021\/09\/charla-per\u00fa-5.jpg\" \/>\n\t<meta property=\"og:image:width\" content=\"1149\" \/>\n\t<meta property=\"og:image:height\" content=\"594\" \/>\n\t<meta property=\"og:image:type\" content=\"image\/jpeg\" \/>\n<script type=\"application\/ld+json\" class=\"yoast-schema-graph\">{\"@context\":\"https:\/\/schema.org\",\"@graph\":[{\"@type\":\"WebPage\",\"@id\":\"https:\/\/medicina.udd.cl\/tecnologia-medica-santiago\/files\/2021\/09\/charla-per\u00fa-5.jpg\",\"url\":\"https:\/\/medicina.udd.cl\/tecnologia-medica-santiago\/files\/2021\/09\/charla-per\u00fa-5.jpg\",\"name\":\"charla-per\u00fa-5 - Tecnolog\u00eda M\u00e9dica\",\"isPartOf\":{\"@id\":\"https:\/\/medicina.udd.cl\/tecnologia-medica-santiago\/#website\"},\"datePublished\":\"2021-09-13T18:48:57+00:00\",\"breadcrumb\":{\"@id\":\"https:\/\/medicina.udd.cl\/tecnologia-medica-santiago\/files\/2021\/09\/charla-per\u00fa-5.jpg#breadcrumb\"},\"inLanguage\":\"es\",\"potentialAction\":[{\"@type\":\"ReadAction\",\"target\":[\"https:\/\/medicina.udd.cl\/tecnologia-medica-santiago\/files\/2021\/09\/charla-per\u00fa-5.jpg\"]}]},{\"@type\":\"BreadcrumbList\",\"@id\":\"https:\/\/medicina.udd.cl\/tecnologia-medica-santiago\/files\/2021\/09\/charla-per\u00fa-5.jpg#breadcrumb\",\"itemListElement\":[{\"@type\":\"ListItem\",\"position\":1,\"name\":\"Home\",\"item\":\"https:\/\/medicina.udd.cl\/tecnologia-medica-santiago\/\"},{\"@type\":\"ListItem\",\"position\":2,\"name\":\"Docente de Tecnolog\u00eda M\u00e9dica dict\u00f3 clases virtuales en las universidades Norbert Wiener y Nacional Federico Villarreal de Per\u00fa\",\"item\":\"https:\/\/medicina.udd.cl\/tecnologia-medica-santiago\/noticias\/2021\/08\/31\/docente-de-tecnologia-medica-dicto-clases-virtuales-en-las-universidades-norbert-wiener-y-nacional-federico-villarreal-de-peru\/\"},{\"@type\":\"ListItem\",\"position\":3,\"name\":\"charla-per\u00fa-5\"}]},{\"@type\":\"WebSite\",\"@id\":\"https:\/\/medicina.udd.cl\/tecnologia-medica-santiago\/#website\",\"url\":\"https:\/\/medicina.udd.cl\/tecnologia-medica-santiago\/\",\"name\":\"Tecnolog\u00eda M\u00e9dica\",\"description\":\"Facultad de Medicina Cl\u00ednica Alemana Universidad del Desarrollo\",\"inLanguage\":\"es\"}]}<\/script>\n<!-- \/ Yoast SEO plugin. -->","yoast_head_json":{"title":"charla-per\u00fa-5 - Tecnolog\u00eda M\u00e9dica","robots":{"index":"index","follow":"follow","max-snippet":"max-snippet:-1","max-image-preview":"max-image-preview:large","max-video-preview":"max-video-preview:-1"},"canonical":"https:\/\/medicina.udd.cl\/tecnologia-medica-santiago\/files\/2021\/09\/charla-per\u00fa-5.jpg","og_locale":"es_ES","og_type":"article","og_title":"charla-per\u00fa-5 - Tecnolog\u00eda M\u00e9dica","og_url":"https:\/\/medicina.udd.cl\/tecnologia-medica-santiago\/files\/2021\/09\/charla-per\u00fa-5.jpg","og_site_name":"Tecnolog\u00eda M\u00e9dica","og_image":[{"width":1149,"height":594,"url":"https:\/\/medicina.udd.cl\/tecnologia-medica-santiago\/files\/2021\/09\/charla-per\u00fa-5.jpg","type":"image\/jpeg"}],"schema":{"@context":"https:\/\/schema.org","@graph":[{"@type":"WebPage","@id":"https:\/\/medicina.udd.cl\/tecnologia-medica-santiago\/files\/2021\/09\/charla-per\u00fa-5.jpg","url":"https:\/\/medicina.udd.cl\/tecnologia-medica-santiago\/files\/2021\/09\/charla-per\u00fa-5.jpg","name":"charla-per\u00fa-5 - Tecnolog\u00eda M\u00e9dica","isPartOf":{"@id":"https:\/\/medicina.udd.cl\/tecnologia-medica-santiago\/#website"},"datePublished":"2021-09-13T18:48:57+00:00","breadcrumb":{"@id":"https:\/\/medicina.udd.cl\/tecnologia-medica-santiago\/files\/2021\/09\/charla-per\u00fa-5.jpg#breadcrumb"},"inLanguage":"es","potentialAction":[{"@type":"ReadAction","target":["https:\/\/medicina.udd.cl\/tecnologia-medica-santiago\/files\/2021\/09\/charla-per\u00fa-5.jpg"]}]},{"@type":"BreadcrumbList","@id":"https:\/\/medicina.udd.cl\/tecnologia-medica-santiago\/files\/2021\/09\/charla-per\u00fa-5.jpg#breadcrumb","itemListElement":[{"@type":"ListItem","position":1,"name":"Home","item":"https:\/\/medicina.udd.cl\/tecnologia-medica-santiago\/"},{"@type":"ListItem","position":2,"name":"Docente de Tecnolog\u00eda M\u00e9dica dict\u00f3 clases virtuales en las universidades Norbert Wiener y Nacional Federico Villarreal de Per\u00fa","item":"https:\/\/medicina.udd.cl\/tecnologia-medica-santiago\/noticias\/2021\/08\/31\/docente-de-tecnologia-medica-dicto-clases-virtuales-en-las-universidades-norbert-wiener-y-nacional-federico-villarreal-de-peru\/"},{"@type":"ListItem","position":3,"name":"charla-per\u00fa-5"}]},{"@type":"WebSite","@id":"https:\/\/medicina.udd.cl\/tecnologia-medica-santiago\/#website","url":"https:\/\/medicina.udd.cl\/tecnologia-medica-santiago\/","name":"Tecnolog\u00eda M\u00e9dica","description":"Facultad de Medicina Cl\u00ednica Alemana Universidad del Desarrollo","inLanguage":"es"}]}},"description":{"rendered":"<p class=\"attachment\"><a href='https:\/\/medicina.udd.cl\/tecnologia-medica-santiago\/files\/2021\/09\/charla-per\u00fa-5.jpg'><img loading=\"lazy\" decoding=\"async\" width=\"300\" height=\"155\" src=\"https:\/\/medicina.udd.cl\/tecnologia-medica-santiago\/files\/2021\/09\/charla-per\u00fa-5-300x155.jpg\" class=\"attachment-medium size-medium\" alt=\"\" srcset=\"https:\/\/medicina.udd.cl\/tecnologia-medica-santiago\/files\/2021\/09\/charla-per\u00fa-5-300x155.jpg 300w, https:\/\/medicina.udd.cl\/tecnologia-medica-santiago\/files\/2021\/09\/charla-per\u00fa-5-1024x529.jpg 1024w, https:\/\/medicina.udd.cl\/tecnologia-medica-santiago\/files\/2021\/09\/charla-per\u00fa-5-768x397.jpg 768w, https:\/\/medicina.udd.cl\/tecnologia-medica-santiago\/files\/2021\/09\/charla-per\u00fa-5-288x150.jpg 288w, https:\/\/medicina.udd.cl\/tecnologia-medica-santiago\/files\/2021\/09\/charla-per\u00fa-5.jpg 1149w\" sizes=\"auto, (max-width: 300px) 100vw, 300px\" \/><\/a><\/p>\n"},"caption":{"rendered":""},"alt_text":"","media_type":"image","mime_type":"image\/jpeg","media_details":{"width":1149,"height":594,"file":"2021\/09\/charla-per\u00fa-5.jpg","sizes":{"medium":{"file":"charla-per\u00fa-5-300x155.jpg","width":300,"height":155,"mime_type":"image\/jpeg","source_url":"https:\/\/medicina.udd.cl\/tecnologia-medica-santiago\/files\/2021\/09\/charla-per\u00fa-5-300x155.jpg"},"large":{"file":"charla-per\u00fa-5-1024x529.jpg","width":1024,"height":529,"mime_type":"image\/jpeg","source_url":"https:\/\/medicina.udd.cl\/tecnologia-medica-santiago\/files\/2021\/09\/charla-per\u00fa-5-1024x529.jpg"},"thumbnail":{"file":"charla-per\u00fa-5-150x150.jpg","width":150,"height":150,"mime_type":"image\/jpeg","source_url":"https:\/\/medicina.udd.cl\/tecnologia-medica-santiago\/files\/2021\/09\/charla-per\u00fa-5-150x150.jpg"},"medium_large":{"file":"charla-per\u00fa-5-768x397.jpg","width":768,"height":397,"mime_type":"image\/jpeg","source_url":"https:\/\/medicina.udd.cl\/tecnologia-medica-santiago\/files\/2021\/09\/charla-per\u00fa-5-768x397.jpg"},"newsletter_featured":{"file":"charla-per\u00fa-5-316x224.jpg","width":316,"height":224,"mime_type":"image\/jpeg","source_url":"https:\/\/medicina.udd.cl\/tecnologia-medica-santiago\/files\/2021\/09\/charla-per\u00fa-5-316x224.jpg"},"newsletter_first":{"file":"charla-per\u00fa-5-286x205.jpg","width":286,"height":205,"mime_type":"image\/jpeg","source_url":"https:\/\/medicina.udd.cl\/tecnologia-medica-santiago\/files\/2021\/09\/charla-per\u00fa-5-286x205.jpg"},"newsletter_thumb":{"file":"charla-per\u00fa-5-288x150.jpg","width":288,"height":150,"mime_type":"image\/jpeg","source_url":"https:\/\/medicina.udd.cl\/tecnologia-medica-santiago\/files\/2021\/09\/charla-per\u00fa-5-288x150.jpg"},"newsletter_column":{"file":"charla-per\u00fa-5-182x140.jpg","width":182,"height":140,"mime_type":"image\/jpeg","source_url":"https:\/\/medicina.udd.cl\/tecnologia-medica-santiago\/files\/2021\/09\/charla-per\u00fa-5-182x140.jpg"},"newsletter_square":{"file":"charla-per\u00fa-5-62x62.jpg","width":62,"height":62,"mime_type":"image\/jpeg","source_url":"https:\/\/medicina.udd.cl\/tecnologia-medica-santiago\/files\/2021\/09\/charla-per\u00fa-5-62x62.jpg"},"newsletter_square_large":{"file":"charla-per\u00fa-5-87x62.jpg","width":87,"height":62,"mime_type":"image\/jpeg","source_url":"https:\/\/medicina.udd.cl\/tecnologia-medica-santiago\/files\/2021\/09\/charla-per\u00fa-5-87x62.jpg"},"landscape_952":{"file":"charla-per\u00fa-5-952x534.jpg","width":952,"height":534,"mime_type":"image\/jpeg","source_url":"https:\/\/medicina.udd.cl\/tecnologia-medica-santiago\/files\/2021\/09\/charla-per\u00fa-5-952x534.jpg"},"landscape_680":{"file":"charla-per\u00fa-5-680x382.jpg","width":680,"height":382,"mime_type":"image\/jpeg","source_url":"https:\/\/medicina.udd.cl\/tecnologia-medica-santiago\/files\/2021\/09\/charla-per\u00fa-5-680x382.jpg"},"square_750":{"file":"charla-per\u00fa-5-750x594.jpg","width":750,"height":594,"mime_type":"image\/jpeg","source_url":"https:\/\/medicina.udd.cl\/tecnologia-medica-santiago\/files\/2021\/09\/charla-per\u00fa-5-750x594.jpg"},"square_500":{"file":"charla-per\u00fa-5-500x500.jpg","width":500,"height":500,"mime_type":"image\/jpeg","source_url":"https:\/\/medicina.udd.cl\/tecnologia-medica-santiago\/files\/2021\/09\/charla-per\u00fa-5-500x500.jpg"},"square_200":{"file":"charla-per\u00fa-5-250x250.jpg","width":250,"height":250,"mime_type":"image\/jpeg","source_url":"https:\/\/medicina.udd.cl\/tecnologia-medica-santiago\/files\/2021\/09\/charla-per\u00fa-5-250x250.jpg"},"post-thumbnail":{"file":"charla-per\u00fa-5-952x534.jpg","width":952,"height":534,"mime_type":"image\/jpeg","source_url":"https:\/\/medicina.udd.cl\/tecnologia-medica-santiago\/files\/2021\/09\/charla-per\u00fa-5-952x534.jpg"},"custom_content":{"file":"charla-per\u00fa-5-126x126.jpg","width":126,"height":126,"mime_type":"image\/jpeg","source_url":"https:\/\/medicina.udd.cl\/tecnologia-medica-santiago\/files\/2021\/09\/charla-per\u00fa-5-126x126.jpg"},"full":{"file":"charla-per\u00fa-5.jpg","width":1149,"height":594,"mime_type":"image\/jpeg","source_url":"https:\/\/medicina.udd.cl\/tecnologia-medica-santiago\/files\/2021\/09\/charla-per\u00fa-5.jpg"}},"image_meta":{"aperture":"0","credit":"","camera":"","caption":"","created_timestamp":"0","copyright":"","focal_length":"0","iso":"0","shutter_speed":"0","title":"","orientation":"0","keywords":[]}},"post":7118,"source_url":"https:\/\/medicina.udd.cl\/tecnologia-medica-santiago\/files\/2021\/09\/charla-per\u00fa-5.jpg","_links":{"self":[{"href":"https:\/\/medicina.udd.cl\/tecnologia-medica-santiago\/wp-json\/wp\/v2\/media\/7124","targetHints":{"allow":["GET"]}}],"collection":[{"href":"https:\/\/medicina.udd.cl\/tecnologia-medica-santiago\/wp-json\/wp\/v2\/media"}],"about":[{"href":"https:\/\/medicina.udd.cl\/tecnologia-medica-santiago\/wp-json\/wp\/v2\/types\/attachment"}],"author":[{"embeddable":true,"href":"https:\/\/medicina.udd.cl\/tecnologia-medica-santiago\/wp-json\/wp\/v2\/users\/42"}],"replies":[{"embeddable":true,"href":"https:\/\/medicina.udd.cl\/tecnologia-medica-santiago\/wp-json\/wp\/v2\/comments?post=7124"}],"wp:attached-to":[{"embeddable":true,"post_type":"post","id":7118,"href":"https:\/\/medicina.udd.cl\/tecnologia-medica-santiago\/wp-json\/wp\/v2\/posts\/7118"}],"curies":[{"name":"wp","href":"https:\/\/api.w.org\/{rel}","templated":true}]}}

https://medicina.udd.cl/tecnologia-medica-santiago/files/2021/09/charla-perú-5.jpg

charla-perú-5

<!-- This site is optimized with the Yoast SEO plugin v26.9 - https://yoast.com/product/yoast-seo-wordpress/ -->
<title>charla-perú-5 - Tecnología Médica</title>
<meta name="robots" content="index, follow, max-snippet:-1, max-image-preview:large, max-video-preview:-1" />
<link rel="canonical" href="https://medicina.udd.cl/tecnologia-medica-santiago/files/2021/09/charla-perú-5.jpg" />
<meta property="og:locale" content="es_ES" />
<meta property="og:type" content="article" />
<meta property="og:title" content="charla-perú-5 - Tecnología Médica" />
<meta property="og:url" content="https://medicina.udd.cl/tecnologia-medica-santiago/files/2021/09/charla-perú-5.jpg" />
<meta property="og:site_name" content="Tecnología Médica" />
<meta property="og:image" content="https://medicina.udd.cl/tecnologia-medica-santiago/files/2021/09/charla-perú-5.jpg" />
	<meta property="og:image:width" content="1149" />
	<meta property="og:image:height" content="594" />
	<meta property="og:image:type" content="image/jpeg" />
<script type="application/ld+json" class="yoast-schema-graph">{"@context":"https://schema.org","@graph":[{"@type":"WebPage","@id":"https://medicina.udd.cl/tecnologia-medica-santiago/files/2021/09/charla-perú-5.jpg","url":"https://medicina.udd.cl/tecnologia-medica-santiago/files/2021/09/charla-perú-5.jpg","name":"charla-perú-5 - Tecnología Médica","isPartOf":{"@id":"https://medicina.udd.cl/tecnologia-medica-santiago/#website"},"datePublished":"2021-09-13T18:48:57+00:00","breadcrumb":{"@id":"https://medicina.udd.cl/tecnologia-medica-santiago/files/2021/09/charla-perú-5.jpg#breadcrumb"},"inLanguage":"es","potentialAction":[{"@type":"ReadAction","target":["https://medicina.udd.cl/tecnologia-medica-santiago/files/2021/09/charla-perú-5.jpg"]}]},{"@type":"BreadcrumbList","@id":"https://medicina.udd.cl/tecnologia-medica-santiago/files/2021/09/charla-perú-5.jpg#breadcrumb","itemListElement":[{"@type":"ListItem","position":1,"name":"Home","item":"https://medicina.udd.cl/tecnologia-medica-santiago/"},{"@type":"ListItem","position":2,"name":"Docente de Tecnología Médica dictó clases virtuales en las universidades Norbert Wiener y Nacional Federico Villarreal de Perú","item":"https://medicina.udd.cl/tecnologia-medica-santiago/noticias/2021/08/31/docente-de-tecnologia-medica-dicto-clases-virtuales-en-las-universidades-norbert-wiener-y-nacional-federico-villarreal-de-peru/"},{"@type":"ListItem","position":3,"name":"charla-perú-5"}]},{"@type":"WebSite","@id":"https://medicina.udd.cl/tecnologia-medica-santiago/#website","url":"https://medicina.udd.cl/tecnologia-medica-santiago/","name":"Tecnología Médica","description":"Facultad de Medicina Clínica Alemana Universidad del Desarrollo","inLanguage":"es"}]}</script>
<!-- / Yoast SEO plugin. -->

charla-perú-5 - Tecnología Médica

Tecnología Médica

https://medicina.udd.cl/tecnologia-medica-santiago/files/2021/09/charla-perú-5.jpg#breadcrumb

Docente de Tecnología Médica dictó clases virtuales en las universidades Norbert Wiener y Nacional Federico Villarreal de Perú

Facultad de Medicina Clínica Alemana Universidad del Desarrollo

<p class="attachment"><a href='https://medicina.udd.cl/tecnologia-medica-santiago/files/2021/09/charla-perú-5.jpg'><img loading="lazy" decoding="async" width="300" height="155" src="https://medicina.udd.cl/tecnologia-medica-santiago/files/2021/09/charla-perú-5-300x155.jpg" class="attachment-medium size-medium" alt="" srcset="https://medicina.udd.cl/tecnologia-medica-santiago/files/2021/09/charla-perú-5-300x155.jpg 300w, https://medicina.udd.cl/tecnologia-medica-santiago/files/2021/09/charla-perú-5-1024x529.jpg 1024w, https://medicina.udd.cl/tecnologia-medica-santiago/files/2021/09/charla-perú-5-768x397.jpg 768w, https://medicina.udd.cl/tecnologia-medica-santiago/files/2021/09/charla-perú-5-288x150.jpg 288w, https://medicina.udd.cl/tecnologia-medica-santiago/files/2021/09/charla-perú-5.jpg 1149w" sizes="auto, (max-width: 300px) 100vw, 300px" /></a></p>

2021/09/charla-perú-5.jpg

charla-perú-5-300x155.jpg

https://medicina.udd.cl/tecnologia-medica-santiago/files/2021/09/charla-perú-5-300x155.jpg

charla-perú-5-1024x529.jpg

https://medicina.udd.cl/tecnologia-medica-santiago/files/2021/09/charla-perú-5-1024x529.jpg

charla-perú-5-150x150.jpg

https://medicina.udd.cl/tecnologia-medica-santiago/files/2021/09/charla-perú-5-150x150.jpg

charla-perú-5-768x397.jpg

https://medicina.udd.cl/tecnologia-medica-santiago/files/2021/09/charla-perú-5-768x397.jpg

charla-perú-5-316x224.jpg

https://medicina.udd.cl/tecnologia-medica-santiago/files/2021/09/charla-perú-5-316x224.jpg

charla-perú-5-286x205.jpg

https://medicina.udd.cl/tecnologia-medica-santiago/files/2021/09/charla-perú-5-286x205.jpg

charla-perú-5-288x150.jpg

https://medicina.udd.cl/tecnologia-medica-santiago/files/2021/09/charla-perú-5-288x150.jpg

charla-perú-5-182x140.jpg

https://medicina.udd.cl/tecnologia-medica-santiago/files/2021/09/charla-perú-5-182x140.jpg

charla-perú-5-62x62.jpg

https://medicina.udd.cl/tecnologia-medica-santiago/files/2021/09/charla-perú-5-62x62.jpg

charla-perú-5-87x62.jpg

https://medicina.udd.cl/tecnologia-medica-santiago/files/2021/09/charla-perú-5-87x62.jpg

charla-perú-5-952x534.jpg

https://medicina.udd.cl/tecnologia-medica-santiago/files/2021/09/charla-perú-5-952x534.jpg

charla-perú-5-680x382.jpg

https://medicina.udd.cl/tecnologia-medica-santiago/files/2021/09/charla-perú-5-680x382.jpg

charla-perú-5-750x594.jpg

https://medicina.udd.cl/tecnologia-medica-santiago/files/2021/09/charla-perú-5-750x594.jpg

charla-perú-5-500x500.jpg

https://medicina.udd.cl/tecnologia-medica-santiago/files/2021/09/charla-perú-5-500x500.jpg

charla-perú-5-250x250.jpg

https://medicina.udd.cl/tecnologia-medica-santiago/files/2021/09/charla-perú-5-250x250.jpg

charla-perú-5-126x126.jpg

https://medicina.udd.cl/tecnologia-medica-santiago/files/2021/09/charla-perú-5-126x126.jpg

charla-perú-5.jpg
