{"id":7423,"date":"2022-01-28T11:17:29","date_gmt":"2022-01-28T14:17:29","guid":{"rendered":"https:\/\/medicina.udd.cl\/tecnologia-medica-santiago\/files\/2022\/01\/Valentina-con-Ma.-Adriana-Parra.jpg"},"modified":"2022-01-28T11:28:46","modified_gmt":"2022-01-28T14:28:46","slug":"valentina-con-ma-adriana-parra","status":"inherit","type":"attachment","link":"https:\/\/medicina.udd.cl\/tecnologia-medica-santiago\/noticias\/2022\/01\/28\/tituladas-de-tecnologia-medica-aprueban-con-distincion-defensa-publica-de-tesis-doctoral\/valentina-con-ma-adriana-parra\/","title":{"rendered":"Valentina con Ma. Adriana Parra"},"author":9192219,"featured_media":0,"comment_status":"open","ping_status":"closed","template":"","meta":[],"class_list":["post-7423","attachment","type-attachment","status-inherit","hentry"],"yoast_head":"<!-- This site is optimized with the Yoast SEO plugin v26.9 - https:\/\/yoast.com\/product\/yoast-seo-wordpress\/ -->\n<title>Valentina con Ma. Adriana Parra - Tecnolog\u00eda M\u00e9dica<\/title>\n<meta name=\"robots\" content=\"index, follow, max-snippet:-1, max-image-preview:large, max-video-preview:-1\" \/>\n<link rel=\"canonical\" href=\"https:\/\/medicina.udd.cl\/tecnologia-medica-santiago\/files\/2022\/01\/Valentina-con-Ma.-Adriana-Parra.jpg\" \/>\n<meta property=\"og:locale\" content=\"es_ES\" \/>\n<meta property=\"og:type\" content=\"article\" \/>\n<meta property=\"og:title\" content=\"Valentina con Ma. Adriana Parra - Tecnolog\u00eda M\u00e9dica\" \/>\n<meta property=\"og:description\" content=\"Valentina Jarur y Mar\u00eda Adriana Parra\" \/>\n<meta property=\"og:url\" content=\"https:\/\/medicina.udd.cl\/tecnologia-medica-santiago\/files\/2022\/01\/Valentina-con-Ma.-Adriana-Parra.jpg\" \/>\n<meta property=\"og:site_name\" content=\"Tecnolog\u00eda M\u00e9dica\" \/>\n<meta property=\"article:modified_time\" content=\"2022-01-28T14:28:46+00:00\" \/>\n<meta property=\"og:image\" content=\"https:\/\/medicina.udd.cl\/tecnologia-medica-santiago\/files\/2022\/01\/Valentina-con-Ma.-Adriana-Parra.jpg\" \/>\n\t<meta property=\"og:image:width\" content=\"524\" \/>\n\t<meta property=\"og:image:height\" content=\"833\" \/>\n\t<meta property=\"og:image:type\" content=\"image\/jpeg\" \/>\n<script type=\"application\/ld+json\" class=\"yoast-schema-graph\">{\"@context\":\"https:\/\/schema.org\",\"@graph\":[{\"@type\":\"WebPage\",\"@id\":\"https:\/\/medicina.udd.cl\/tecnologia-medica-santiago\/files\/2022\/01\/Valentina-con-Ma.-Adriana-Parra.jpg\",\"url\":\"https:\/\/medicina.udd.cl\/tecnologia-medica-santiago\/files\/2022\/01\/Valentina-con-Ma.-Adriana-Parra.jpg\",\"name\":\"Valentina con Ma. Adriana Parra - Tecnolog\u00eda M\u00e9dica\",\"isPartOf\":{\"@id\":\"https:\/\/medicina.udd.cl\/tecnologia-medica-santiago\/#website\"},\"datePublished\":\"2022-01-28T14:17:29+00:00\",\"dateModified\":\"2022-01-28T14:28:46+00:00\",\"breadcrumb\":{\"@id\":\"https:\/\/medicina.udd.cl\/tecnologia-medica-santiago\/files\/2022\/01\/Valentina-con-Ma.-Adriana-Parra.jpg#breadcrumb\"},\"inLanguage\":\"es\",\"potentialAction\":[{\"@type\":\"ReadAction\",\"target\":[\"https:\/\/medicina.udd.cl\/tecnologia-medica-santiago\/files\/2022\/01\/Valentina-con-Ma.-Adriana-Parra.jpg\"]}]},{\"@type\":\"BreadcrumbList\",\"@id\":\"https:\/\/medicina.udd.cl\/tecnologia-medica-santiago\/files\/2022\/01\/Valentina-con-Ma.-Adriana-Parra.jpg#breadcrumb\",\"itemListElement\":[{\"@type\":\"ListItem\",\"position\":1,\"name\":\"Home\",\"item\":\"https:\/\/medicina.udd.cl\/tecnologia-medica-santiago\/\"},{\"@type\":\"ListItem\",\"position\":2,\"name\":\"Tituladas de Tecnolog\u00eda M\u00e9dica aprueban con distinci\u00f3n defensa p\u00fablica de tesis doctoral\",\"item\":\"https:\/\/medicina.udd.cl\/tecnologia-medica-santiago\/noticias\/2022\/01\/28\/tituladas-de-tecnologia-medica-aprueban-con-distincion-defensa-publica-de-tesis-doctoral\/\"},{\"@type\":\"ListItem\",\"position\":3,\"name\":\"Valentina con Ma. Adriana Parra\"}]},{\"@type\":\"WebSite\",\"@id\":\"https:\/\/medicina.udd.cl\/tecnologia-medica-santiago\/#website\",\"url\":\"https:\/\/medicina.udd.cl\/tecnologia-medica-santiago\/\",\"name\":\"Tecnolog\u00eda M\u00e9dica\",\"description\":\"Facultad de Medicina Cl\u00ednica Alemana Universidad del Desarrollo\",\"inLanguage\":\"es\"}]}<\/script>\n<!-- \/ Yoast SEO plugin. -->","yoast_head_json":{"title":"Valentina con Ma. Adriana Parra - Tecnolog\u00eda M\u00e9dica","robots":{"index":"index","follow":"follow","max-snippet":"max-snippet:-1","max-image-preview":"max-image-preview:large","max-video-preview":"max-video-preview:-1"},"canonical":"https:\/\/medicina.udd.cl\/tecnologia-medica-santiago\/files\/2022\/01\/Valentina-con-Ma.-Adriana-Parra.jpg","og_locale":"es_ES","og_type":"article","og_title":"Valentina con Ma. Adriana Parra - Tecnolog\u00eda M\u00e9dica","og_description":"Valentina Jarur y Mar\u00eda Adriana Parra","og_url":"https:\/\/medicina.udd.cl\/tecnologia-medica-santiago\/files\/2022\/01\/Valentina-con-Ma.-Adriana-Parra.jpg","og_site_name":"Tecnolog\u00eda M\u00e9dica","article_modified_time":"2022-01-28T14:28:46+00:00","og_image":[{"width":524,"height":833,"url":"https:\/\/medicina.udd.cl\/tecnologia-medica-santiago\/files\/2022\/01\/Valentina-con-Ma.-Adriana-Parra.jpg","type":"image\/jpeg"}],"schema":{"@context":"https:\/\/schema.org","@graph":[{"@type":"WebPage","@id":"https:\/\/medicina.udd.cl\/tecnologia-medica-santiago\/files\/2022\/01\/Valentina-con-Ma.-Adriana-Parra.jpg","url":"https:\/\/medicina.udd.cl\/tecnologia-medica-santiago\/files\/2022\/01\/Valentina-con-Ma.-Adriana-Parra.jpg","name":"Valentina con Ma. Adriana Parra - Tecnolog\u00eda M\u00e9dica","isPartOf":{"@id":"https:\/\/medicina.udd.cl\/tecnologia-medica-santiago\/#website"},"datePublished":"2022-01-28T14:17:29+00:00","dateModified":"2022-01-28T14:28:46+00:00","breadcrumb":{"@id":"https:\/\/medicina.udd.cl\/tecnologia-medica-santiago\/files\/2022\/01\/Valentina-con-Ma.-Adriana-Parra.jpg#breadcrumb"},"inLanguage":"es","potentialAction":[{"@type":"ReadAction","target":["https:\/\/medicina.udd.cl\/tecnologia-medica-santiago\/files\/2022\/01\/Valentina-con-Ma.-Adriana-Parra.jpg"]}]},{"@type":"BreadcrumbList","@id":"https:\/\/medicina.udd.cl\/tecnologia-medica-santiago\/files\/2022\/01\/Valentina-con-Ma.-Adriana-Parra.jpg#breadcrumb","itemListElement":[{"@type":"ListItem","position":1,"name":"Home","item":"https:\/\/medicina.udd.cl\/tecnologia-medica-santiago\/"},{"@type":"ListItem","position":2,"name":"Tituladas de Tecnolog\u00eda M\u00e9dica aprueban con distinci\u00f3n defensa p\u00fablica de tesis doctoral","item":"https:\/\/medicina.udd.cl\/tecnologia-medica-santiago\/noticias\/2022\/01\/28\/tituladas-de-tecnologia-medica-aprueban-con-distincion-defensa-publica-de-tesis-doctoral\/"},{"@type":"ListItem","position":3,"name":"Valentina con Ma. Adriana Parra"}]},{"@type":"WebSite","@id":"https:\/\/medicina.udd.cl\/tecnologia-medica-santiago\/#website","url":"https:\/\/medicina.udd.cl\/tecnologia-medica-santiago\/","name":"Tecnolog\u00eda M\u00e9dica","description":"Facultad de Medicina Cl\u00ednica Alemana Universidad del Desarrollo","inLanguage":"es"}]}},"description":{"rendered":"<p class=\"attachment\"><a href='https:\/\/medicina.udd.cl\/tecnologia-medica-santiago\/files\/2022\/01\/Valentina-con-Ma.-Adriana-Parra.jpg'><img loading=\"lazy\" decoding=\"async\" width=\"189\" height=\"300\" src=\"https:\/\/medicina.udd.cl\/tecnologia-medica-santiago\/files\/2022\/01\/Valentina-con-Ma.-Adriana-Parra-189x300.jpg\" class=\"attachment-medium size-medium\" alt=\"\" srcset=\"https:\/\/medicina.udd.cl\/tecnologia-medica-santiago\/files\/2022\/01\/Valentina-con-Ma.-Adriana-Parra-189x300.jpg 189w, https:\/\/medicina.udd.cl\/tecnologia-medica-santiago\/files\/2022\/01\/Valentina-con-Ma.-Adriana-Parra.jpg 524w\" sizes=\"auto, (max-width: 189px) 100vw, 189px\" \/><\/a><\/p>\n"},"caption":{"rendered":"<p>Valentina Jarur y Mar\u00eda Adriana Parra<\/p>\n"},"alt_text":"","media_type":"image","mime_type":"image\/jpeg","media_details":{"width":524,"height":833,"file":"2022\/01\/Valentina-con-Ma.-Adriana-Parra.jpg","sizes":{"medium":{"file":"Valentina-con-Ma.-Adriana-Parra-189x300.jpg","width":189,"height":300,"mime_type":"image\/jpeg","source_url":"https:\/\/medicina.udd.cl\/tecnologia-medica-santiago\/files\/2022\/01\/Valentina-con-Ma.-Adriana-Parra-189x300.jpg"},"thumbnail":{"file":"Valentina-con-Ma.-Adriana-Parra-150x150.jpg","width":150,"height":150,"mime_type":"image\/jpeg","source_url":"https:\/\/medicina.udd.cl\/tecnologia-medica-santiago\/files\/2022\/01\/Valentina-con-Ma.-Adriana-Parra-150x150.jpg"},"newsletter_featured":{"file":"Valentina-con-Ma.-Adriana-Parra-316x224.jpg","width":316,"height":224,"mime_type":"image\/jpeg","source_url":"https:\/\/medicina.udd.cl\/tecnologia-medica-santiago\/files\/2022\/01\/Valentina-con-Ma.-Adriana-Parra-316x224.jpg"},"newsletter_first":{"file":"Valentina-con-Ma.-Adriana-Parra-286x205.jpg","width":286,"height":205,"mime_type":"image\/jpeg","source_url":"https:\/\/medicina.udd.cl\/tecnologia-medica-santiago\/files\/2022\/01\/Valentina-con-Ma.-Adriana-Parra-286x205.jpg"},"newsletter_thumb":{"file":"Valentina-con-Ma.-Adriana-Parra-288x150.jpg","width":288,"height":150,"mime_type":"image\/jpeg","source_url":"https:\/\/medicina.udd.cl\/tecnologia-medica-santiago\/files\/2022\/01\/Valentina-con-Ma.-Adriana-Parra-288x150.jpg"},"newsletter_column":{"file":"Valentina-con-Ma.-Adriana-Parra-182x140.jpg","width":182,"height":140,"mime_type":"image\/jpeg","source_url":"https:\/\/medicina.udd.cl\/tecnologia-medica-santiago\/files\/2022\/01\/Valentina-con-Ma.-Adriana-Parra-182x140.jpg"},"newsletter_square":{"file":"Valentina-con-Ma.-Adriana-Parra-62x62.jpg","width":62,"height":62,"mime_type":"image\/jpeg","source_url":"https:\/\/medicina.udd.cl\/tecnologia-medica-santiago\/files\/2022\/01\/Valentina-con-Ma.-Adriana-Parra-62x62.jpg"},"newsletter_square_large":{"file":"Valentina-con-Ma.-Adriana-Parra-87x62.jpg","width":87,"height":62,"mime_type":"image\/jpeg","source_url":"https:\/\/medicina.udd.cl\/tecnologia-medica-santiago\/files\/2022\/01\/Valentina-con-Ma.-Adriana-Parra-87x62.jpg"},"landscape_1366":{"file":"Valentina-con-Ma.-Adriana-Parra-524x768.jpg","width":524,"height":768,"mime_type":"image\/jpeg","source_url":"https:\/\/medicina.udd.cl\/tecnologia-medica-santiago\/files\/2022\/01\/Valentina-con-Ma.-Adriana-Parra-524x768.jpg"},"landscape_952":{"file":"Valentina-con-Ma.-Adriana-Parra-524x534.jpg","width":524,"height":534,"mime_type":"image\/jpeg","source_url":"https:\/\/medicina.udd.cl\/tecnologia-medica-santiago\/files\/2022\/01\/Valentina-con-Ma.-Adriana-Parra-524x534.jpg"},"landscape_680":{"file":"Valentina-con-Ma.-Adriana-Parra-524x382.jpg","width":524,"height":382,"mime_type":"image\/jpeg","source_url":"https:\/\/medicina.udd.cl\/tecnologia-medica-santiago\/files\/2022\/01\/Valentina-con-Ma.-Adriana-Parra-524x382.jpg"},"square_750":{"file":"Valentina-con-Ma.-Adriana-Parra-524x750.jpg","width":524,"height":750,"mime_type":"image\/jpeg","source_url":"https:\/\/medicina.udd.cl\/tecnologia-medica-santiago\/files\/2022\/01\/Valentina-con-Ma.-Adriana-Parra-524x750.jpg"},"square_500":{"file":"Valentina-con-Ma.-Adriana-Parra-500x500.jpg","width":500,"height":500,"mime_type":"image\/jpeg","source_url":"https:\/\/medicina.udd.cl\/tecnologia-medica-santiago\/files\/2022\/01\/Valentina-con-Ma.-Adriana-Parra-500x500.jpg"},"square_200":{"file":"Valentina-con-Ma.-Adriana-Parra-250x250.jpg","width":250,"height":250,"mime_type":"image\/jpeg","source_url":"https:\/\/medicina.udd.cl\/tecnologia-medica-santiago\/files\/2022\/01\/Valentina-con-Ma.-Adriana-Parra-250x250.jpg"},"post-thumbnail":{"file":"Valentina-con-Ma.-Adriana-Parra-524x534.jpg","width":524,"height":534,"mime_type":"image\/jpeg","source_url":"https:\/\/medicina.udd.cl\/tecnologia-medica-santiago\/files\/2022\/01\/Valentina-con-Ma.-Adriana-Parra-524x534.jpg"},"custom_content":{"file":"Valentina-con-Ma.-Adriana-Parra-126x126.jpg","width":126,"height":126,"mime_type":"image\/jpeg","source_url":"https:\/\/medicina.udd.cl\/tecnologia-medica-santiago\/files\/2022\/01\/Valentina-con-Ma.-Adriana-Parra-126x126.jpg"},"full":{"file":"Valentina-con-Ma.-Adriana-Parra.jpg","width":524,"height":833,"mime_type":"image\/jpeg","source_url":"https:\/\/medicina.udd.cl\/tecnologia-medica-santiago\/files\/2022\/01\/Valentina-con-Ma.-Adriana-Parra.jpg"}},"image_meta":{"aperture":"0","credit":"","camera":"","caption":"","created_timestamp":"0","copyright":"","focal_length":"0","iso":"0","shutter_speed":"0","title":"","orientation":"0","keywords":[]}},"post":7416,"source_url":"https:\/\/medicina.udd.cl\/tecnologia-medica-santiago\/files\/2022\/01\/Valentina-con-Ma.-Adriana-Parra.jpg","_links":{"self":[{"href":"https:\/\/medicina.udd.cl\/tecnologia-medica-santiago\/wp-json\/wp\/v2\/media\/7423","targetHints":{"allow":["GET"]}}],"collection":[{"href":"https:\/\/medicina.udd.cl\/tecnologia-medica-santiago\/wp-json\/wp\/v2\/media"}],"about":[{"href":"https:\/\/medicina.udd.cl\/tecnologia-medica-santiago\/wp-json\/wp\/v2\/types\/attachment"}],"author":[{"embeddable":true,"href":"https:\/\/medicina.udd.cl\/tecnologia-medica-santiago\/wp-json\/wp\/v2\/users\/9192219"}],"replies":[{"embeddable":true,"href":"https:\/\/medicina.udd.cl\/tecnologia-medica-santiago\/wp-json\/wp\/v2\/comments?post=7423"}],"wp:attached-to":[{"embeddable":true,"post_type":"post","id":7416,"href":"https:\/\/medicina.udd.cl\/tecnologia-medica-santiago\/wp-json\/wp\/v2\/posts\/7416"}],"curies":[{"name":"wp","href":"https:\/\/api.w.org\/{rel}","templated":true}]}}

<!-- This site is optimized with the Yoast SEO plugin v26.9 - https://yoast.com/product/yoast-seo-wordpress/ -->
<title>Valentina con Ma. Adriana Parra - Tecnología Médica</title>
<meta name="robots" content="index, follow, max-snippet:-1, max-image-preview:large, max-video-preview:-1" />
<link rel="canonical" href="https://medicina.udd.cl/tecnologia-medica-santiago/files/2022/01/Valentina-con-Ma.-Adriana-Parra.jpg" />
<meta property="og:locale" content="es_ES" />
<meta property="og:type" content="article" />
<meta property="og:title" content="Valentina con Ma. Adriana Parra - Tecnología Médica" />
<meta property="og:description" content="Valentina Jarur y María Adriana Parra" />
<meta property="og:url" content="https://medicina.udd.cl/tecnologia-medica-santiago/files/2022/01/Valentina-con-Ma.-Adriana-Parra.jpg" />
<meta property="og:site_name" content="Tecnología Médica" />
<meta property="article:modified_time" content="2022-01-28T14:28:46+00:00" />
<meta property="og:image" content="https://medicina.udd.cl/tecnologia-medica-santiago/files/2022/01/Valentina-con-Ma.-Adriana-Parra.jpg" />
	<meta property="og:image:width" content="524" />
	<meta property="og:image:height" content="833" />
	<meta property="og:image:type" content="image/jpeg" />
<script type="application/ld+json" class="yoast-schema-graph">{"@context":"https://schema.org","@graph":[{"@type":"WebPage","@id":"https://medicina.udd.cl/tecnologia-medica-santiago/files/2022/01/Valentina-con-Ma.-Adriana-Parra.jpg","url":"https://medicina.udd.cl/tecnologia-medica-santiago/files/2022/01/Valentina-con-Ma.-Adriana-Parra.jpg","name":"Valentina con Ma. Adriana Parra - Tecnología Médica","isPartOf":{"@id":"https://medicina.udd.cl/tecnologia-medica-santiago/#website"},"datePublished":"2022-01-28T14:17:29+00:00","dateModified":"2022-01-28T14:28:46+00:00","breadcrumb":{"@id":"https://medicina.udd.cl/tecnologia-medica-santiago/files/2022/01/Valentina-con-Ma.-Adriana-Parra.jpg#breadcrumb"},"inLanguage":"es","potentialAction":[{"@type":"ReadAction","target":["https://medicina.udd.cl/tecnologia-medica-santiago/files/2022/01/Valentina-con-Ma.-Adriana-Parra.jpg"]}]},{"@type":"BreadcrumbList","@id":"https://medicina.udd.cl/tecnologia-medica-santiago/files/2022/01/Valentina-con-Ma.-Adriana-Parra.jpg#breadcrumb","itemListElement":[{"@type":"ListItem","position":1,"name":"Home","item":"https://medicina.udd.cl/tecnologia-medica-santiago/"},{"@type":"ListItem","position":2,"name":"Tituladas de Tecnología Médica aprueban con distinción defensa pública de tesis doctoral","item":"https://medicina.udd.cl/tecnologia-medica-santiago/noticias/2022/01/28/tituladas-de-tecnologia-medica-aprueban-con-distincion-defensa-publica-de-tesis-doctoral/"},{"@type":"ListItem","position":3,"name":"Valentina con Ma. Adriana Parra"}]},{"@type":"WebSite","@id":"https://medicina.udd.cl/tecnologia-medica-santiago/#website","url":"https://medicina.udd.cl/tecnologia-medica-santiago/","name":"Tecnología Médica","description":"Facultad de Medicina Clínica Alemana Universidad del Desarrollo","inLanguage":"es"}]}</script>
<!-- / Yoast SEO plugin. -->

Valentina con Ma. Adriana Parra - Tecnología Médica

Valentina Jarur y María Adriana Parra

Tecnología Médica

Tituladas de Tecnología Médica aprueban con distinción defensa pública de tesis doctoral

Facultad de Medicina Clínica Alemana Universidad del Desarrollo

<p>Valentina Jarur y María Adriana Parra</p>
