{"id":7506,"date":"2022-04-01T17:27:12","date_gmt":"2022-04-01T20:27:12","guid":{"rendered":"https:\/\/medicina.udd.cl\/tecnologia-medica-santiago\/files\/2022\/04\/Convenio-FACH-UDD-portada.png"},"modified":"2022-04-01T17:27:12","modified_gmt":"2022-04-01T20:27:12","slug":"convenio-fach-udd-portada","status":"inherit","type":"attachment","link":"https:\/\/medicina.udd.cl\/tecnologia-medica-santiago\/noticias\/2022\/04\/01\/udd-firma-convenio-de-colaboracion-con-la-fuerza-aerea-de-chile\/convenio-fach-udd-portada\/","title":{"rendered":"Convenio FACH UDD portada"},"author":9192219,"featured_media":0,"comment_status":"open","ping_status":"closed","template":"","meta":[],"class_list":["post-7506","attachment","type-attachment","status-inherit","hentry"],"yoast_head":"<!-- This site is optimized with the Yoast SEO plugin v26.9 - https:\/\/yoast.com\/product\/yoast-seo-wordpress\/ -->\n<title>Convenio FACH UDD portada - Tecnolog\u00eda M\u00e9dica<\/title>\n<meta name=\"robots\" content=\"index, follow, max-snippet:-1, max-image-preview:large, max-video-preview:-1\" \/>\n<link rel=\"canonical\" href=\"https:\/\/medicina.udd.cl\/tecnologia-medica-santiago\/files\/2022\/04\/Convenio-FACH-UDD-portada.png\" \/>\n<meta property=\"og:locale\" content=\"es_ES\" \/>\n<meta property=\"og:type\" content=\"article\" \/>\n<meta property=\"og:title\" content=\"Convenio FACH UDD portada - Tecnolog\u00eda M\u00e9dica\" \/>\n<meta property=\"og:url\" content=\"https:\/\/medicina.udd.cl\/tecnologia-medica-santiago\/files\/2022\/04\/Convenio-FACH-UDD-portada.png\" \/>\n<meta property=\"og:site_name\" content=\"Tecnolog\u00eda M\u00e9dica\" \/>\n<meta property=\"og:image\" content=\"https:\/\/medicina.udd.cl\/tecnologia-medica-santiago\/files\/2022\/04\/Convenio-FACH-UDD-portada.png\" \/>\n\t<meta property=\"og:image:width\" content=\"270\" \/>\n\t<meta property=\"og:image:height\" content=\"181\" \/>\n\t<meta property=\"og:image:type\" content=\"image\/png\" \/>\n<script type=\"application\/ld+json\" class=\"yoast-schema-graph\">{\"@context\":\"https:\/\/schema.org\",\"@graph\":[{\"@type\":\"WebPage\",\"@id\":\"https:\/\/medicina.udd.cl\/tecnologia-medica-santiago\/files\/2022\/04\/Convenio-FACH-UDD-portada.png\",\"url\":\"https:\/\/medicina.udd.cl\/tecnologia-medica-santiago\/files\/2022\/04\/Convenio-FACH-UDD-portada.png\",\"name\":\"Convenio FACH UDD portada - Tecnolog\u00eda M\u00e9dica\",\"isPartOf\":{\"@id\":\"https:\/\/medicina.udd.cl\/tecnologia-medica-santiago\/#website\"},\"datePublished\":\"2022-04-01T20:27:12+00:00\",\"breadcrumb\":{\"@id\":\"https:\/\/medicina.udd.cl\/tecnologia-medica-santiago\/files\/2022\/04\/Convenio-FACH-UDD-portada.png#breadcrumb\"},\"inLanguage\":\"es\",\"potentialAction\":[{\"@type\":\"ReadAction\",\"target\":[\"https:\/\/medicina.udd.cl\/tecnologia-medica-santiago\/files\/2022\/04\/Convenio-FACH-UDD-portada.png\"]}]},{\"@type\":\"BreadcrumbList\",\"@id\":\"https:\/\/medicina.udd.cl\/tecnologia-medica-santiago\/files\/2022\/04\/Convenio-FACH-UDD-portada.png#breadcrumb\",\"itemListElement\":[{\"@type\":\"ListItem\",\"position\":1,\"name\":\"Home\",\"item\":\"https:\/\/medicina.udd.cl\/tecnologia-medica-santiago\/\"},{\"@type\":\"ListItem\",\"position\":2,\"name\":\"UDD firma convenio de colaboraci\u00f3n con la Fuerza A\u00e9rea de Chile\",\"item\":\"https:\/\/medicina.udd.cl\/tecnologia-medica-santiago\/noticias\/2022\/04\/01\/udd-firma-convenio-de-colaboracion-con-la-fuerza-aerea-de-chile\/\"},{\"@type\":\"ListItem\",\"position\":3,\"name\":\"Convenio FACH UDD portada\"}]},{\"@type\":\"WebSite\",\"@id\":\"https:\/\/medicina.udd.cl\/tecnologia-medica-santiago\/#website\",\"url\":\"https:\/\/medicina.udd.cl\/tecnologia-medica-santiago\/\",\"name\":\"Tecnolog\u00eda M\u00e9dica\",\"description\":\"Facultad de Medicina Cl\u00ednica Alemana Universidad del Desarrollo\",\"inLanguage\":\"es\"}]}<\/script>\n<!-- \/ Yoast SEO plugin. -->","yoast_head_json":{"title":"Convenio FACH UDD portada - Tecnolog\u00eda M\u00e9dica","robots":{"index":"index","follow":"follow","max-snippet":"max-snippet:-1","max-image-preview":"max-image-preview:large","max-video-preview":"max-video-preview:-1"},"canonical":"https:\/\/medicina.udd.cl\/tecnologia-medica-santiago\/files\/2022\/04\/Convenio-FACH-UDD-portada.png","og_locale":"es_ES","og_type":"article","og_title":"Convenio FACH UDD portada - Tecnolog\u00eda M\u00e9dica","og_url":"https:\/\/medicina.udd.cl\/tecnologia-medica-santiago\/files\/2022\/04\/Convenio-FACH-UDD-portada.png","og_site_name":"Tecnolog\u00eda M\u00e9dica","og_image":[{"width":270,"height":181,"url":"https:\/\/medicina.udd.cl\/tecnologia-medica-santiago\/files\/2022\/04\/Convenio-FACH-UDD-portada.png","type":"image\/png"}],"schema":{"@context":"https:\/\/schema.org","@graph":[{"@type":"WebPage","@id":"https:\/\/medicina.udd.cl\/tecnologia-medica-santiago\/files\/2022\/04\/Convenio-FACH-UDD-portada.png","url":"https:\/\/medicina.udd.cl\/tecnologia-medica-santiago\/files\/2022\/04\/Convenio-FACH-UDD-portada.png","name":"Convenio FACH UDD portada - Tecnolog\u00eda M\u00e9dica","isPartOf":{"@id":"https:\/\/medicina.udd.cl\/tecnologia-medica-santiago\/#website"},"datePublished":"2022-04-01T20:27:12+00:00","breadcrumb":{"@id":"https:\/\/medicina.udd.cl\/tecnologia-medica-santiago\/files\/2022\/04\/Convenio-FACH-UDD-portada.png#breadcrumb"},"inLanguage":"es","potentialAction":[{"@type":"ReadAction","target":["https:\/\/medicina.udd.cl\/tecnologia-medica-santiago\/files\/2022\/04\/Convenio-FACH-UDD-portada.png"]}]},{"@type":"BreadcrumbList","@id":"https:\/\/medicina.udd.cl\/tecnologia-medica-santiago\/files\/2022\/04\/Convenio-FACH-UDD-portada.png#breadcrumb","itemListElement":[{"@type":"ListItem","position":1,"name":"Home","item":"https:\/\/medicina.udd.cl\/tecnologia-medica-santiago\/"},{"@type":"ListItem","position":2,"name":"UDD firma convenio de colaboraci\u00f3n con la Fuerza A\u00e9rea de Chile","item":"https:\/\/medicina.udd.cl\/tecnologia-medica-santiago\/noticias\/2022\/04\/01\/udd-firma-convenio-de-colaboracion-con-la-fuerza-aerea-de-chile\/"},{"@type":"ListItem","position":3,"name":"Convenio FACH UDD portada"}]},{"@type":"WebSite","@id":"https:\/\/medicina.udd.cl\/tecnologia-medica-santiago\/#website","url":"https:\/\/medicina.udd.cl\/tecnologia-medica-santiago\/","name":"Tecnolog\u00eda M\u00e9dica","description":"Facultad de Medicina Cl\u00ednica Alemana Universidad del Desarrollo","inLanguage":"es"}]}},"description":{"rendered":"<p class=\"attachment\"><a href='https:\/\/medicina.udd.cl\/tecnologia-medica-santiago\/files\/2022\/04\/Convenio-FACH-UDD-portada.png'><img loading=\"lazy\" decoding=\"async\" width=\"270\" height=\"181\" src=\"https:\/\/medicina.udd.cl\/tecnologia-medica-santiago\/files\/2022\/04\/Convenio-FACH-UDD-portada.png\" class=\"attachment-medium size-medium\" alt=\"\" \/><\/a><\/p>\n"},"caption":{"rendered":""},"alt_text":"","media_type":"image","mime_type":"image\/png","media_details":{"width":270,"height":181,"file":"2022\/04\/Convenio-FACH-UDD-portada.png","sizes":{"thumbnail":{"file":"Convenio-FACH-UDD-portada-150x150.png","width":150,"height":150,"mime_type":"image\/png","source_url":"https:\/\/medicina.udd.cl\/tecnologia-medica-santiago\/files\/2022\/04\/Convenio-FACH-UDD-portada-150x150.png"},"newsletter_thumb":{"file":"Convenio-FACH-UDD-portada-270x150.png","width":270,"height":150,"mime_type":"image\/png","source_url":"https:\/\/medicina.udd.cl\/tecnologia-medica-santiago\/files\/2022\/04\/Convenio-FACH-UDD-portada-270x150.png"},"newsletter_column":{"file":"Convenio-FACH-UDD-portada-182x140.png","width":182,"height":140,"mime_type":"image\/png","source_url":"https:\/\/medicina.udd.cl\/tecnologia-medica-santiago\/files\/2022\/04\/Convenio-FACH-UDD-portada-182x140.png"},"newsletter_square":{"file":"Convenio-FACH-UDD-portada-62x62.png","width":62,"height":62,"mime_type":"image\/png","source_url":"https:\/\/medicina.udd.cl\/tecnologia-medica-santiago\/files\/2022\/04\/Convenio-FACH-UDD-portada-62x62.png"},"newsletter_square_large":{"file":"Convenio-FACH-UDD-portada-87x62.png","width":87,"height":62,"mime_type":"image\/png","source_url":"https:\/\/medicina.udd.cl\/tecnologia-medica-santiago\/files\/2022\/04\/Convenio-FACH-UDD-portada-87x62.png"},"square_200":{"file":"Convenio-FACH-UDD-portada-250x181.png","width":250,"height":181,"mime_type":"image\/png","source_url":"https:\/\/medicina.udd.cl\/tecnologia-medica-santiago\/files\/2022\/04\/Convenio-FACH-UDD-portada-250x181.png"},"custom_content":{"file":"Convenio-FACH-UDD-portada-126x126.png","width":126,"height":126,"mime_type":"image\/png","source_url":"https:\/\/medicina.udd.cl\/tecnologia-medica-santiago\/files\/2022\/04\/Convenio-FACH-UDD-portada-126x126.png"},"full":{"file":"Convenio-FACH-UDD-portada.png","width":270,"height":181,"mime_type":"image\/png","source_url":"https:\/\/medicina.udd.cl\/tecnologia-medica-santiago\/files\/2022\/04\/Convenio-FACH-UDD-portada.png"}},"image_meta":{"aperture":"0","credit":"","camera":"","caption":"","created_timestamp":"0","copyright":"","focal_length":"0","iso":"0","shutter_speed":"0","title":"","orientation":"0","keywords":[]}},"post":7502,"source_url":"https:\/\/medicina.udd.cl\/tecnologia-medica-santiago\/files\/2022\/04\/Convenio-FACH-UDD-portada.png","_links":{"self":[{"href":"https:\/\/medicina.udd.cl\/tecnologia-medica-santiago\/wp-json\/wp\/v2\/media\/7506","targetHints":{"allow":["GET"]}}],"collection":[{"href":"https:\/\/medicina.udd.cl\/tecnologia-medica-santiago\/wp-json\/wp\/v2\/media"}],"about":[{"href":"https:\/\/medicina.udd.cl\/tecnologia-medica-santiago\/wp-json\/wp\/v2\/types\/attachment"}],"author":[{"embeddable":true,"href":"https:\/\/medicina.udd.cl\/tecnologia-medica-santiago\/wp-json\/wp\/v2\/users\/9192219"}],"replies":[{"embeddable":true,"href":"https:\/\/medicina.udd.cl\/tecnologia-medica-santiago\/wp-json\/wp\/v2\/comments?post=7506"}],"wp:attached-to":[{"embeddable":true,"post_type":"post","id":7502,"href":"https:\/\/medicina.udd.cl\/tecnologia-medica-santiago\/wp-json\/wp\/v2\/posts\/7502"}],"curies":[{"name":"wp","href":"https:\/\/api.w.org\/{rel}","templated":true}]}}

<!-- This site is optimized with the Yoast SEO plugin v26.9 - https://yoast.com/product/yoast-seo-wordpress/ -->
<title>Convenio FACH UDD portada - Tecnología Médica</title>
<meta name="robots" content="index, follow, max-snippet:-1, max-image-preview:large, max-video-preview:-1" />
<link rel="canonical" href="https://medicina.udd.cl/tecnologia-medica-santiago/files/2022/04/Convenio-FACH-UDD-portada.png" />
<meta property="og:locale" content="es_ES" />
<meta property="og:type" content="article" />
<meta property="og:title" content="Convenio FACH UDD portada - Tecnología Médica" />
<meta property="og:url" content="https://medicina.udd.cl/tecnologia-medica-santiago/files/2022/04/Convenio-FACH-UDD-portada.png" />
<meta property="og:site_name" content="Tecnología Médica" />
<meta property="og:image" content="https://medicina.udd.cl/tecnologia-medica-santiago/files/2022/04/Convenio-FACH-UDD-portada.png" />
	<meta property="og:image:width" content="270" />
	<meta property="og:image:height" content="181" />
	<meta property="og:image:type" content="image/png" />
<script type="application/ld+json" class="yoast-schema-graph">{"@context":"https://schema.org","@graph":[{"@type":"WebPage","@id":"https://medicina.udd.cl/tecnologia-medica-santiago/files/2022/04/Convenio-FACH-UDD-portada.png","url":"https://medicina.udd.cl/tecnologia-medica-santiago/files/2022/04/Convenio-FACH-UDD-portada.png","name":"Convenio FACH UDD portada - Tecnología Médica","isPartOf":{"@id":"https://medicina.udd.cl/tecnologia-medica-santiago/#website"},"datePublished":"2022-04-01T20:27:12+00:00","breadcrumb":{"@id":"https://medicina.udd.cl/tecnologia-medica-santiago/files/2022/04/Convenio-FACH-UDD-portada.png#breadcrumb"},"inLanguage":"es","potentialAction":[{"@type":"ReadAction","target":["https://medicina.udd.cl/tecnologia-medica-santiago/files/2022/04/Convenio-FACH-UDD-portada.png"]}]},{"@type":"BreadcrumbList","@id":"https://medicina.udd.cl/tecnologia-medica-santiago/files/2022/04/Convenio-FACH-UDD-portada.png#breadcrumb","itemListElement":[{"@type":"ListItem","position":1,"name":"Home","item":"https://medicina.udd.cl/tecnologia-medica-santiago/"},{"@type":"ListItem","position":2,"name":"UDD firma convenio de colaboración con la Fuerza Aérea de Chile","item":"https://medicina.udd.cl/tecnologia-medica-santiago/noticias/2022/04/01/udd-firma-convenio-de-colaboracion-con-la-fuerza-aerea-de-chile/"},{"@type":"ListItem","position":3,"name":"Convenio FACH UDD portada"}]},{"@type":"WebSite","@id":"https://medicina.udd.cl/tecnologia-medica-santiago/#website","url":"https://medicina.udd.cl/tecnologia-medica-santiago/","name":"Tecnología Médica","description":"Facultad de Medicina Clínica Alemana Universidad del Desarrollo","inLanguage":"es"}]}</script>
<!-- / Yoast SEO plugin. -->

Convenio FACH UDD portada - Tecnología Médica

Tecnología Médica

UDD firma convenio de colaboración con la Fuerza Aérea de Chile

Facultad de Medicina Clínica Alemana Universidad del Desarrollo
