{"id":8121,"date":"2023-01-24T16:49:54","date_gmt":"2023-01-24T19:49:54","guid":{"rendered":"https:\/\/medicina.udd.cl\/tecnologia-medica-santiago\/files\/2022\/09\/jacob-araya-castillo-byn_.jpeg"},"modified":"2023-01-24T16:49:54","modified_gmt":"2023-01-24T19:49:54","slug":"jacob-araya-castillo-byn","status":"inherit","type":"attachment","link":"https:\/\/medicina.udd.cl\/tecnologia-medica-santiago\/persona\/jacob-araya-castillo\/jacob-araya-castillo-byn\/","title":{"rendered":"Jacob Araya Castillo.byn"},"author":9192219,"featured_media":0,"comment_status":"open","ping_status":"closed","template":"","meta":[],"class_list":["post-8121","attachment","type-attachment","status-inherit","hentry"],"yoast_head":"<!-- This site is optimized with the Yoast SEO plugin v26.9 - https:\/\/yoast.com\/product\/yoast-seo-wordpress\/ -->\n<title>Jacob Araya Castillo.byn - Tecnolog\u00eda M\u00e9dica<\/title>\n<meta name=\"robots\" content=\"index, follow, max-snippet:-1, max-image-preview:large, max-video-preview:-1\" \/>\n<link rel=\"canonical\" href=\"https:\/\/medicina.udd.cl\/tecnologia-medica-santiago\/files\/2022\/09\/jacob-araya-castillo-byn_.jpeg\" \/>\n<meta property=\"og:locale\" content=\"es_ES\" \/>\n<meta property=\"og:type\" content=\"article\" \/>\n<meta property=\"og:title\" content=\"Jacob Araya Castillo.byn - Tecnolog\u00eda M\u00e9dica\" \/>\n<meta property=\"og:url\" content=\"https:\/\/medicina.udd.cl\/tecnologia-medica-santiago\/files\/2022\/09\/jacob-araya-castillo-byn_.jpeg\" \/>\n<meta property=\"og:site_name\" content=\"Tecnolog\u00eda M\u00e9dica\" \/>\n<meta property=\"og:image\" content=\"https:\/\/medicina.udd.cl\/tecnologia-medica-santiago\/files\/2022\/09\/jacob-araya-castillo-byn_.jpeg\" \/>\n\t<meta property=\"og:image:width\" content=\"1008\" \/>\n\t<meta property=\"og:image:height\" content=\"1007\" \/>\n\t<meta property=\"og:image:type\" content=\"image\/jpeg\" \/>\n<script type=\"application\/ld+json\" class=\"yoast-schema-graph\">{\"@context\":\"https:\/\/schema.org\",\"@graph\":[{\"@type\":\"WebPage\",\"@id\":\"https:\/\/medicina.udd.cl\/tecnologia-medica-santiago\/files\/2022\/09\/jacob-araya-castillo-byn_.jpeg\",\"url\":\"https:\/\/medicina.udd.cl\/tecnologia-medica-santiago\/files\/2022\/09\/jacob-araya-castillo-byn_.jpeg\",\"name\":\"Jacob Araya Castillo.byn - Tecnolog\u00eda M\u00e9dica\",\"isPartOf\":{\"@id\":\"https:\/\/medicina.udd.cl\/tecnologia-medica-santiago\/#website\"},\"datePublished\":\"2023-01-24T19:49:54+00:00\",\"breadcrumb\":{\"@id\":\"https:\/\/medicina.udd.cl\/tecnologia-medica-santiago\/files\/2022\/09\/jacob-araya-castillo-byn_.jpeg#breadcrumb\"},\"inLanguage\":\"es\",\"potentialAction\":[{\"@type\":\"ReadAction\",\"target\":[\"https:\/\/medicina.udd.cl\/tecnologia-medica-santiago\/files\/2022\/09\/jacob-araya-castillo-byn_.jpeg\"]}]},{\"@type\":\"BreadcrumbList\",\"@id\":\"https:\/\/medicina.udd.cl\/tecnologia-medica-santiago\/files\/2022\/09\/jacob-araya-castillo-byn_.jpeg#breadcrumb\",\"itemListElement\":[{\"@type\":\"ListItem\",\"position\":1,\"name\":\"Home\",\"item\":\"https:\/\/medicina.udd.cl\/tecnologia-medica-santiago\/\"},{\"@type\":\"ListItem\",\"position\":2,\"name\":\"Jacob Araya Castillo\",\"item\":\"https:\/\/medicina.udd.cl\/tecnologia-medica-santiago\/persona\/jacob-araya-castillo\/\"},{\"@type\":\"ListItem\",\"position\":3,\"name\":\"Jacob Araya Castillo.byn\"}]},{\"@type\":\"WebSite\",\"@id\":\"https:\/\/medicina.udd.cl\/tecnologia-medica-santiago\/#website\",\"url\":\"https:\/\/medicina.udd.cl\/tecnologia-medica-santiago\/\",\"name\":\"Tecnolog\u00eda M\u00e9dica\",\"description\":\"Facultad de Medicina Cl\u00ednica Alemana Universidad del Desarrollo\",\"inLanguage\":\"es\"}]}<\/script>\n<!-- \/ Yoast SEO plugin. -->","yoast_head_json":{"title":"Jacob Araya Castillo.byn - Tecnolog\u00eda M\u00e9dica","robots":{"index":"index","follow":"follow","max-snippet":"max-snippet:-1","max-image-preview":"max-image-preview:large","max-video-preview":"max-video-preview:-1"},"canonical":"https:\/\/medicina.udd.cl\/tecnologia-medica-santiago\/files\/2022\/09\/jacob-araya-castillo-byn_.jpeg","og_locale":"es_ES","og_type":"article","og_title":"Jacob Araya Castillo.byn - Tecnolog\u00eda M\u00e9dica","og_url":"https:\/\/medicina.udd.cl\/tecnologia-medica-santiago\/files\/2022\/09\/jacob-araya-castillo-byn_.jpeg","og_site_name":"Tecnolog\u00eda M\u00e9dica","og_image":[{"width":1008,"height":1007,"url":"https:\/\/medicina.udd.cl\/tecnologia-medica-santiago\/files\/2022\/09\/jacob-araya-castillo-byn_.jpeg","type":"image\/jpeg"}],"schema":{"@context":"https:\/\/schema.org","@graph":[{"@type":"WebPage","@id":"https:\/\/medicina.udd.cl\/tecnologia-medica-santiago\/files\/2022\/09\/jacob-araya-castillo-byn_.jpeg","url":"https:\/\/medicina.udd.cl\/tecnologia-medica-santiago\/files\/2022\/09\/jacob-araya-castillo-byn_.jpeg","name":"Jacob Araya Castillo.byn - Tecnolog\u00eda M\u00e9dica","isPartOf":{"@id":"https:\/\/medicina.udd.cl\/tecnologia-medica-santiago\/#website"},"datePublished":"2023-01-24T19:49:54+00:00","breadcrumb":{"@id":"https:\/\/medicina.udd.cl\/tecnologia-medica-santiago\/files\/2022\/09\/jacob-araya-castillo-byn_.jpeg#breadcrumb"},"inLanguage":"es","potentialAction":[{"@type":"ReadAction","target":["https:\/\/medicina.udd.cl\/tecnologia-medica-santiago\/files\/2022\/09\/jacob-araya-castillo-byn_.jpeg"]}]},{"@type":"BreadcrumbList","@id":"https:\/\/medicina.udd.cl\/tecnologia-medica-santiago\/files\/2022\/09\/jacob-araya-castillo-byn_.jpeg#breadcrumb","itemListElement":[{"@type":"ListItem","position":1,"name":"Home","item":"https:\/\/medicina.udd.cl\/tecnologia-medica-santiago\/"},{"@type":"ListItem","position":2,"name":"Jacob Araya Castillo","item":"https:\/\/medicina.udd.cl\/tecnologia-medica-santiago\/persona\/jacob-araya-castillo\/"},{"@type":"ListItem","position":3,"name":"Jacob Araya Castillo.byn"}]},{"@type":"WebSite","@id":"https:\/\/medicina.udd.cl\/tecnologia-medica-santiago\/#website","url":"https:\/\/medicina.udd.cl\/tecnologia-medica-santiago\/","name":"Tecnolog\u00eda M\u00e9dica","description":"Facultad de Medicina Cl\u00ednica Alemana Universidad del Desarrollo","inLanguage":"es"}]}},"description":{"rendered":"<p class=\"attachment\"><a href='https:\/\/medicina.udd.cl\/tecnologia-medica-santiago\/files\/2022\/09\/jacob-araya-castillo-byn_.jpeg'><img loading=\"lazy\" decoding=\"async\" width=\"300\" height=\"300\" src=\"https:\/\/medicina.udd.cl\/tecnologia-medica-santiago\/files\/2022\/09\/jacob-araya-castillo-byn_-300x300.jpeg\" class=\"attachment-medium size-medium\" alt=\"\" srcset=\"https:\/\/medicina.udd.cl\/tecnologia-medica-santiago\/files\/2022\/09\/jacob-araya-castillo-byn_-300x300.jpeg 300w, https:\/\/medicina.udd.cl\/tecnologia-medica-santiago\/files\/2022\/09\/jacob-araya-castillo-byn_-150x150.jpeg 150w, https:\/\/medicina.udd.cl\/tecnologia-medica-santiago\/files\/2022\/09\/jacob-araya-castillo-byn_-768x767.jpeg 768w, https:\/\/medicina.udd.cl\/tecnologia-medica-santiago\/files\/2022\/09\/jacob-araya-castillo-byn_-62x62.jpeg 62w, https:\/\/medicina.udd.cl\/tecnologia-medica-santiago\/files\/2022\/09\/jacob-araya-castillo-byn_-750x750.jpeg 750w, https:\/\/medicina.udd.cl\/tecnologia-medica-santiago\/files\/2022\/09\/jacob-araya-castillo-byn_-500x500.jpeg 500w, https:\/\/medicina.udd.cl\/tecnologia-medica-santiago\/files\/2022\/09\/jacob-araya-castillo-byn_-250x250.jpeg 250w, https:\/\/medicina.udd.cl\/tecnologia-medica-santiago\/files\/2022\/09\/jacob-araya-castillo-byn_-126x126.jpeg 126w, https:\/\/medicina.udd.cl\/tecnologia-medica-santiago\/files\/2022\/09\/jacob-araya-castillo-byn_.jpeg 1008w\" sizes=\"auto, (max-width: 300px) 100vw, 300px\" \/><\/a><\/p>\n"},"caption":{"rendered":""},"alt_text":"","media_type":"image","mime_type":"image\/jpeg","media_details":{"width":1008,"height":1007,"file":"2022\/09\/jacob-araya-castillo-byn_.jpeg","filesize":280908,"sizes":{"medium":{"file":"jacob-araya-castillo-byn_-300x300.jpeg","width":300,"height":300,"filesize":14671,"mime_type":"image\/jpeg","source_url":"https:\/\/medicina.udd.cl\/tecnologia-medica-santiago\/files\/2022\/09\/jacob-araya-castillo-byn_-300x300.jpeg"},"thumbnail":{"file":"jacob-araya-castillo-byn_-150x150.jpeg","width":150,"height":150,"filesize":4600,"mime_type":"image\/jpeg","source_url":"https:\/\/medicina.udd.cl\/tecnologia-medica-santiago\/files\/2022\/09\/jacob-araya-castillo-byn_-150x150.jpeg"},"medium_large":{"file":"jacob-araya-castillo-byn_-768x767.jpeg","width":768,"height":767,"filesize":96614,"mime_type":"image\/jpeg","source_url":"https:\/\/medicina.udd.cl\/tecnologia-medica-santiago\/files\/2022\/09\/jacob-araya-castillo-byn_-768x767.jpeg"},"newsletter_featured":{"file":"jacob-araya-castillo-byn_-316x224.jpeg","width":316,"height":224,"filesize":11561,"mime_type":"image\/jpeg","source_url":"https:\/\/medicina.udd.cl\/tecnologia-medica-santiago\/files\/2022\/09\/jacob-araya-castillo-byn_-316x224.jpeg"},"newsletter_first":{"file":"jacob-araya-castillo-byn_-286x205.jpeg","width":286,"height":205,"filesize":9772,"mime_type":"image\/jpeg","source_url":"https:\/\/medicina.udd.cl\/tecnologia-medica-santiago\/files\/2022\/09\/jacob-araya-castillo-byn_-286x205.jpeg"},"newsletter_thumb":{"file":"jacob-araya-castillo-byn_-288x150.jpeg","width":288,"height":150,"filesize":7331,"mime_type":"image\/jpeg","source_url":"https:\/\/medicina.udd.cl\/tecnologia-medica-santiago\/files\/2022\/09\/jacob-araya-castillo-byn_-288x150.jpeg"},"newsletter_column":{"file":"jacob-araya-castillo-byn_-182x140.jpeg","width":182,"height":140,"filesize":4982,"mime_type":"image\/jpeg","source_url":"https:\/\/medicina.udd.cl\/tecnologia-medica-santiago\/files\/2022\/09\/jacob-araya-castillo-byn_-182x140.jpeg"},"newsletter_square":{"file":"jacob-araya-castillo-byn_-62x62.jpeg","width":62,"height":62,"filesize":1625,"mime_type":"image\/jpeg","source_url":"https:\/\/medicina.udd.cl\/tecnologia-medica-santiago\/files\/2022\/09\/jacob-araya-castillo-byn_-62x62.jpeg"},"newsletter_square_large":{"file":"jacob-araya-castillo-byn_-87x62.jpeg","width":87,"height":62,"filesize":1850,"mime_type":"image\/jpeg","source_url":"https:\/\/medicina.udd.cl\/tecnologia-medica-santiago\/files\/2022\/09\/jacob-araya-castillo-byn_-87x62.jpeg"},"landscape_1366":{"file":"jacob-araya-castillo-byn_-1008x768.jpeg","width":1008,"height":768,"filesize":144919,"mime_type":"image\/jpeg","source_url":"https:\/\/medicina.udd.cl\/tecnologia-medica-santiago\/files\/2022\/09\/jacob-araya-castillo-byn_-1008x768.jpeg"},"landscape_952":{"file":"jacob-araya-castillo-byn_-952x534.jpeg","width":952,"height":534,"filesize":79432,"mime_type":"image\/jpeg","source_url":"https:\/\/medicina.udd.cl\/tecnologia-medica-santiago\/files\/2022\/09\/jacob-araya-castillo-byn_-952x534.jpeg"},"landscape_680":{"file":"jacob-araya-castillo-byn_-680x382.jpeg","width":680,"height":382,"filesize":42411,"mime_type":"image\/jpeg","source_url":"https:\/\/medicina.udd.cl\/tecnologia-medica-santiago\/files\/2022\/09\/jacob-araya-castillo-byn_-680x382.jpeg"},"square_750":{"file":"jacob-araya-castillo-byn_-750x750.jpeg","width":750,"height":750,"filesize":92647,"mime_type":"image\/jpeg","source_url":"https:\/\/medicina.udd.cl\/tecnologia-medica-santiago\/files\/2022\/09\/jacob-araya-castillo-byn_-750x750.jpeg"},"square_500":{"file":"jacob-araya-castillo-byn_-500x500.jpeg","width":500,"height":500,"filesize":40451,"mime_type":"image\/jpeg","source_url":"https:\/\/medicina.udd.cl\/tecnologia-medica-santiago\/files\/2022\/09\/jacob-araya-castillo-byn_-500x500.jpeg"},"square_200":{"file":"jacob-araya-castillo-byn_-250x250.jpeg","width":250,"height":250,"filesize":10555,"mime_type":"image\/jpeg","source_url":"https:\/\/medicina.udd.cl\/tecnologia-medica-santiago\/files\/2022\/09\/jacob-araya-castillo-byn_-250x250.jpeg"},"post-thumbnail":{"file":"jacob-araya-castillo-byn_-952x534.jpeg","width":952,"height":534,"filesize":79432,"mime_type":"image\/jpeg","source_url":"https:\/\/medicina.udd.cl\/tecnologia-medica-santiago\/files\/2022\/09\/jacob-araya-castillo-byn_-952x534.jpeg"},"custom_content":{"file":"jacob-araya-castillo-byn_-126x126.jpeg","width":126,"height":126,"filesize":3599,"mime_type":"image\/jpeg","source_url":"https:\/\/medicina.udd.cl\/tecnologia-medica-santiago\/files\/2022\/09\/jacob-araya-castillo-byn_-126x126.jpeg"},"full":{"file":"jacob-araya-castillo-byn_.jpeg","width":1008,"height":1007,"mime_type":"image\/jpeg","source_url":"https:\/\/medicina.udd.cl\/tecnologia-medica-santiago\/files\/2022\/09\/jacob-araya-castillo-byn_.jpeg"}},"image_meta":{"aperture":"0","credit":"","camera":"","caption":"","created_timestamp":"1674045708","copyright":"","focal_length":"0","iso":"0","shutter_speed":"0","title":"","orientation":"1","keywords":[]}},"post":6071,"source_url":"https:\/\/medicina.udd.cl\/tecnologia-medica-santiago\/files\/2022\/09\/jacob-araya-castillo-byn_.jpeg","_links":{"self":[{"href":"https:\/\/medicina.udd.cl\/tecnologia-medica-santiago\/wp-json\/wp\/v2\/media\/8121","targetHints":{"allow":["GET"]}}],"collection":[{"href":"https:\/\/medicina.udd.cl\/tecnologia-medica-santiago\/wp-json\/wp\/v2\/media"}],"about":[{"href":"https:\/\/medicina.udd.cl\/tecnologia-medica-santiago\/wp-json\/wp\/v2\/types\/attachment"}],"author":[{"embeddable":true,"href":"https:\/\/medicina.udd.cl\/tecnologia-medica-santiago\/wp-json\/wp\/v2\/users\/9192219"}],"replies":[{"embeddable":true,"href":"https:\/\/medicina.udd.cl\/tecnologia-medica-santiago\/wp-json\/wp\/v2\/comments?post=8121"}],"wp:attached-to":[{"embeddable":true,"post_type":"person","id":6071,"href":"https:\/\/medicina.udd.cl\/tecnologia-medica-santiago\/wp-json\/wp\/v2\/people\/6071"}],"curies":[{"name":"wp","href":"https:\/\/api.w.org\/{rel}","templated":true}]}}

<!-- This site is optimized with the Yoast SEO plugin v26.9 - https://yoast.com/product/yoast-seo-wordpress/ -->
<title>Jacob Araya Castillo.byn - Tecnología Médica</title>
<meta name="robots" content="index, follow, max-snippet:-1, max-image-preview:large, max-video-preview:-1" />
<link rel="canonical" href="https://medicina.udd.cl/tecnologia-medica-santiago/files/2022/09/jacob-araya-castillo-byn_.jpeg" />
<meta property="og:locale" content="es_ES" />
<meta property="og:type" content="article" />
<meta property="og:title" content="Jacob Araya Castillo.byn - Tecnología Médica" />
<meta property="og:url" content="https://medicina.udd.cl/tecnologia-medica-santiago/files/2022/09/jacob-araya-castillo-byn_.jpeg" />
<meta property="og:site_name" content="Tecnología Médica" />
<meta property="og:image" content="https://medicina.udd.cl/tecnologia-medica-santiago/files/2022/09/jacob-araya-castillo-byn_.jpeg" />
	<meta property="og:image:width" content="1008" />
	<meta property="og:image:height" content="1007" />
	<meta property="og:image:type" content="image/jpeg" />
<script type="application/ld+json" class="yoast-schema-graph">{"@context":"https://schema.org","@graph":[{"@type":"WebPage","@id":"https://medicina.udd.cl/tecnologia-medica-santiago/files/2022/09/jacob-araya-castillo-byn_.jpeg","url":"https://medicina.udd.cl/tecnologia-medica-santiago/files/2022/09/jacob-araya-castillo-byn_.jpeg","name":"Jacob Araya Castillo.byn - Tecnología Médica","isPartOf":{"@id":"https://medicina.udd.cl/tecnologia-medica-santiago/#website"},"datePublished":"2023-01-24T19:49:54+00:00","breadcrumb":{"@id":"https://medicina.udd.cl/tecnologia-medica-santiago/files/2022/09/jacob-araya-castillo-byn_.jpeg#breadcrumb"},"inLanguage":"es","potentialAction":[{"@type":"ReadAction","target":["https://medicina.udd.cl/tecnologia-medica-santiago/files/2022/09/jacob-araya-castillo-byn_.jpeg"]}]},{"@type":"BreadcrumbList","@id":"https://medicina.udd.cl/tecnologia-medica-santiago/files/2022/09/jacob-araya-castillo-byn_.jpeg#breadcrumb","itemListElement":[{"@type":"ListItem","position":1,"name":"Home","item":"https://medicina.udd.cl/tecnologia-medica-santiago/"},{"@type":"ListItem","position":2,"name":"Jacob Araya Castillo","item":"https://medicina.udd.cl/tecnologia-medica-santiago/persona/jacob-araya-castillo/"},{"@type":"ListItem","position":3,"name":"Jacob Araya Castillo.byn"}]},{"@type":"WebSite","@id":"https://medicina.udd.cl/tecnologia-medica-santiago/#website","url":"https://medicina.udd.cl/tecnologia-medica-santiago/","name":"Tecnología Médica","description":"Facultad de Medicina Clínica Alemana Universidad del Desarrollo","inLanguage":"es"}]}</script>
<!-- / Yoast SEO plugin. -->

Jacob Araya Castillo.byn - Tecnología Médica

Tecnología Médica

Facultad de Medicina Clínica Alemana Universidad del Desarrollo
