{"id":819,"date":"2011-08-11T08:48:00","date_gmt":"2011-08-11T12:48:00","guid":{"rendered":"http:\/\/medicina.udd.cl\/tecnologia-medica-santiago\/files\/2011\/08\/DSC05642.jpg"},"modified":"2011-08-11T08:48:00","modified_gmt":"2011-08-11T12:48:00","slug":"dsc05642","status":"inherit","type":"attachment","link":"https:\/\/medicina.udd.cl\/tecnologia-medica-santiago\/noticias\/2011\/08\/10\/tecnologia-medica-recuerda-al-rector-sr-ernestro-silva-bafalluy-q-e-p-d\/dsc05642\/","title":{"rendered":"Ernesto Silva"},"author":1,"featured_media":0,"comment_status":"open","ping_status":"open","template":"","meta":[],"class_list":["post-819","attachment","type-attachment","status-inherit","hentry"],"yoast_head":"<!-- This site is optimized with the Yoast SEO plugin v26.9 - https:\/\/yoast.com\/product\/yoast-seo-wordpress\/ -->\n<title>Ernesto Silva - Tecnolog\u00eda M\u00e9dica<\/title>\n<meta name=\"robots\" content=\"index, follow, max-snippet:-1, max-image-preview:large, max-video-preview:-1\" \/>\n<link rel=\"canonical\" href=\"https:\/\/medicina.udd.cl\/tecnologia-medica-santiago\/files\/2011\/08\/DSC05642-e1313067351557.jpg\" \/>\n<meta property=\"og:locale\" content=\"es_ES\" \/>\n<meta property=\"og:type\" content=\"article\" \/>\n<meta property=\"og:title\" content=\"Ernesto Silva - Tecnolog\u00eda M\u00e9dica\" \/>\n<meta property=\"og:url\" content=\"https:\/\/medicina.udd.cl\/tecnologia-medica-santiago\/files\/2011\/08\/DSC05642-e1313067351557.jpg\" \/>\n<meta property=\"og:site_name\" content=\"Tecnolog\u00eda M\u00e9dica\" \/>\n<meta property=\"og:image\" content=\"https:\/\/medicina.udd.cl\/tecnologia-medica-santiago\/files\/2011\/08\/DSC05642-e1313067351557.jpg\" \/>\n\t<meta property=\"og:image:width\" content=\"278\" \/>\n\t<meta property=\"og:image:height\" content=\"294\" \/>\n\t<meta property=\"og:image:type\" content=\"image\/jpeg\" \/>\n<script type=\"application\/ld+json\" class=\"yoast-schema-graph\">{\"@context\":\"https:\/\/schema.org\",\"@graph\":[{\"@type\":\"WebPage\",\"@id\":\"https:\/\/medicina.udd.cl\/tecnologia-medica-santiago\/files\/2011\/08\/DSC05642-e1313067351557.jpg\",\"url\":\"https:\/\/medicina.udd.cl\/tecnologia-medica-santiago\/files\/2011\/08\/DSC05642-e1313067351557.jpg\",\"name\":\"Ernesto Silva - Tecnolog\u00eda M\u00e9dica\",\"isPartOf\":{\"@id\":\"https:\/\/medicina.udd.cl\/tecnologia-medica-santiago\/#website\"},\"datePublished\":\"2011-08-11T12:48:00+00:00\",\"breadcrumb\":{\"@id\":\"https:\/\/medicina.udd.cl\/tecnologia-medica-santiago\/files\/2011\/08\/DSC05642-e1313067351557.jpg#breadcrumb\"},\"inLanguage\":\"es\",\"potentialAction\":[{\"@type\":\"ReadAction\",\"target\":[\"https:\/\/medicina.udd.cl\/tecnologia-medica-santiago\/files\/2011\/08\/DSC05642-e1313067351557.jpg\"]}]},{\"@type\":\"BreadcrumbList\",\"@id\":\"https:\/\/medicina.udd.cl\/tecnologia-medica-santiago\/files\/2011\/08\/DSC05642-e1313067351557.jpg#breadcrumb\",\"itemListElement\":[{\"@type\":\"ListItem\",\"position\":1,\"name\":\"Home\",\"item\":\"https:\/\/medicina.udd.cl\/tecnologia-medica-santiago\/\"},{\"@type\":\"ListItem\",\"position\":2,\"name\":\"Tecnolog\u00eda M\u00e9dica recuerda al rector Ernesto Silva (Q.E.P.D)\",\"item\":\"https:\/\/medicina.udd.cl\/tecnologia-medica-santiago\/noticias\/2011\/08\/10\/tecnologia-medica-recuerda-al-rector-sr-ernestro-silva-bafalluy-q-e-p-d\/\"},{\"@type\":\"ListItem\",\"position\":3,\"name\":\"Ernesto Silva\"}]},{\"@type\":\"WebSite\",\"@id\":\"https:\/\/medicina.udd.cl\/tecnologia-medica-santiago\/#website\",\"url\":\"https:\/\/medicina.udd.cl\/tecnologia-medica-santiago\/\",\"name\":\"Tecnolog\u00eda M\u00e9dica\",\"description\":\"Facultad de Medicina Cl\u00ednica Alemana Universidad del Desarrollo\",\"inLanguage\":\"es\"}]}<\/script>\n<!-- \/ Yoast SEO plugin. -->","yoast_head_json":{"title":"Ernesto Silva - Tecnolog\u00eda M\u00e9dica","robots":{"index":"index","follow":"follow","max-snippet":"max-snippet:-1","max-image-preview":"max-image-preview:large","max-video-preview":"max-video-preview:-1"},"canonical":"https:\/\/medicina.udd.cl\/tecnologia-medica-santiago\/files\/2011\/08\/DSC05642-e1313067351557.jpg","og_locale":"es_ES","og_type":"article","og_title":"Ernesto Silva - Tecnolog\u00eda M\u00e9dica","og_url":"https:\/\/medicina.udd.cl\/tecnologia-medica-santiago\/files\/2011\/08\/DSC05642-e1313067351557.jpg","og_site_name":"Tecnolog\u00eda M\u00e9dica","og_image":[{"width":278,"height":294,"url":"https:\/\/medicina.udd.cl\/tecnologia-medica-santiago\/files\/2011\/08\/DSC05642-e1313067351557.jpg","type":"image\/jpeg"}],"schema":{"@context":"https:\/\/schema.org","@graph":[{"@type":"WebPage","@id":"https:\/\/medicina.udd.cl\/tecnologia-medica-santiago\/files\/2011\/08\/DSC05642-e1313067351557.jpg","url":"https:\/\/medicina.udd.cl\/tecnologia-medica-santiago\/files\/2011\/08\/DSC05642-e1313067351557.jpg","name":"Ernesto Silva - Tecnolog\u00eda M\u00e9dica","isPartOf":{"@id":"https:\/\/medicina.udd.cl\/tecnologia-medica-santiago\/#website"},"datePublished":"2011-08-11T12:48:00+00:00","breadcrumb":{"@id":"https:\/\/medicina.udd.cl\/tecnologia-medica-santiago\/files\/2011\/08\/DSC05642-e1313067351557.jpg#breadcrumb"},"inLanguage":"es","potentialAction":[{"@type":"ReadAction","target":["https:\/\/medicina.udd.cl\/tecnologia-medica-santiago\/files\/2011\/08\/DSC05642-e1313067351557.jpg"]}]},{"@type":"BreadcrumbList","@id":"https:\/\/medicina.udd.cl\/tecnologia-medica-santiago\/files\/2011\/08\/DSC05642-e1313067351557.jpg#breadcrumb","itemListElement":[{"@type":"ListItem","position":1,"name":"Home","item":"https:\/\/medicina.udd.cl\/tecnologia-medica-santiago\/"},{"@type":"ListItem","position":2,"name":"Tecnolog\u00eda M\u00e9dica recuerda al rector Ernesto Silva (Q.E.P.D)","item":"https:\/\/medicina.udd.cl\/tecnologia-medica-santiago\/noticias\/2011\/08\/10\/tecnologia-medica-recuerda-al-rector-sr-ernestro-silva-bafalluy-q-e-p-d\/"},{"@type":"ListItem","position":3,"name":"Ernesto Silva"}]},{"@type":"WebSite","@id":"https:\/\/medicina.udd.cl\/tecnologia-medica-santiago\/#website","url":"https:\/\/medicina.udd.cl\/tecnologia-medica-santiago\/","name":"Tecnolog\u00eda M\u00e9dica","description":"Facultad de Medicina Cl\u00ednica Alemana Universidad del Desarrollo","inLanguage":"es"}]}},"description":{"rendered":"<p class=\"attachment\"><a href='https:\/\/medicina.udd.cl\/tecnologia-medica-santiago\/files\/2011\/08\/DSC05642-e1313067351557.jpg'><img loading=\"lazy\" decoding=\"async\" width=\"278\" height=\"294\" src=\"https:\/\/medicina.udd.cl\/tecnologia-medica-santiago\/files\/2011\/08\/DSC05642-e1313067351557.jpg\" class=\"attachment-medium size-medium\" alt=\"\" \/><\/a><\/p>\n"},"caption":{"rendered":""},"alt_text":"","media_type":"image","mime_type":"image\/jpeg","media_details":{"width":278,"height":294,"file":"2011\/08\/DSC05642-e1313067351557.jpg","sizes":{"thumbnail":{"file":"DSC05642-e1313067351557-150x150.jpg","width":150,"height":150,"mime_type":"image\/jpeg","source_url":"https:\/\/medicina.udd.cl\/tecnologia-medica-santiago\/files\/2011\/08\/DSC05642-e1313067351557-150x150.jpg"},"newsletter_featured":{"file":"DSC05642-e1313067351557-278x224.jpg","width":278,"height":224,"mime_type":"image\/jpeg","source_url":"https:\/\/medicina.udd.cl\/tecnologia-medica-santiago\/files\/2011\/08\/DSC05642-e1313067351557-278x224.jpg"},"newsletter_first":{"file":"DSC05642-e1313067351557-278x205.jpg","width":278,"height":205,"mime_type":"image\/jpeg","source_url":"https:\/\/medicina.udd.cl\/tecnologia-medica-santiago\/files\/2011\/08\/DSC05642-e1313067351557-278x205.jpg"},"newsletter_thumb":{"file":"DSC05642-e1313067351557-278x150.jpg","width":278,"height":150,"mime_type":"image\/jpeg","source_url":"https:\/\/medicina.udd.cl\/tecnologia-medica-santiago\/files\/2011\/08\/DSC05642-e1313067351557-278x150.jpg"},"newsletter_column":{"file":"DSC05642-e1313067351557-182x140.jpg","width":182,"height":140,"mime_type":"image\/jpeg","source_url":"https:\/\/medicina.udd.cl\/tecnologia-medica-santiago\/files\/2011\/08\/DSC05642-e1313067351557-182x140.jpg"},"newsletter_square":{"file":"DSC05642-e1313067351557-62x62.jpg","width":62,"height":62,"mime_type":"image\/jpeg","source_url":"https:\/\/medicina.udd.cl\/tecnologia-medica-santiago\/files\/2011\/08\/DSC05642-e1313067351557-62x62.jpg"},"newsletter_square_large":{"file":"DSC05642-e1313067351557-87x62.jpg","width":87,"height":62,"mime_type":"image\/jpeg","source_url":"https:\/\/medicina.udd.cl\/tecnologia-medica-santiago\/files\/2011\/08\/DSC05642-e1313067351557-87x62.jpg"},"portrait-medium":{"file":"DSC05642-e1313067351557-220x260.jpg","width":220,"height":260,"mime_type":"image\/jpeg","source_url":"https:\/\/medicina.udd.cl\/tecnologia-medica-santiago\/files\/2011\/08\/DSC05642-e1313067351557-220x260.jpg"},"landscape-small":{"file":"DSC05642-e1313067351557-125x80.jpg","width":125,"height":80,"mime_type":"image\/jpeg","source_url":"https:\/\/medicina.udd.cl\/tecnologia-medica-santiago\/files\/2011\/08\/DSC05642-e1313067351557-125x80.jpg"},"landscape-medium":{"file":"DSC05642-e1313067351557-278x220.jpg","width":278,"height":220,"mime_type":"image\/jpeg","source_url":"https:\/\/medicina.udd.cl\/tecnologia-medica-santiago\/files\/2011\/08\/DSC05642-e1313067351557-278x220.jpg"},"landscape-large":{"file":"DSC05642-e1313067351557-278x255.jpg","width":278,"height":255,"mime_type":"image\/jpeg","source_url":"https:\/\/medicina.udd.cl\/tecnologia-medica-santiago\/files\/2011\/08\/DSC05642-e1313067351557-278x255.jpg"},"custom_content":{"file":"DSC05642-e1313067351557-126x126.jpg","width":126,"height":126,"mime_type":"image\/jpeg","source_url":"https:\/\/medicina.udd.cl\/tecnologia-medica-santiago\/files\/2011\/08\/DSC05642-e1313067351557-126x126.jpg"},"full":{"file":"DSC05642-e1313067351557.jpg","width":278,"height":294,"mime_type":"image\/jpeg","source_url":"https:\/\/medicina.udd.cl\/tecnologia-medica-santiago\/files\/2011\/08\/DSC05642-e1313067351557.jpg"}},"image_meta":{"aperture":"0","credit":"","camera":"","caption":"","created_timestamp":"0","copyright":"","focal_length":"0","iso":"0","shutter_speed":"0","title":"","orientation":"0","keywords":[]}},"post":817,"source_url":"https:\/\/medicina.udd.cl\/tecnologia-medica-santiago\/files\/2011\/08\/DSC05642-e1313067351557.jpg","_links":{"self":[{"href":"https:\/\/medicina.udd.cl\/tecnologia-medica-santiago\/wp-json\/wp\/v2\/media\/819","targetHints":{"allow":["GET"]}}],"collection":[{"href":"https:\/\/medicina.udd.cl\/tecnologia-medica-santiago\/wp-json\/wp\/v2\/media"}],"about":[{"href":"https:\/\/medicina.udd.cl\/tecnologia-medica-santiago\/wp-json\/wp\/v2\/types\/attachment"}],"author":[{"embeddable":true,"href":"https:\/\/medicina.udd.cl\/tecnologia-medica-santiago\/wp-json\/wp\/v2\/users\/1"}],"replies":[{"embeddable":true,"href":"https:\/\/medicina.udd.cl\/tecnologia-medica-santiago\/wp-json\/wp\/v2\/comments?post=819"}],"wp:attached-to":[{"embeddable":true,"post_type":"post","id":817,"href":"https:\/\/medicina.udd.cl\/tecnologia-medica-santiago\/wp-json\/wp\/v2\/posts\/817"}],"curies":[{"name":"wp","href":"https:\/\/api.w.org\/{rel}","templated":true}]}}

<!-- This site is optimized with the Yoast SEO plugin v26.9 - https://yoast.com/product/yoast-seo-wordpress/ -->
<title>Ernesto Silva - Tecnología Médica</title>
<meta name="robots" content="index, follow, max-snippet:-1, max-image-preview:large, max-video-preview:-1" />
<link rel="canonical" href="https://medicina.udd.cl/tecnologia-medica-santiago/files/2011/08/DSC05642-e1313067351557.jpg" />
<meta property="og:locale" content="es_ES" />
<meta property="og:type" content="article" />
<meta property="og:title" content="Ernesto Silva - Tecnología Médica" />
<meta property="og:url" content="https://medicina.udd.cl/tecnologia-medica-santiago/files/2011/08/DSC05642-e1313067351557.jpg" />
<meta property="og:site_name" content="Tecnología Médica" />
<meta property="og:image" content="https://medicina.udd.cl/tecnologia-medica-santiago/files/2011/08/DSC05642-e1313067351557.jpg" />
	<meta property="og:image:width" content="278" />
	<meta property="og:image:height" content="294" />
	<meta property="og:image:type" content="image/jpeg" />
<script type="application/ld+json" class="yoast-schema-graph">{"@context":"https://schema.org","@graph":[{"@type":"WebPage","@id":"https://medicina.udd.cl/tecnologia-medica-santiago/files/2011/08/DSC05642-e1313067351557.jpg","url":"https://medicina.udd.cl/tecnologia-medica-santiago/files/2011/08/DSC05642-e1313067351557.jpg","name":"Ernesto Silva - Tecnología Médica","isPartOf":{"@id":"https://medicina.udd.cl/tecnologia-medica-santiago/#website"},"datePublished":"2011-08-11T12:48:00+00:00","breadcrumb":{"@id":"https://medicina.udd.cl/tecnologia-medica-santiago/files/2011/08/DSC05642-e1313067351557.jpg#breadcrumb"},"inLanguage":"es","potentialAction":[{"@type":"ReadAction","target":["https://medicina.udd.cl/tecnologia-medica-santiago/files/2011/08/DSC05642-e1313067351557.jpg"]}]},{"@type":"BreadcrumbList","@id":"https://medicina.udd.cl/tecnologia-medica-santiago/files/2011/08/DSC05642-e1313067351557.jpg#breadcrumb","itemListElement":[{"@type":"ListItem","position":1,"name":"Home","item":"https://medicina.udd.cl/tecnologia-medica-santiago/"},{"@type":"ListItem","position":2,"name":"Tecnología Médica recuerda al rector Ernesto Silva (Q.E.P.D)","item":"https://medicina.udd.cl/tecnologia-medica-santiago/noticias/2011/08/10/tecnologia-medica-recuerda-al-rector-sr-ernestro-silva-bafalluy-q-e-p-d/"},{"@type":"ListItem","position":3,"name":"Ernesto Silva"}]},{"@type":"WebSite","@id":"https://medicina.udd.cl/tecnologia-medica-santiago/#website","url":"https://medicina.udd.cl/tecnologia-medica-santiago/","name":"Tecnología Médica","description":"Facultad de Medicina Clínica Alemana Universidad del Desarrollo","inLanguage":"es"}]}</script>
<!-- / Yoast SEO plugin. -->

Ernesto Silva - Tecnología Médica

Tecnología Médica

Tecnología Médica recuerda al rector Ernesto Silva (Q.E.P.D)

Facultad de Medicina Clínica Alemana Universidad del Desarrollo
