{"id":8829,"date":"2024-03-22T14:37:41","date_gmt":"2024-03-22T17:37:41","guid":{"rendered":"https:\/\/medicina.udd.cl\/tecnologia-medica-santiago\/files\/2024\/03\/inicio-ano-academico-dest.png"},"modified":"2024-03-22T14:37:41","modified_gmt":"2024-03-22T17:37:41","slug":"inicio-ano-academico-dest","status":"inherit","type":"attachment","link":"https:\/\/medicina.udd.cl\/tecnologia-medica-santiago\/noticias\/2024\/03\/22\/inicio-ano-academico-2024-en-clinica-alemana\/inicio-ano-academico-dest\/","title":{"rendered":"inicio a\u00f1o academico dest"},"author":9192254,"featured_media":0,"comment_status":"","ping_status":"closed","template":"","meta":[],"class_list":["post-8829","attachment","type-attachment","status-inherit","hentry"],"yoast_head":"<!-- This site is optimized with the Yoast SEO plugin v26.9 - https:\/\/yoast.com\/product\/yoast-seo-wordpress\/ -->\n<title>inicio a\u00f1o academico dest - Tecnolog\u00eda M\u00e9dica<\/title>\n<meta name=\"robots\" content=\"index, follow, max-snippet:-1, max-image-preview:large, max-video-preview:-1\" \/>\n<link rel=\"canonical\" href=\"https:\/\/medicina.udd.cl\/tecnologia-medica-santiago\/files\/2024\/03\/inicio-ano-academico-dest.png\" \/>\n<meta property=\"og:locale\" content=\"es_ES\" \/>\n<meta property=\"og:type\" content=\"article\" \/>\n<meta property=\"og:title\" content=\"inicio a\u00f1o academico dest - Tecnolog\u00eda M\u00e9dica\" \/>\n<meta property=\"og:url\" content=\"https:\/\/medicina.udd.cl\/tecnologia-medica-santiago\/files\/2024\/03\/inicio-ano-academico-dest.png\" \/>\n<meta property=\"og:site_name\" content=\"Tecnolog\u00eda M\u00e9dica\" \/>\n<meta property=\"og:image\" content=\"https:\/\/medicina.udd.cl\/tecnologia-medica-santiago\/files\/2024\/03\/inicio-ano-academico-dest.png\" \/>\n\t<meta property=\"og:image:width\" content=\"1\" \/>\n\t<meta property=\"og:image:height\" content=\"1\" \/>\n\t<meta property=\"og:image:type\" content=\"image\/png\" \/>\n<script type=\"application\/ld+json\" class=\"yoast-schema-graph\">{\"@context\":\"https:\/\/schema.org\",\"@graph\":[{\"@type\":\"WebPage\",\"@id\":\"https:\/\/medicina.udd.cl\/tecnologia-medica-santiago\/files\/2024\/03\/inicio-ano-academico-dest.png\",\"url\":\"https:\/\/medicina.udd.cl\/tecnologia-medica-santiago\/files\/2024\/03\/inicio-ano-academico-dest.png\",\"name\":\"inicio a\u00f1o academico dest - Tecnolog\u00eda M\u00e9dica\",\"isPartOf\":{\"@id\":\"https:\/\/medicina.udd.cl\/tecnologia-medica-santiago\/#website\"},\"datePublished\":\"2024-03-22T17:37:41+00:00\",\"breadcrumb\":{\"@id\":\"https:\/\/medicina.udd.cl\/tecnologia-medica-santiago\/files\/2024\/03\/inicio-ano-academico-dest.png#breadcrumb\"},\"inLanguage\":\"es\",\"potentialAction\":[{\"@type\":\"ReadAction\",\"target\":[\"https:\/\/medicina.udd.cl\/tecnologia-medica-santiago\/files\/2024\/03\/inicio-ano-academico-dest.png\"]}]},{\"@type\":\"BreadcrumbList\",\"@id\":\"https:\/\/medicina.udd.cl\/tecnologia-medica-santiago\/files\/2024\/03\/inicio-ano-academico-dest.png#breadcrumb\",\"itemListElement\":[{\"@type\":\"ListItem\",\"position\":1,\"name\":\"Home\",\"item\":\"https:\/\/medicina.udd.cl\/tecnologia-medica-santiago\/\"},{\"@type\":\"ListItem\",\"position\":2,\"name\":\"Inicio A\u00f1o Acad\u00e9mico 2024 en Cl\u00ednica Alemana\",\"item\":\"https:\/\/medicina.udd.cl\/tecnologia-medica-santiago\/noticias\/2024\/03\/22\/inicio-ano-academico-2024-en-clinica-alemana\/\"},{\"@type\":\"ListItem\",\"position\":3,\"name\":\"inicio a\u00f1o academico dest\"}]},{\"@type\":\"WebSite\",\"@id\":\"https:\/\/medicina.udd.cl\/tecnologia-medica-santiago\/#website\",\"url\":\"https:\/\/medicina.udd.cl\/tecnologia-medica-santiago\/\",\"name\":\"Tecnolog\u00eda M\u00e9dica\",\"description\":\"Facultad de Medicina Cl\u00ednica Alemana Universidad del Desarrollo\",\"inLanguage\":\"es\"}]}<\/script>\n<!-- \/ Yoast SEO plugin. -->","yoast_head_json":{"title":"inicio a\u00f1o academico dest - Tecnolog\u00eda M\u00e9dica","robots":{"index":"index","follow":"follow","max-snippet":"max-snippet:-1","max-image-preview":"max-image-preview:large","max-video-preview":"max-video-preview:-1"},"canonical":"https:\/\/medicina.udd.cl\/tecnologia-medica-santiago\/files\/2024\/03\/inicio-ano-academico-dest.png","og_locale":"es_ES","og_type":"article","og_title":"inicio a\u00f1o academico dest - Tecnolog\u00eda M\u00e9dica","og_url":"https:\/\/medicina.udd.cl\/tecnologia-medica-santiago\/files\/2024\/03\/inicio-ano-academico-dest.png","og_site_name":"Tecnolog\u00eda M\u00e9dica","og_image":[{"url":"https:\/\/medicina.udd.cl\/tecnologia-medica-santiago\/files\/2024\/03\/inicio-ano-academico-dest.png","width":1,"height":1,"type":"image\/png"}],"schema":{"@context":"https:\/\/schema.org","@graph":[{"@type":"WebPage","@id":"https:\/\/medicina.udd.cl\/tecnologia-medica-santiago\/files\/2024\/03\/inicio-ano-academico-dest.png","url":"https:\/\/medicina.udd.cl\/tecnologia-medica-santiago\/files\/2024\/03\/inicio-ano-academico-dest.png","name":"inicio a\u00f1o academico dest - Tecnolog\u00eda M\u00e9dica","isPartOf":{"@id":"https:\/\/medicina.udd.cl\/tecnologia-medica-santiago\/#website"},"datePublished":"2024-03-22T17:37:41+00:00","breadcrumb":{"@id":"https:\/\/medicina.udd.cl\/tecnologia-medica-santiago\/files\/2024\/03\/inicio-ano-academico-dest.png#breadcrumb"},"inLanguage":"es","potentialAction":[{"@type":"ReadAction","target":["https:\/\/medicina.udd.cl\/tecnologia-medica-santiago\/files\/2024\/03\/inicio-ano-academico-dest.png"]}]},{"@type":"BreadcrumbList","@id":"https:\/\/medicina.udd.cl\/tecnologia-medica-santiago\/files\/2024\/03\/inicio-ano-academico-dest.png#breadcrumb","itemListElement":[{"@type":"ListItem","position":1,"name":"Home","item":"https:\/\/medicina.udd.cl\/tecnologia-medica-santiago\/"},{"@type":"ListItem","position":2,"name":"Inicio A\u00f1o Acad\u00e9mico 2024 en Cl\u00ednica Alemana","item":"https:\/\/medicina.udd.cl\/tecnologia-medica-santiago\/noticias\/2024\/03\/22\/inicio-ano-academico-2024-en-clinica-alemana\/"},{"@type":"ListItem","position":3,"name":"inicio a\u00f1o academico dest"}]},{"@type":"WebSite","@id":"https:\/\/medicina.udd.cl\/tecnologia-medica-santiago\/#website","url":"https:\/\/medicina.udd.cl\/tecnologia-medica-santiago\/","name":"Tecnolog\u00eda M\u00e9dica","description":"Facultad de Medicina Cl\u00ednica Alemana Universidad del Desarrollo","inLanguage":"es"}]}},"description":{"rendered":"<p class=\"attachment\"><a href='https:\/\/medicina.udd.cl\/tecnologia-medica-santiago\/files\/2024\/03\/inicio-ano-academico-dest.png'><img loading=\"lazy\" decoding=\"async\" width=\"280\" height=\"180\" src=\"https:\/\/medicina.udd.cl\/tecnologia-medica-santiago\/files\/2024\/03\/inicio-ano-academico-dest.png\" class=\"attachment-medium size-medium\" alt=\"\" \/><\/a><\/p>\n"},"caption":{"rendered":""},"alt_text":"","media_type":"image","mime_type":"image\/png","media_details":{"width":280,"height":180,"file":"2024\/03\/inicio-ano-academico-dest.png","filesize":115038,"sizes":{"thumbnail":{"file":"inicio-ano-academico-dest-150x150.png","width":150,"height":150,"filesize":48129,"mime_type":"image\/png","source_url":"https:\/\/medicina.udd.cl\/tecnologia-medica-santiago\/files\/2024\/03\/inicio-ano-academico-dest-150x150.png"},"newsletter_thumb":{"file":"inicio-ano-academico-dest-280x150.png","width":280,"height":150,"filesize":95186,"mime_type":"image\/png","source_url":"https:\/\/medicina.udd.cl\/tecnologia-medica-santiago\/files\/2024\/03\/inicio-ano-academico-dest-280x150.png"},"newsletter_column":{"file":"inicio-ano-academico-dest-182x140.png","width":182,"height":140,"filesize":55915,"mime_type":"image\/png","source_url":"https:\/\/medicina.udd.cl\/tecnologia-medica-santiago\/files\/2024\/03\/inicio-ano-academico-dest-182x140.png"},"newsletter_square":{"file":"inicio-ano-academico-dest-62x62.png","width":62,"height":62,"filesize":9692,"mime_type":"image\/png","source_url":"https:\/\/medicina.udd.cl\/tecnologia-medica-santiago\/files\/2024\/03\/inicio-ano-academico-dest-62x62.png"},"newsletter_square_large":{"file":"inicio-ano-academico-dest-87x62.png","width":87,"height":62,"filesize":13610,"mime_type":"image\/png","source_url":"https:\/\/medicina.udd.cl\/tecnologia-medica-santiago\/files\/2024\/03\/inicio-ano-academico-dest-87x62.png"},"square_200":{"file":"inicio-ano-academico-dest-250x180.png","width":250,"height":180,"filesize":100967,"mime_type":"image\/png","source_url":"https:\/\/medicina.udd.cl\/tecnologia-medica-santiago\/files\/2024\/03\/inicio-ano-academico-dest-250x180.png"},"custom_content":{"file":"inicio-ano-academico-dest-126x126.png","width":126,"height":126,"filesize":35263,"mime_type":"image\/png","source_url":"https:\/\/medicina.udd.cl\/tecnologia-medica-santiago\/files\/2024\/03\/inicio-ano-academico-dest-126x126.png"},"full":{"file":"inicio-ano-academico-dest.png","width":280,"height":180,"mime_type":"image\/png","source_url":"https:\/\/medicina.udd.cl\/tecnologia-medica-santiago\/files\/2024\/03\/inicio-ano-academico-dest.png"}},"image_meta":{"aperture":"0","credit":"","camera":"","caption":"","created_timestamp":"0","copyright":"","focal_length":"0","iso":"0","shutter_speed":"0","title":"","orientation":"0","keywords":[]}},"post":8814,"source_url":"https:\/\/medicina.udd.cl\/tecnologia-medica-santiago\/files\/2024\/03\/inicio-ano-academico-dest.png","_links":{"self":[{"href":"https:\/\/medicina.udd.cl\/tecnologia-medica-santiago\/wp-json\/wp\/v2\/media\/8829","targetHints":{"allow":["GET"]}}],"collection":[{"href":"https:\/\/medicina.udd.cl\/tecnologia-medica-santiago\/wp-json\/wp\/v2\/media"}],"about":[{"href":"https:\/\/medicina.udd.cl\/tecnologia-medica-santiago\/wp-json\/wp\/v2\/types\/attachment"}],"author":[{"embeddable":true,"href":"https:\/\/medicina.udd.cl\/tecnologia-medica-santiago\/wp-json\/wp\/v2\/users\/9192254"}],"replies":[{"embeddable":true,"href":"https:\/\/medicina.udd.cl\/tecnologia-medica-santiago\/wp-json\/wp\/v2\/comments?post=8829"}],"wp:attached-to":[{"embeddable":true,"post_type":"post","id":8814,"href":"https:\/\/medicina.udd.cl\/tecnologia-medica-santiago\/wp-json\/wp\/v2\/posts\/8814"}],"curies":[{"name":"wp","href":"https:\/\/api.w.org\/{rel}","templated":true}]}}

inicio año academico dest

<!-- This site is optimized with the Yoast SEO plugin v26.9 - https://yoast.com/product/yoast-seo-wordpress/ -->
<title>inicio año academico dest - Tecnología Médica</title>
<meta name="robots" content="index, follow, max-snippet:-1, max-image-preview:large, max-video-preview:-1" />
<link rel="canonical" href="https://medicina.udd.cl/tecnologia-medica-santiago/files/2024/03/inicio-ano-academico-dest.png" />
<meta property="og:locale" content="es_ES" />
<meta property="og:type" content="article" />
<meta property="og:title" content="inicio año academico dest - Tecnología Médica" />
<meta property="og:url" content="https://medicina.udd.cl/tecnologia-medica-santiago/files/2024/03/inicio-ano-academico-dest.png" />
<meta property="og:site_name" content="Tecnología Médica" />
<meta property="og:image" content="https://medicina.udd.cl/tecnologia-medica-santiago/files/2024/03/inicio-ano-academico-dest.png" />
	<meta property="og:image:width" content="1" />
	<meta property="og:image:height" content="1" />
	<meta property="og:image:type" content="image/png" />
<script type="application/ld+json" class="yoast-schema-graph">{"@context":"https://schema.org","@graph":[{"@type":"WebPage","@id":"https://medicina.udd.cl/tecnologia-medica-santiago/files/2024/03/inicio-ano-academico-dest.png","url":"https://medicina.udd.cl/tecnologia-medica-santiago/files/2024/03/inicio-ano-academico-dest.png","name":"inicio año academico dest - Tecnología Médica","isPartOf":{"@id":"https://medicina.udd.cl/tecnologia-medica-santiago/#website"},"datePublished":"2024-03-22T17:37:41+00:00","breadcrumb":{"@id":"https://medicina.udd.cl/tecnologia-medica-santiago/files/2024/03/inicio-ano-academico-dest.png#breadcrumb"},"inLanguage":"es","potentialAction":[{"@type":"ReadAction","target":["https://medicina.udd.cl/tecnologia-medica-santiago/files/2024/03/inicio-ano-academico-dest.png"]}]},{"@type":"BreadcrumbList","@id":"https://medicina.udd.cl/tecnologia-medica-santiago/files/2024/03/inicio-ano-academico-dest.png#breadcrumb","itemListElement":[{"@type":"ListItem","position":1,"name":"Home","item":"https://medicina.udd.cl/tecnologia-medica-santiago/"},{"@type":"ListItem","position":2,"name":"Inicio Año Académico 2024 en Clínica Alemana","item":"https://medicina.udd.cl/tecnologia-medica-santiago/noticias/2024/03/22/inicio-ano-academico-2024-en-clinica-alemana/"},{"@type":"ListItem","position":3,"name":"inicio año academico dest"}]},{"@type":"WebSite","@id":"https://medicina.udd.cl/tecnologia-medica-santiago/#website","url":"https://medicina.udd.cl/tecnologia-medica-santiago/","name":"Tecnología Médica","description":"Facultad de Medicina Clínica Alemana Universidad del Desarrollo","inLanguage":"es"}]}</script>
<!-- / Yoast SEO plugin. -->

inicio año academico dest - Tecnología Médica

Tecnología Médica

Inicio Año Académico 2024 en Clínica Alemana

Facultad de Medicina Clínica Alemana Universidad del Desarrollo
