{"id":14,"date":"2010-03-31T19:28:52","date_gmt":"2010-03-31T23:28:52","guid":{"rendered":"http:\/\/medicina.udd.cl\/tecnologia-medica\/sobre-la-carrera\/infraestructura\/"},"modified":"2018-08-20T11:15:38","modified_gmt":"2018-08-20T14:15:38","slug":"infraestructura","status":"publish","type":"page","link":"https:\/\/medicina.udd.cl\/tecnologia-medica-santiago\/la-carrera\/infraestructura\/","title":{"rendered":"Infraestructura"},"content":{"rendered":"<p style=\"text-align: justify\">Las actividades de aula de la carrera se realizan en los campus Las Condes y RESB, y las actividades cl\u00ednicas se llevan a cabo en Cl\u00ednica Alemana, Hospital Padre Hurtado, adem\u00e1s de otros Centros Asistenciales p\u00fablicos y privados con los cuales existen convenios.<\/p>\n<p style=\"text-align: justify\">Tecnolog\u00eda M\u00e9dica cuenta con dos espacios para las actividades experienciales de la carrera:<\/p>\n<p style=\"text-align: justify\"><strong>a) Laboratorio de Tecnolog\u00eda M\u00e9dica\u00a0<\/strong>para actividades experienciales en asignaturas de Carrera del Ciclo de Bachillerato y en las especialidades de Bioan\u00e1lisis Cl\u00ednico, Hematolog\u00eda y Medicina Transfusional y de Morfofisiopatolog\u00eda y Citodiagn\u00f3stico. En \u00e9l tambi\u00e9n se realiza investigaci\u00f3n propia de la Carrera y de otras unidades de la Facultad de Medicina CAS-UDD.<\/p>\n<p style=\"text-align: justify\"><b>b) Consulta oftalmol\u00f3gica\u00a0docente,<\/b>\u00a0actividades experienciales en asignaturas de Carrera del Ciclo de Bachillerato y en la especialidad de Oftalmolog\u00eda y Optometr\u00eda. En \u00e9l tambi\u00e9n se realiza investigaci\u00f3n de la carrera y atenci\u00f3n oftalm\u00f3logica a la comunidad universitaria.<\/p>\n<p>&nbsp;<\/p>\n<div id=\"gallery-1\" class=\"carousel slide carousel-gallery\" data-ride=\"false\" data-interval=\"false\"><div class=\"carousel-inner\" role=\"listbox\"><figure class=\"carousel-item active\"><img loading=\"lazy\" decoding=\"async\" width=\"818\" height=\"534\" src=\"https:\/\/medicina.udd.cl\/tecnologia-medica-santiago\/files\/2010\/03\/Facultad-de-Medicina-CAS-UDD.jpg\" class=\"attachment-landscape_952 size-landscape_952\" alt=\"\" srcset=\"https:\/\/medicina.udd.cl\/tecnologia-medica-santiago\/files\/2010\/03\/Facultad-de-Medicina-CAS-UDD.jpg 2272w, https:\/\/medicina.udd.cl\/tecnologia-medica-santiago\/files\/2010\/03\/Facultad-de-Medicina-CAS-UDD-300x196.jpg 300w, https:\/\/medicina.udd.cl\/tecnologia-medica-santiago\/files\/2010\/03\/Facultad-de-Medicina-CAS-UDD-768x502.jpg 768w, https:\/\/medicina.udd.cl\/tecnologia-medica-santiago\/files\/2010\/03\/Facultad-de-Medicina-CAS-UDD-1024x669.jpg 1024w, https:\/\/medicina.udd.cl\/tecnologia-medica-santiago\/files\/2010\/03\/Facultad-de-Medicina-CAS-UDD-660x430.jpg 660w, https:\/\/medicina.udd.cl\/tecnologia-medica-santiago\/files\/2010\/03\/Facultad-de-Medicina-CAS-UDD-960x627.jpg 960w\" sizes=\"auto, (max-width: 818px) 100vw, 818px\" \/><\/figure><figure class=\"carousel-item\"><img loading=\"lazy\" decoding=\"async\" width=\"608\" height=\"534\" src=\"https:\/\/medicina.udd.cl\/tecnologia-medica-santiago\/files\/2010\/03\/Cl\u00ednica-Alemana-2.jpg\" class=\"attachment-landscape_952 size-landscape_952\" alt=\"\" srcset=\"https:\/\/medicina.udd.cl\/tecnologia-medica-santiago\/files\/2010\/03\/Cl\u00ednica-Alemana-2.jpg 1024w, https:\/\/medicina.udd.cl\/tecnologia-medica-santiago\/files\/2010\/03\/Cl\u00ednica-Alemana-2-300x263.jpg 300w, https:\/\/medicina.udd.cl\/tecnologia-medica-santiago\/files\/2010\/03\/Cl\u00ednica-Alemana-2-768x674.jpg 768w, https:\/\/medicina.udd.cl\/tecnologia-medica-santiago\/files\/2010\/03\/Cl\u00ednica-Alemana-2-960x843.jpg 960w\" sizes=\"auto, (max-width: 608px) 100vw, 608px\" \/><\/figure><figure class=\"carousel-item\"><img loading=\"lazy\" decoding=\"async\" width=\"640\" height=\"480\" src=\"https:\/\/medicina.udd.cl\/tecnologia-medica-santiago\/files\/2010\/03\/DSC03632.jpg\" class=\"attachment-landscape_952 size-landscape_952\" alt=\"\" srcset=\"https:\/\/medicina.udd.cl\/tecnologia-medica-santiago\/files\/2010\/03\/DSC03632.jpg 640w, https:\/\/medicina.udd.cl\/tecnologia-medica-santiago\/files\/2010\/03\/DSC03632-300x225.jpg 300w\" sizes=\"auto, (max-width: 640px) 100vw, 640px\" \/><\/figure><figure class=\"carousel-item\"><img loading=\"lazy\" decoding=\"async\" width=\"801\" height=\"534\" src=\"https:\/\/medicina.udd.cl\/tecnologia-medica-santiago\/files\/2010\/03\/hospital-HPH.jpg\" class=\"attachment-landscape_952 size-landscape_952\" alt=\"\" srcset=\"https:\/\/medicina.udd.cl\/tecnologia-medica-santiago\/files\/2010\/03\/hospital-HPH.jpg 3267w, https:\/\/medicina.udd.cl\/tecnologia-medica-santiago\/files\/2010\/03\/hospital-HPH-300x200.jpg 300w, https:\/\/medicina.udd.cl\/tecnologia-medica-santiago\/files\/2010\/03\/hospital-HPH-768x512.jpg 768w, https:\/\/medicina.udd.cl\/tecnologia-medica-santiago\/files\/2010\/03\/hospital-HPH-1024x683.jpg 1024w, https:\/\/medicina.udd.cl\/tecnologia-medica-santiago\/files\/2010\/03\/hospital-HPH-960x640.jpg 960w\" sizes=\"auto, (max-width: 801px) 100vw, 801px\" \/><\/figure><figure class=\"carousel-item\"><img loading=\"lazy\" decoding=\"async\" width=\"677\" height=\"400\" src=\"https:\/\/medicina.udd.cl\/tecnologia-medica-santiago\/files\/2010\/03\/index-17.jpg\" class=\"attachment-landscape_952 size-landscape_952\" alt=\"\" srcset=\"https:\/\/medicina.udd.cl\/tecnologia-medica-santiago\/files\/2010\/03\/index-17.jpg 677w, https:\/\/medicina.udd.cl\/tecnologia-medica-santiago\/files\/2010\/03\/index-17-300x177.jpg 300w\" sizes=\"auto, (max-width: 677px) 100vw, 677px\" \/><\/figure><\/div><footer class=\"carousel-footer\"><div class=\"carousel-counter\"><span class=\"carousel-counter-current\"><\/span> \/ <span class=\"carousel-counter-total\"><\/span><\/div><a class=\"carousel-control-prev\" href=\"#gallery-1\" role=\"button\" data-slide=\"prev\"><svg aria-hidden=\"true\" class=\"svg-chevron-left-dims\"><use xlink:href='https:\/\/medicina.udd.cl\/tecnologia-medica-santiago\/wp-content\/themes\/facultades-2018\/assets\/img\/svg\/dist\/main.svg?version=1695853099#chevron-left'><\/use><\/svg><span class=\"sr-only\">Anterior<\/span><\/a><a class=\"carousel-control-next\" href=\"#gallery-1\" role=\"button\" data-slide=\"next\"><svg aria-hidden=\"true\" class=\"svg-chevron-right-dims\"><use xlink:href='https:\/\/medicina.udd.cl\/tecnologia-medica-santiago\/wp-content\/themes\/facultades-2018\/assets\/img\/svg\/dist\/main.svg?version=1695853099#chevron-right'><\/use><\/svg><span class=\"sr-only\">Siguiente<\/span><\/a><\/footer><\/div>\n<p>Te mostramos un video para que puedas conocer en profundidad nuestros campos cl\u00ednicos:<\/p>\n<p><iframe loading=\"lazy\" title=\"Campos Cl\u00ednicos - Facultad Medicina Cl\u00ednica Alemana UDD\" width=\"500\" height=\"281\" src=\"https:\/\/www.youtube.com\/embed\/b1z8OhegBjw?feature=oembed&#038;rel=0&#038;modestbranding=1&#038;autohide=1&#038;autoplay=0&#038;enablejsapi=1&#038;showinfo=0\" allowautoplay=\"allowautoplay\" frameborder=\"0\" allow=\"accelerometer; autoplay; clipboard-write; encrypted-media; gyroscope; picture-in-picture; web-share\" referrerpolicy=\"strict-origin-when-cross-origin\" allowfullscreen><\/iframe><\/p>\n","protected":false},"excerpt":{"rendered":"<p>Las actividades de aula de la carrera se realizan en los campus Las Condes y RESB, y las actividades cl\u00ednicas se llevan a cabo en Cl\u00ednica Alemana, Hospital Padre Hurtado, adem\u00e1s de otros Centros Asistenciales p\u00fablicos y privados con los cuales existen convenios. Tecnolog\u00eda M\u00e9dica cuenta con dos espacios para las actividades experienciales de la [&hellip;]<\/p>\n","protected":false},"author":1,"featured_media":0,"parent":3,"menu_order":40,"comment_status":"open","ping_status":"open","template":"","meta":{"footnotes":""},"class_list":["post-14","page","type-page","status-publish","hentry"],"yoast_head":"<!-- This site is optimized with the Yoast SEO plugin v26.9 - https:\/\/yoast.com\/product\/yoast-seo-wordpress\/ -->\n<title>Infraestructura | Carrera de Tecnolog\u00eda M\u00e9dica (Santiago) | Admisi\u00f3n 2014 UDD<\/title>\n<meta name=\"description\" content=\"Tecnolog\u00eda M\u00e9dica UDD cuenta con campos cl\u00ednicos tales como la Cl\u00ednica Alemana, el Hospital Padre Hurtado, la Cl\u00ednica UDD, entre otros.\" \/>\n<meta name=\"robots\" content=\"index, follow, max-snippet:-1, max-image-preview:large, max-video-preview:-1\" \/>\n<link rel=\"canonical\" href=\"https:\/\/medicina.udd.cl\/tecnologia-medica-santiago\/la-carrera\/infraestructura\/\" \/>\n<meta property=\"og:locale\" content=\"es_ES\" \/>\n<meta property=\"og:type\" content=\"article\" \/>\n<meta property=\"og:title\" content=\"Infraestructura | Carrera de Tecnolog\u00eda M\u00e9dica (Santiago) | Admisi\u00f3n 2014 UDD\" \/>\n<meta property=\"og:description\" content=\"Tecnolog\u00eda M\u00e9dica UDD cuenta con campos cl\u00ednicos tales como la Cl\u00ednica Alemana, el Hospital Padre Hurtado, la Cl\u00ednica UDD, entre otros.\" \/>\n<meta property=\"og:url\" content=\"https:\/\/medicina.udd.cl\/tecnologia-medica-santiago\/la-carrera\/infraestructura\/\" \/>\n<meta property=\"og:site_name\" content=\"Tecnolog\u00eda M\u00e9dica\" \/>\n<meta property=\"article:modified_time\" content=\"2018-08-20T14:15:38+00:00\" \/>\n<meta property=\"og:image\" content=\"https:\/\/medicina.udd.cl\/tecnologia-medica-santiago\/files\/2010\/03\/Facultad-de-Medicina-CAS-UDD.jpg\" \/>\n<meta name=\"twitter:label1\" content=\"Tiempo de lectura\" \/>\n\t<meta name=\"twitter:data1\" content=\"1 minuto\" \/>\n<script type=\"application\/ld+json\" class=\"yoast-schema-graph\">{\"@context\":\"https:\/\/schema.org\",\"@graph\":[{\"@type\":\"WebPage\",\"@id\":\"https:\/\/medicina.udd.cl\/tecnologia-medica-santiago\/la-carrera\/infraestructura\/\",\"url\":\"https:\/\/medicina.udd.cl\/tecnologia-medica-santiago\/la-carrera\/infraestructura\/\",\"name\":\"Infraestructura | Carrera de Tecnolog\u00eda M\u00e9dica (Santiago) | Admisi\u00f3n 2014 UDD\",\"isPartOf\":{\"@id\":\"https:\/\/medicina.udd.cl\/tecnologia-medica-santiago\/#website\"},\"datePublished\":\"2010-03-31T23:28:52+00:00\",\"dateModified\":\"2018-08-20T14:15:38+00:00\",\"description\":\"Tecnolog\u00eda M\u00e9dica UDD cuenta con campos cl\u00ednicos tales como la Cl\u00ednica Alemana, el Hospital Padre Hurtado, la Cl\u00ednica UDD, entre otros.\",\"breadcrumb\":{\"@id\":\"https:\/\/medicina.udd.cl\/tecnologia-medica-santiago\/la-carrera\/infraestructura\/#breadcrumb\"},\"inLanguage\":\"es\",\"potentialAction\":[{\"@type\":\"ReadAction\",\"target\":[\"https:\/\/medicina.udd.cl\/tecnologia-medica-santiago\/la-carrera\/infraestructura\/\"]}]},{\"@type\":\"BreadcrumbList\",\"@id\":\"https:\/\/medicina.udd.cl\/tecnologia-medica-santiago\/la-carrera\/infraestructura\/#breadcrumb\",\"itemListElement\":[{\"@type\":\"ListItem\",\"position\":1,\"name\":\"Home\",\"item\":\"https:\/\/medicina.udd.cl\/tecnologia-medica-santiago\/\"},{\"@type\":\"ListItem\",\"position\":2,\"name\":\"La Carrera\",\"item\":\"https:\/\/medicina.udd.cl\/tecnologia-medica-santiago\/la-carrera\/\"},{\"@type\":\"ListItem\",\"position\":3,\"name\":\"Infraestructura\"}]},{\"@type\":\"WebSite\",\"@id\":\"https:\/\/medicina.udd.cl\/tecnologia-medica-santiago\/#website\",\"url\":\"https:\/\/medicina.udd.cl\/tecnologia-medica-santiago\/\",\"name\":\"Tecnolog\u00eda M\u00e9dica\",\"description\":\"Facultad de Medicina Cl\u00ednica Alemana Universidad del Desarrollo\",\"inLanguage\":\"es\"}]}<\/script>\n<!-- \/ Yoast SEO plugin. -->","yoast_head_json":{"title":"Infraestructura | Carrera de Tecnolog\u00eda M\u00e9dica (Santiago) | Admisi\u00f3n 2014 UDD","description":"Tecnolog\u00eda M\u00e9dica UDD cuenta con campos cl\u00ednicos tales como la Cl\u00ednica Alemana, el Hospital Padre Hurtado, la Cl\u00ednica UDD, entre otros.","robots":{"index":"index","follow":"follow","max-snippet":"max-snippet:-1","max-image-preview":"max-image-preview:large","max-video-preview":"max-video-preview:-1"},"canonical":"https:\/\/medicina.udd.cl\/tecnologia-medica-santiago\/la-carrera\/infraestructura\/","og_locale":"es_ES","og_type":"article","og_title":"Infraestructura | Carrera de Tecnolog\u00eda M\u00e9dica (Santiago) | Admisi\u00f3n 2014 UDD","og_description":"Tecnolog\u00eda M\u00e9dica UDD cuenta con campos cl\u00ednicos tales como la Cl\u00ednica Alemana, el Hospital Padre Hurtado, la Cl\u00ednica UDD, entre otros.","og_url":"https:\/\/medicina.udd.cl\/tecnologia-medica-santiago\/la-carrera\/infraestructura\/","og_site_name":"Tecnolog\u00eda M\u00e9dica","article_modified_time":"2018-08-20T14:15:38+00:00","og_image":[{"url":"https:\/\/medicina.udd.cl\/tecnologia-medica-santiago\/files\/2010\/03\/Facultad-de-Medicina-CAS-UDD.jpg","type":"","width":"","height":""}],"twitter_misc":{"Tiempo de lectura":"1 minuto"},"schema":{"@context":"https:\/\/schema.org","@graph":[{"@type":"WebPage","@id":"https:\/\/medicina.udd.cl\/tecnologia-medica-santiago\/la-carrera\/infraestructura\/","url":"https:\/\/medicina.udd.cl\/tecnologia-medica-santiago\/la-carrera\/infraestructura\/","name":"Infraestructura | Carrera de Tecnolog\u00eda M\u00e9dica (Santiago) | Admisi\u00f3n 2014 UDD","isPartOf":{"@id":"https:\/\/medicina.udd.cl\/tecnologia-medica-santiago\/#website"},"datePublished":"2010-03-31T23:28:52+00:00","dateModified":"2018-08-20T14:15:38+00:00","description":"Tecnolog\u00eda M\u00e9dica UDD cuenta con campos cl\u00ednicos tales como la Cl\u00ednica Alemana, el Hospital Padre Hurtado, la Cl\u00ednica UDD, entre otros.","breadcrumb":{"@id":"https:\/\/medicina.udd.cl\/tecnologia-medica-santiago\/la-carrera\/infraestructura\/#breadcrumb"},"inLanguage":"es","potentialAction":[{"@type":"ReadAction","target":["https:\/\/medicina.udd.cl\/tecnologia-medica-santiago\/la-carrera\/infraestructura\/"]}]},{"@type":"BreadcrumbList","@id":"https:\/\/medicina.udd.cl\/tecnologia-medica-santiago\/la-carrera\/infraestructura\/#breadcrumb","itemListElement":[{"@type":"ListItem","position":1,"name":"Home","item":"https:\/\/medicina.udd.cl\/tecnologia-medica-santiago\/"},{"@type":"ListItem","position":2,"name":"La Carrera","item":"https:\/\/medicina.udd.cl\/tecnologia-medica-santiago\/la-carrera\/"},{"@type":"ListItem","position":3,"name":"Infraestructura"}]},{"@type":"WebSite","@id":"https:\/\/medicina.udd.cl\/tecnologia-medica-santiago\/#website","url":"https:\/\/medicina.udd.cl\/tecnologia-medica-santiago\/","name":"Tecnolog\u00eda M\u00e9dica","description":"Facultad de Medicina Cl\u00ednica Alemana Universidad del Desarrollo","inLanguage":"es"}]}},"_links":{"self":[{"href":"https:\/\/medicina.udd.cl\/tecnologia-medica-santiago\/wp-json\/wp\/v2\/pages\/14","targetHints":{"allow":["GET"]}}],"collection":[{"href":"https:\/\/medicina.udd.cl\/tecnologia-medica-santiago\/wp-json\/wp\/v2\/pages"}],"about":[{"href":"https:\/\/medicina.udd.cl\/tecnologia-medica-santiago\/wp-json\/wp\/v2\/types\/page"}],"author":[{"embeddable":true,"href":"https:\/\/medicina.udd.cl\/tecnologia-medica-santiago\/wp-json\/wp\/v2\/users\/1"}],"replies":[{"embeddable":true,"href":"https:\/\/medicina.udd.cl\/tecnologia-medica-santiago\/wp-json\/wp\/v2\/comments?post=14"}],"version-history":[{"count":20,"href":"https:\/\/medicina.udd.cl\/tecnologia-medica-santiago\/wp-json\/wp\/v2\/pages\/14\/revisions"}],"predecessor-version":[{"id":5423,"href":"https:\/\/medicina.udd.cl\/tecnologia-medica-santiago\/wp-json\/wp\/v2\/pages\/14\/revisions\/5423"}],"up":[{"embeddable":true,"href":"https:\/\/medicina.udd.cl\/tecnologia-medica-santiago\/wp-json\/wp\/v2\/pages\/3"}],"wp:attachment":[{"href":"https:\/\/medicina.udd.cl\/tecnologia-medica-santiago\/wp-json\/wp\/v2\/media?parent=14"}],"curies":[{"name":"wp","href":"https:\/\/api.w.org\/{rel}","templated":true}]}}