{"id":5453,"date":"2018-10-02T09:26:33","date_gmt":"2018-10-02T12:26:33","guid":{"rendered":"http:\/\/medicina.udd.cl\/tecnologia-medica-santiago\/?page_id=5453"},"modified":"2018-10-02T09:26:33","modified_gmt":"2018-10-02T12:26:33","slug":"sellos-diferenciadores","status":"publish","type":"page","link":"https:\/\/medicina.udd.cl\/tecnologia-medica-santiago\/sellos-diferenciadores\/","title":{"rendered":"Sellos diferenciadores"},"content":{"rendered":"<ol>\n<li><strong>Integraci\u00f3n<\/strong> de algunas asignaturas en las mallas de las especialidades de Bioan\u00e1lisis Cl\u00ednico, Hematolog\u00eda y Medicina Transfusional y de Morfofisiopatolog\u00eda y Citodiagn\u00f3stico<\/li>\n<li>Internado cl\u00ednico e <strong>Internado cl\u00ednico electivo<\/strong> (cada estudiante escoge donde y en que \u00e1rea lo quiere desarrollar)<\/li>\n<li>Inclusi\u00f3n de asignaturas en la malla de Imagenolog\u00eda y F\u00edsica M\u00e9dica como ecograf\u00eda y mamograf\u00eda<\/li>\n<li><strong>Postulaci\u00f3n en primer a\u00f1o<\/strong> de la carrera a una de las especialidades por sistema de prelaci\u00f3n acad\u00e9mica<\/li>\n<li>Acercamiento a campos cl\u00ednicos desde primer a\u00f1o de la carrera<\/li>\n<li>Participaci\u00f3n de los estudiantes en proyectos de <strong>investigaci\u00f3n desde el primer a\u00f1o<\/strong> de la carrera<\/li>\n<li>Examen de t\u00edtulo con <strong>casos cl\u00ednicos<\/strong><\/li>\n<li>Consulta oftalmol\u00f3gica propia de la carrera<\/li>\n<\/ol>\n","protected":false},"excerpt":{"rendered":"<p>Integraci\u00f3n de algunas asignaturas en las mallas de las especialidades de Bioan\u00e1lisis Cl\u00ednico, Hematolog\u00eda y Medicina Transfusional y de Morfofisiopatolog\u00eda y Citodiagn\u00f3stico Internado cl\u00ednico e Internado cl\u00ednico electivo (cada estudiante escoge donde y en que \u00e1rea lo quiere desarrollar) Inclusi\u00f3n de asignaturas en la malla de Imagenolog\u00eda y F\u00edsica M\u00e9dica como ecograf\u00eda y mamograf\u00eda Postulaci\u00f3n [&hellip;]<\/p>\n","protected":false},"author":1,"featured_media":0,"parent":0,"menu_order":0,"comment_status":"closed","ping_status":"closed","template":"","meta":{"footnotes":""},"class_list":["post-5453","page","type-page","status-publish","hentry"],"yoast_head":"<!-- This site is optimized with the Yoast SEO plugin v26.9 - https:\/\/yoast.com\/product\/yoast-seo-wordpress\/ -->\n<title>Sellos diferenciadores - Tecnolog\u00eda M\u00e9dica<\/title>\n<meta name=\"robots\" content=\"index, follow, max-snippet:-1, max-image-preview:large, max-video-preview:-1\" \/>\n<link rel=\"canonical\" href=\"https:\/\/medicina.udd.cl\/tecnologia-medica-santiago\/sellos-diferenciadores\/\" \/>\n<meta property=\"og:locale\" content=\"es_ES\" \/>\n<meta property=\"og:type\" content=\"article\" \/>\n<meta property=\"og:title\" content=\"Sellos diferenciadores - Tecnolog\u00eda M\u00e9dica\" \/>\n<meta property=\"og:description\" content=\"Integraci\u00f3n de algunas asignaturas en las mallas de las especialidades de Bioan\u00e1lisis Cl\u00ednico, Hematolog\u00eda y Medicina Transfusional y de Morfofisiopatolog\u00eda y Citodiagn\u00f3stico Internado cl\u00ednico e Internado cl\u00ednico electivo (cada estudiante escoge donde y en que \u00e1rea lo quiere desarrollar) Inclusi\u00f3n de asignaturas en la malla de Imagenolog\u00eda y F\u00edsica M\u00e9dica como ecograf\u00eda y mamograf\u00eda Postulaci\u00f3n [&hellip;]\" \/>\n<meta property=\"og:url\" content=\"https:\/\/medicina.udd.cl\/tecnologia-medica-santiago\/sellos-diferenciadores\/\" \/>\n<meta property=\"og:site_name\" content=\"Tecnolog\u00eda M\u00e9dica\" \/>\n<meta name=\"twitter:label1\" content=\"Tiempo de lectura\" \/>\n\t<meta name=\"twitter:data1\" content=\"1 minuto\" \/>\n<script type=\"application\/ld+json\" class=\"yoast-schema-graph\">{\"@context\":\"https:\/\/schema.org\",\"@graph\":[{\"@type\":\"WebPage\",\"@id\":\"https:\/\/medicina.udd.cl\/tecnologia-medica-santiago\/sellos-diferenciadores\/\",\"url\":\"https:\/\/medicina.udd.cl\/tecnologia-medica-santiago\/sellos-diferenciadores\/\",\"name\":\"Sellos diferenciadores - Tecnolog\u00eda M\u00e9dica\",\"isPartOf\":{\"@id\":\"https:\/\/medicina.udd.cl\/tecnologia-medica-santiago\/#website\"},\"datePublished\":\"2018-10-02T12:26:33+00:00\",\"breadcrumb\":{\"@id\":\"https:\/\/medicina.udd.cl\/tecnologia-medica-santiago\/sellos-diferenciadores\/#breadcrumb\"},\"inLanguage\":\"es\",\"potentialAction\":[{\"@type\":\"ReadAction\",\"target\":[\"https:\/\/medicina.udd.cl\/tecnologia-medica-santiago\/sellos-diferenciadores\/\"]}]},{\"@type\":\"BreadcrumbList\",\"@id\":\"https:\/\/medicina.udd.cl\/tecnologia-medica-santiago\/sellos-diferenciadores\/#breadcrumb\",\"itemListElement\":[{\"@type\":\"ListItem\",\"position\":1,\"name\":\"Home\",\"item\":\"https:\/\/medicina.udd.cl\/tecnologia-medica-santiago\/\"},{\"@type\":\"ListItem\",\"position\":2,\"name\":\"Sellos diferenciadores\"}]},{\"@type\":\"WebSite\",\"@id\":\"https:\/\/medicina.udd.cl\/tecnologia-medica-santiago\/#website\",\"url\":\"https:\/\/medicina.udd.cl\/tecnologia-medica-santiago\/\",\"name\":\"Tecnolog\u00eda M\u00e9dica\",\"description\":\"Facultad de Medicina Cl\u00ednica Alemana Universidad del Desarrollo\",\"inLanguage\":\"es\"}]}<\/script>\n<!-- \/ Yoast SEO plugin. -->","yoast_head_json":{"title":"Sellos diferenciadores - Tecnolog\u00eda M\u00e9dica","robots":{"index":"index","follow":"follow","max-snippet":"max-snippet:-1","max-image-preview":"max-image-preview:large","max-video-preview":"max-video-preview:-1"},"canonical":"https:\/\/medicina.udd.cl\/tecnologia-medica-santiago\/sellos-diferenciadores\/","og_locale":"es_ES","og_type":"article","og_title":"Sellos diferenciadores - Tecnolog\u00eda M\u00e9dica","og_description":"Integraci\u00f3n de algunas asignaturas en las mallas de las especialidades de Bioan\u00e1lisis Cl\u00ednico, Hematolog\u00eda y Medicina Transfusional y de Morfofisiopatolog\u00eda y Citodiagn\u00f3stico Internado cl\u00ednico e Internado cl\u00ednico electivo (cada estudiante escoge donde y en que \u00e1rea lo quiere desarrollar) Inclusi\u00f3n de asignaturas en la malla de Imagenolog\u00eda y F\u00edsica M\u00e9dica como ecograf\u00eda y mamograf\u00eda Postulaci\u00f3n [&hellip;]","og_url":"https:\/\/medicina.udd.cl\/tecnologia-medica-santiago\/sellos-diferenciadores\/","og_site_name":"Tecnolog\u00eda M\u00e9dica","twitter_misc":{"Tiempo de lectura":"1 minuto"},"schema":{"@context":"https:\/\/schema.org","@graph":[{"@type":"WebPage","@id":"https:\/\/medicina.udd.cl\/tecnologia-medica-santiago\/sellos-diferenciadores\/","url":"https:\/\/medicina.udd.cl\/tecnologia-medica-santiago\/sellos-diferenciadores\/","name":"Sellos diferenciadores - Tecnolog\u00eda M\u00e9dica","isPartOf":{"@id":"https:\/\/medicina.udd.cl\/tecnologia-medica-santiago\/#website"},"datePublished":"2018-10-02T12:26:33+00:00","breadcrumb":{"@id":"https:\/\/medicina.udd.cl\/tecnologia-medica-santiago\/sellos-diferenciadores\/#breadcrumb"},"inLanguage":"es","potentialAction":[{"@type":"ReadAction","target":["https:\/\/medicina.udd.cl\/tecnologia-medica-santiago\/sellos-diferenciadores\/"]}]},{"@type":"BreadcrumbList","@id":"https:\/\/medicina.udd.cl\/tecnologia-medica-santiago\/sellos-diferenciadores\/#breadcrumb","itemListElement":[{"@type":"ListItem","position":1,"name":"Home","item":"https:\/\/medicina.udd.cl\/tecnologia-medica-santiago\/"},{"@type":"ListItem","position":2,"name":"Sellos diferenciadores"}]},{"@type":"WebSite","@id":"https:\/\/medicina.udd.cl\/tecnologia-medica-santiago\/#website","url":"https:\/\/medicina.udd.cl\/tecnologia-medica-santiago\/","name":"Tecnolog\u00eda M\u00e9dica","description":"Facultad de Medicina Cl\u00ednica Alemana Universidad del Desarrollo","inLanguage":"es"}]}},"_links":{"self":[{"href":"https:\/\/medicina.udd.cl\/tecnologia-medica-santiago\/wp-json\/wp\/v2\/pages\/5453","targetHints":{"allow":["GET"]}}],"collection":[{"href":"https:\/\/medicina.udd.cl\/tecnologia-medica-santiago\/wp-json\/wp\/v2\/pages"}],"about":[{"href":"https:\/\/medicina.udd.cl\/tecnologia-medica-santiago\/wp-json\/wp\/v2\/types\/page"}],"author":[{"embeddable":true,"href":"https:\/\/medicina.udd.cl\/tecnologia-medica-santiago\/wp-json\/wp\/v2\/users\/1"}],"replies":[{"embeddable":true,"href":"https:\/\/medicina.udd.cl\/tecnologia-medica-santiago\/wp-json\/wp\/v2\/comments?post=5453"}],"version-history":[{"count":1,"href":"https:\/\/medicina.udd.cl\/tecnologia-medica-santiago\/wp-json\/wp\/v2\/pages\/5453\/revisions"}],"predecessor-version":[{"id":5454,"href":"https:\/\/medicina.udd.cl\/tecnologia-medica-santiago\/wp-json\/wp\/v2\/pages\/5453\/revisions\/5454"}],"wp:attachment":[{"href":"https:\/\/medicina.udd.cl\/tecnologia-medica-santiago\/wp-json\/wp\/v2\/media?parent=5453"}],"curies":[{"name":"wp","href":"https:\/\/api.w.org\/{rel}","templated":true}]}}