{"id":7,"date":"2010-03-31T19:28:51","date_gmt":"2010-03-31T23:28:51","guid":{"rendered":"http:\/\/medicina.udd.cl\/tecnologia-medica\/vida-universitaria\/"},"modified":"2013-11-26T12:51:42","modified_gmt":"2013-11-26T15:51:42","slug":"vida-universitaria","status":"publish","type":"page","link":"https:\/\/medicina.udd.cl\/tecnologia-medica-santiago\/vida-universitaria\/","title":{"rendered":"Vida Universitaria"},"content":{"rendered":"","protected":false},"excerpt":{"rendered":"<p>Con\u00f3cenos y s\u00e9 parte de las actividades que realiza la carrera de Tecnolog\u00eda M\u00e9dica de la Facultad de Medicina Cl\u00ednica Alemana Universidad del Desarrollo:<\/p>\n","protected":false},"author":1,"featured_media":0,"parent":0,"menu_order":0,"comment_status":"open","ping_status":"open","template":"template-indice.php","meta":{"footnotes":""},"class_list":["post-7","page","type-page","status-publish","hentry"],"yoast_head":"<!-- This site is optimized with the Yoast SEO plugin v26.9 - https:\/\/yoast.com\/product\/yoast-seo-wordpress\/ -->\n<title>Vida Universitaria | Carrera de Tecnolog\u00eda M\u00e9dica (Santiago) | Admisi\u00f3n 2014 UDD<\/title>\n<meta name=\"description\" content=\"Conoce todas las actividades universitarias que tenemos para ti en nuestra carrera de Tecnolog\u00eda M\u00e9dica y sumate al proceso de admisi\u00f3n 2014.\" \/>\n<meta name=\"robots\" content=\"index, follow, max-snippet:-1, max-image-preview:large, max-video-preview:-1\" \/>\n<link rel=\"canonical\" href=\"https:\/\/medicina.udd.cl\/tecnologia-medica-santiago\/vida-universitaria\/\" \/>\n<meta property=\"og:locale\" content=\"es_ES\" \/>\n<meta property=\"og:type\" content=\"article\" \/>\n<meta property=\"og:title\" content=\"Vida Universitaria | Carrera de Tecnolog\u00eda M\u00e9dica (Santiago) | Admisi\u00f3n 2014 UDD\" \/>\n<meta property=\"og:description\" content=\"Conoce todas las actividades universitarias que tenemos para ti en nuestra carrera de Tecnolog\u00eda M\u00e9dica y sumate al proceso de admisi\u00f3n 2014.\" \/>\n<meta property=\"og:url\" content=\"https:\/\/medicina.udd.cl\/tecnologia-medica-santiago\/vida-universitaria\/\" \/>\n<meta property=\"og:site_name\" content=\"Tecnolog\u00eda M\u00e9dica\" \/>\n<meta property=\"article:modified_time\" content=\"2013-11-26T15:51:42+00:00\" \/>\n<script type=\"application\/ld+json\" class=\"yoast-schema-graph\">{\"@context\":\"https:\/\/schema.org\",\"@graph\":[{\"@type\":\"WebPage\",\"@id\":\"https:\/\/medicina.udd.cl\/tecnologia-medica-santiago\/vida-universitaria\/\",\"url\":\"https:\/\/medicina.udd.cl\/tecnologia-medica-santiago\/vida-universitaria\/\",\"name\":\"Vida Universitaria | Carrera de Tecnolog\u00eda M\u00e9dica (Santiago) | Admisi\u00f3n 2014 UDD\",\"isPartOf\":{\"@id\":\"https:\/\/medicina.udd.cl\/tecnologia-medica-santiago\/#website\"},\"datePublished\":\"2010-03-31T23:28:51+00:00\",\"dateModified\":\"2013-11-26T15:51:42+00:00\",\"description\":\"Conoce todas las actividades universitarias que tenemos para ti en nuestra carrera de Tecnolog\u00eda M\u00e9dica y sumate al proceso de admisi\u00f3n 2014.\",\"breadcrumb\":{\"@id\":\"https:\/\/medicina.udd.cl\/tecnologia-medica-santiago\/vida-universitaria\/#breadcrumb\"},\"inLanguage\":\"es\",\"potentialAction\":[{\"@type\":\"ReadAction\",\"target\":[\"https:\/\/medicina.udd.cl\/tecnologia-medica-santiago\/vida-universitaria\/\"]}]},{\"@type\":\"BreadcrumbList\",\"@id\":\"https:\/\/medicina.udd.cl\/tecnologia-medica-santiago\/vida-universitaria\/#breadcrumb\",\"itemListElement\":[{\"@type\":\"ListItem\",\"position\":1,\"name\":\"Home\",\"item\":\"https:\/\/medicina.udd.cl\/tecnologia-medica-santiago\/\"},{\"@type\":\"ListItem\",\"position\":2,\"name\":\"Vida Universitaria\"}]},{\"@type\":\"WebSite\",\"@id\":\"https:\/\/medicina.udd.cl\/tecnologia-medica-santiago\/#website\",\"url\":\"https:\/\/medicina.udd.cl\/tecnologia-medica-santiago\/\",\"name\":\"Tecnolog\u00eda M\u00e9dica\",\"description\":\"Facultad de Medicina Cl\u00ednica Alemana Universidad del Desarrollo\",\"inLanguage\":\"es\"}]}<\/script>\n<!-- \/ Yoast SEO plugin. -->","yoast_head_json":{"title":"Vida Universitaria | Carrera de Tecnolog\u00eda M\u00e9dica (Santiago) | Admisi\u00f3n 2014 UDD","description":"Conoce todas las actividades universitarias que tenemos para ti en nuestra carrera de Tecnolog\u00eda M\u00e9dica y sumate al proceso de admisi\u00f3n 2014.","robots":{"index":"index","follow":"follow","max-snippet":"max-snippet:-1","max-image-preview":"max-image-preview:large","max-video-preview":"max-video-preview:-1"},"canonical":"https:\/\/medicina.udd.cl\/tecnologia-medica-santiago\/vida-universitaria\/","og_locale":"es_ES","og_type":"article","og_title":"Vida Universitaria | Carrera de Tecnolog\u00eda M\u00e9dica (Santiago) | Admisi\u00f3n 2014 UDD","og_description":"Conoce todas las actividades universitarias que tenemos para ti en nuestra carrera de Tecnolog\u00eda M\u00e9dica y sumate al proceso de admisi\u00f3n 2014.","og_url":"https:\/\/medicina.udd.cl\/tecnologia-medica-santiago\/vida-universitaria\/","og_site_name":"Tecnolog\u00eda M\u00e9dica","article_modified_time":"2013-11-26T15:51:42+00:00","schema":{"@context":"https:\/\/schema.org","@graph":[{"@type":"WebPage","@id":"https:\/\/medicina.udd.cl\/tecnologia-medica-santiago\/vida-universitaria\/","url":"https:\/\/medicina.udd.cl\/tecnologia-medica-santiago\/vida-universitaria\/","name":"Vida Universitaria | Carrera de Tecnolog\u00eda M\u00e9dica (Santiago) | Admisi\u00f3n 2014 UDD","isPartOf":{"@id":"https:\/\/medicina.udd.cl\/tecnologia-medica-santiago\/#website"},"datePublished":"2010-03-31T23:28:51+00:00","dateModified":"2013-11-26T15:51:42+00:00","description":"Conoce todas las actividades universitarias que tenemos para ti en nuestra carrera de Tecnolog\u00eda M\u00e9dica y sumate al proceso de admisi\u00f3n 2014.","breadcrumb":{"@id":"https:\/\/medicina.udd.cl\/tecnologia-medica-santiago\/vida-universitaria\/#breadcrumb"},"inLanguage":"es","potentialAction":[{"@type":"ReadAction","target":["https:\/\/medicina.udd.cl\/tecnologia-medica-santiago\/vida-universitaria\/"]}]},{"@type":"BreadcrumbList","@id":"https:\/\/medicina.udd.cl\/tecnologia-medica-santiago\/vida-universitaria\/#breadcrumb","itemListElement":[{"@type":"ListItem","position":1,"name":"Home","item":"https:\/\/medicina.udd.cl\/tecnologia-medica-santiago\/"},{"@type":"ListItem","position":2,"name":"Vida Universitaria"}]},{"@type":"WebSite","@id":"https:\/\/medicina.udd.cl\/tecnologia-medica-santiago\/#website","url":"https:\/\/medicina.udd.cl\/tecnologia-medica-santiago\/","name":"Tecnolog\u00eda M\u00e9dica","description":"Facultad de Medicina Cl\u00ednica Alemana Universidad del Desarrollo","inLanguage":"es"}]}},"_links":{"self":[{"href":"https:\/\/medicina.udd.cl\/tecnologia-medica-santiago\/wp-json\/wp\/v2\/pages\/7","targetHints":{"allow":["GET"]}}],"collection":[{"href":"https:\/\/medicina.udd.cl\/tecnologia-medica-santiago\/wp-json\/wp\/v2\/pages"}],"about":[{"href":"https:\/\/medicina.udd.cl\/tecnologia-medica-santiago\/wp-json\/wp\/v2\/types\/page"}],"author":[{"embeddable":true,"href":"https:\/\/medicina.udd.cl\/tecnologia-medica-santiago\/wp-json\/wp\/v2\/users\/1"}],"replies":[{"embeddable":true,"href":"https:\/\/medicina.udd.cl\/tecnologia-medica-santiago\/wp-json\/wp\/v2\/comments?post=7"}],"version-history":[{"count":60,"href":"https:\/\/medicina.udd.cl\/tecnologia-medica-santiago\/wp-json\/wp\/v2\/pages\/7\/revisions"}],"predecessor-version":[{"id":2673,"href":"https:\/\/medicina.udd.cl\/tecnologia-medica-santiago\/wp-json\/wp\/v2\/pages\/7\/revisions\/2673"}],"wp:attachment":[{"href":"https:\/\/medicina.udd.cl\/tecnologia-medica-santiago\/wp-json\/wp\/v2\/media?parent=7"}],"curies":[{"name":"wp","href":"https:\/\/api.w.org\/{rel}","templated":true}]}}