{"id":2513,"date":"2013-09-13T08:30:34","date_gmt":"2013-09-13T12:30:34","guid":{"rendered":"http:\/\/medicina.udd.cl\/tecnologia-medica-santiago\/?post_type=person&#038;p=2513"},"modified":"2026-01-30T13:00:09","modified_gmt":"2026-01-30T16:00:09","slug":"evelyn-cobo","status":"publish","type":"person","link":"https:\/\/medicina.udd.cl\/tecnologia-medica-santiago\/persona\/evelyn-cobo\/","title":{"rendered":"Evelyn Cobo Reyes"},"featured_media":10061,"template":"","people_tax":[4037,5641],"people_areas":[],"people_levels":[],"class_list":["post-2513","person","type-person","status-publish","has-post-thumbnail","hentry","people_tax-equipo","people_tax-equipo-de-gestion","people_list-docentes"],"yoast_head":"<!-- This site is optimized with the Yoast SEO plugin v26.9 - https:\/\/yoast.com\/product\/yoast-seo-wordpress\/ -->\n<title>Evelyn Cobo Reyes - Tecnolog\u00eda M\u00e9dica<\/title>\n<meta name=\"robots\" content=\"index, follow, max-snippet:-1, max-image-preview:large, max-video-preview:-1\" \/>\n<link rel=\"canonical\" href=\"https:\/\/medicina.udd.cl\/tecnologia-medica-santiago\/persona\/evelyn-cobo\/\" \/>\n<meta property=\"og:locale\" content=\"es_ES\" \/>\n<meta property=\"og:type\" content=\"article\" \/>\n<meta property=\"og:title\" content=\"Evelyn Cobo Reyes - Tecnolog\u00eda M\u00e9dica\" \/>\n<meta property=\"og:url\" content=\"https:\/\/medicina.udd.cl\/tecnologia-medica-santiago\/persona\/evelyn-cobo\/\" \/>\n<meta property=\"og:site_name\" content=\"Tecnolog\u00eda M\u00e9dica\" \/>\n<meta property=\"article:modified_time\" content=\"2026-01-30T16:00:09+00:00\" \/>\n<meta property=\"og:image\" content=\"https:\/\/medicina.udd.cl\/tecnologia-medica-santiago\/files\/2013\/09\/evelyn-cobo-1.jpg\" \/>\n\t<meta property=\"og:image:width\" content=\"1004\" \/>\n\t<meta property=\"og:image:height\" content=\"1004\" \/>\n\t<meta property=\"og:image:type\" content=\"image\/jpeg\" \/>\n<meta name=\"twitter:label1\" content=\"Tiempo de lectura\" \/>\n\t<meta name=\"twitter:data1\" content=\"1 minuto\" \/>\n<script type=\"application\/ld+json\" class=\"yoast-schema-graph\">{\"@context\":\"https:\/\/schema.org\",\"@graph\":[{\"@type\":\"WebPage\",\"@id\":\"https:\/\/medicina.udd.cl\/tecnologia-medica-santiago\/persona\/evelyn-cobo\/\",\"url\":\"https:\/\/medicina.udd.cl\/tecnologia-medica-santiago\/persona\/evelyn-cobo\/\",\"name\":\"Evelyn Cobo Reyes - Tecnolog\u00eda M\u00e9dica\",\"isPartOf\":{\"@id\":\"https:\/\/medicina.udd.cl\/tecnologia-medica-santiago\/#website\"},\"primaryImageOfPage\":{\"@id\":\"https:\/\/medicina.udd.cl\/tecnologia-medica-santiago\/persona\/evelyn-cobo\/#primaryimage\"},\"image\":{\"@id\":\"https:\/\/medicina.udd.cl\/tecnologia-medica-santiago\/persona\/evelyn-cobo\/#primaryimage\"},\"thumbnailUrl\":\"https:\/\/medicina.udd.cl\/tecnologia-medica-santiago\/files\/2013\/09\/evelyn-cobo-1.jpg\",\"datePublished\":\"2013-09-13T12:30:34+00:00\",\"dateModified\":\"2026-01-30T16:00:09+00:00\",\"breadcrumb\":{\"@id\":\"https:\/\/medicina.udd.cl\/tecnologia-medica-santiago\/persona\/evelyn-cobo\/#breadcrumb\"},\"inLanguage\":\"es\",\"potentialAction\":[{\"@type\":\"ReadAction\",\"target\":[\"https:\/\/medicina.udd.cl\/tecnologia-medica-santiago\/persona\/evelyn-cobo\/\"]}]},{\"@type\":\"ImageObject\",\"inLanguage\":\"es\",\"@id\":\"https:\/\/medicina.udd.cl\/tecnologia-medica-santiago\/persona\/evelyn-cobo\/#primaryimage\",\"url\":\"https:\/\/medicina.udd.cl\/tecnologia-medica-santiago\/files\/2013\/09\/evelyn-cobo-1.jpg\",\"contentUrl\":\"https:\/\/medicina.udd.cl\/tecnologia-medica-santiago\/files\/2013\/09\/evelyn-cobo-1.jpg\",\"width\":1004,\"height\":1004},{\"@type\":\"BreadcrumbList\",\"@id\":\"https:\/\/medicina.udd.cl\/tecnologia-medica-santiago\/persona\/evelyn-cobo\/#breadcrumb\",\"itemListElement\":[{\"@type\":\"ListItem\",\"position\":1,\"name\":\"Home\",\"item\":\"https:\/\/medicina.udd.cl\/tecnologia-medica-santiago\/\"},{\"@type\":\"ListItem\",\"position\":2,\"name\":\"Personas\",\"item\":\"https:\/\/medicina.udd.cl\/tecnologia-medica-santiago\/persona\/\"},{\"@type\":\"ListItem\",\"position\":3,\"name\":\"Evelyn Cobo Reyes\"}]},{\"@type\":\"WebSite\",\"@id\":\"https:\/\/medicina.udd.cl\/tecnologia-medica-santiago\/#website\",\"url\":\"https:\/\/medicina.udd.cl\/tecnologia-medica-santiago\/\",\"name\":\"Tecnolog\u00eda M\u00e9dica\",\"description\":\"Facultad de Medicina Cl\u00ednica Alemana Universidad del Desarrollo\",\"inLanguage\":\"es\"}]}<\/script>\n<!-- \/ Yoast SEO plugin. -->","yoast_head_json":{"title":"Evelyn Cobo Reyes - Tecnolog\u00eda M\u00e9dica","robots":{"index":"index","follow":"follow","max-snippet":"max-snippet:-1","max-image-preview":"max-image-preview:large","max-video-preview":"max-video-preview:-1"},"canonical":"https:\/\/medicina.udd.cl\/tecnologia-medica-santiago\/persona\/evelyn-cobo\/","og_locale":"es_ES","og_type":"article","og_title":"Evelyn Cobo Reyes - Tecnolog\u00eda M\u00e9dica","og_url":"https:\/\/medicina.udd.cl\/tecnologia-medica-santiago\/persona\/evelyn-cobo\/","og_site_name":"Tecnolog\u00eda M\u00e9dica","article_modified_time":"2026-01-30T16:00:09+00:00","og_image":[{"width":1004,"height":1004,"url":"https:\/\/medicina.udd.cl\/tecnologia-medica-santiago\/files\/2013\/09\/evelyn-cobo-1.jpg","type":"image\/jpeg"}],"twitter_misc":{"Tiempo de lectura":"1 minuto"},"schema":{"@context":"https:\/\/schema.org","@graph":[{"@type":"WebPage","@id":"https:\/\/medicina.udd.cl\/tecnologia-medica-santiago\/persona\/evelyn-cobo\/","url":"https:\/\/medicina.udd.cl\/tecnologia-medica-santiago\/persona\/evelyn-cobo\/","name":"Evelyn Cobo Reyes - Tecnolog\u00eda M\u00e9dica","isPartOf":{"@id":"https:\/\/medicina.udd.cl\/tecnologia-medica-santiago\/#website"},"primaryImageOfPage":{"@id":"https:\/\/medicina.udd.cl\/tecnologia-medica-santiago\/persona\/evelyn-cobo\/#primaryimage"},"image":{"@id":"https:\/\/medicina.udd.cl\/tecnologia-medica-santiago\/persona\/evelyn-cobo\/#primaryimage"},"thumbnailUrl":"https:\/\/medicina.udd.cl\/tecnologia-medica-santiago\/files\/2013\/09\/evelyn-cobo-1.jpg","datePublished":"2013-09-13T12:30:34+00:00","dateModified":"2026-01-30T16:00:09+00:00","breadcrumb":{"@id":"https:\/\/medicina.udd.cl\/tecnologia-medica-santiago\/persona\/evelyn-cobo\/#breadcrumb"},"inLanguage":"es","potentialAction":[{"@type":"ReadAction","target":["https:\/\/medicina.udd.cl\/tecnologia-medica-santiago\/persona\/evelyn-cobo\/"]}]},{"@type":"ImageObject","inLanguage":"es","@id":"https:\/\/medicina.udd.cl\/tecnologia-medica-santiago\/persona\/evelyn-cobo\/#primaryimage","url":"https:\/\/medicina.udd.cl\/tecnologia-medica-santiago\/files\/2013\/09\/evelyn-cobo-1.jpg","contentUrl":"https:\/\/medicina.udd.cl\/tecnologia-medica-santiago\/files\/2013\/09\/evelyn-cobo-1.jpg","width":1004,"height":1004},{"@type":"BreadcrumbList","@id":"https:\/\/medicina.udd.cl\/tecnologia-medica-santiago\/persona\/evelyn-cobo\/#breadcrumb","itemListElement":[{"@type":"ListItem","position":1,"name":"Home","item":"https:\/\/medicina.udd.cl\/tecnologia-medica-santiago\/"},{"@type":"ListItem","position":2,"name":"Personas","item":"https:\/\/medicina.udd.cl\/tecnologia-medica-santiago\/persona\/"},{"@type":"ListItem","position":3,"name":"Evelyn Cobo Reyes"}]},{"@type":"WebSite","@id":"https:\/\/medicina.udd.cl\/tecnologia-medica-santiago\/#website","url":"https:\/\/medicina.udd.cl\/tecnologia-medica-santiago\/","name":"Tecnolog\u00eda M\u00e9dica","description":"Facultad de Medicina Cl\u00ednica Alemana Universidad del Desarrollo","inLanguage":"es"}]}},"label":"Evelyn Cobo Reyes","role":"Coordinadora Docente","thumbnail_url":"https:\/\/medicina.udd.cl\/tecnologia-medica-santiago\/files\/2013\/09\/evelyn-cobo-1-500x500.jpg","email":"ecobo@udd.cl","tel_job":"","content":{"rendered":"<div class=\"person-modal person-modal--scl\">\n\t<header class=\"person-modal__header\">\n\t\t<div class=\"person-modal__bg\"><\/div>\n\t\t<div class=\"modal-container\">\n\t\t\t\t\t\t<div class=\"person-modal__media\">\n\t\t\t\t<img width=\"500\" height=\"500\" src=\"https:\/\/medicina.udd.cl\/tecnologia-medica-santiago\/files\/2013\/09\/evelyn-cobo-1-500x500.jpg\" class=\"person-modal__image wp-post-image\" alt=\"\" decoding=\"async\" loading=\"lazy\" srcset=\"https:\/\/medicina.udd.cl\/tecnologia-medica-santiago\/files\/2013\/09\/evelyn-cobo-1-500x500.jpg 500w, https:\/\/medicina.udd.cl\/tecnologia-medica-santiago\/files\/2013\/09\/evelyn-cobo-1-300x300.jpg 300w, https:\/\/medicina.udd.cl\/tecnologia-medica-santiago\/files\/2013\/09\/evelyn-cobo-1-150x150.jpg 150w, https:\/\/medicina.udd.cl\/tecnologia-medica-santiago\/files\/2013\/09\/evelyn-cobo-1-768x768.jpg 768w, https:\/\/medicina.udd.cl\/tecnologia-medica-santiago\/files\/2013\/09\/evelyn-cobo-1-62x62.jpg 62w, https:\/\/medicina.udd.cl\/tecnologia-medica-santiago\/files\/2013\/09\/evelyn-cobo-1-750x750.jpg 750w, https:\/\/medicina.udd.cl\/tecnologia-medica-santiago\/files\/2013\/09\/evelyn-cobo-1-250x250.jpg 250w, https:\/\/medicina.udd.cl\/tecnologia-medica-santiago\/files\/2013\/09\/evelyn-cobo-1-126x126.jpg 126w, https:\/\/medicina.udd.cl\/tecnologia-medica-santiago\/files\/2013\/09\/evelyn-cobo-1.jpg 1004w\" sizes=\"auto, (max-width: 500px) 100vw, 500px\" \/>\t\t\t<\/div>\n\t\t\t\t\t\t<div class=\"person-modal__data\">\n\t\t\t\t<h1 class=\"person-modal__name\">Evelyn Cobo Reyes<\/h1>\n\t\t\t\t\t\t\t<span class=\"person-modal__description\">Coordinadora Docente<\/span>\n\t\t\t\t\t\t\t\t\t\t\t\t\t<a href=\"mailto:&#101;co&#098;&#111;&#064;&#117;dd.c&#108;\" class=\"person-modal__email\">&#101;&#99;&#111;bo&#64;&#117;&#100;&#100;&#46;c&#108;<\/a>\n\t\t\t\t\t\t\t\t\t<\/div>\n\t\t<\/div>\n\t<\/header>\n\t<div class=\"modal-container\">\n\t\t\t<div class=\"person-modal__content text\">\n\t\t\t\t\t\t\t\t\t\t<ul>\n<li class=\"MsoNormal\"><span>Tecn\u00f3logo M\u00e9dico con menci\u00f3n en Laboratorio Cl\u00ednico, Hematolog\u00eda y Banco de Sangre. Universidad Andr\u00e9s Bello.<\/span><\/li>\n<li class=\"MsoNormal\"><span>Mag\u00edster en Pedagog\u00eda Universitaria. Universidad Mayor.<\/span><\/li>\n<li class=\"MsoNormal\"><span>Diplomado en Educaci\u00f3n en Docencia Cl\u00ednica, Facultad de Medicina Cl\u00ednica Alemana Universidad del Desarrollo.<\/span><\/li>\n<\/ul>\n\t\t<\/div>\n\t<\/div>\n<\/div>\n"},"identifier":"f97664ee764d332e4bf82183cb04e23256d6f118","has_credential":[],"given_name":"Evelyn","family_name":"Cobo Reyes","name":"Evelyn Cobo Reyes","job_title":"Coordinadora Docente","telephone":"","note":"","im":"","_self_schedule":null,"_links":{"self":[{"href":"https:\/\/medicina.udd.cl\/tecnologia-medica-santiago\/wp-json\/wp\/v2\/people\/2513","targetHints":{"allow":["GET"]}}],"collection":[{"href":"https:\/\/medicina.udd.cl\/tecnologia-medica-santiago\/wp-json\/wp\/v2\/people"}],"about":[{"href":"https:\/\/medicina.udd.cl\/tecnologia-medica-santiago\/wp-json\/wp\/v2\/types\/person"}],"wp:featuredmedia":[{"embeddable":true,"href":"https:\/\/medicina.udd.cl\/tecnologia-medica-santiago\/wp-json\/wp\/v2\/media\/10061"}],"wp:attachment":[{"href":"https:\/\/medicina.udd.cl\/tecnologia-medica-santiago\/wp-json\/wp\/v2\/media?parent=2513"}],"wp:term":[{"taxonomy":"people_tax","embeddable":true,"href":"https:\/\/medicina.udd.cl\/tecnologia-medica-santiago\/wp-json\/wp\/v2\/people_tax?post=2513"},{"taxonomy":"people_areas","embeddable":true,"href":"https:\/\/medicina.udd.cl\/tecnologia-medica-santiago\/wp-json\/wp\/v2\/people_areas?post=2513"},{"taxonomy":"people_levels","embeddable":true,"href":"https:\/\/medicina.udd.cl\/tecnologia-medica-santiago\/wp-json\/wp\/v2\/people_levels?post=2513"}],"curies":[{"name":"wp","href":"https:\/\/api.w.org\/{rel}","templated":true}]}}

<!-- This site is optimized with the Yoast SEO plugin v26.9 - https://yoast.com/product/yoast-seo-wordpress/ -->
<title>Evelyn Cobo Reyes - Tecnología Médica</title>
<meta name="robots" content="index, follow, max-snippet:-1, max-image-preview:large, max-video-preview:-1" />
<link rel="canonical" href="https://medicina.udd.cl/tecnologia-medica-santiago/persona/evelyn-cobo/" />
<meta property="og:locale" content="es_ES" />
<meta property="og:type" content="article" />
<meta property="og:title" content="Evelyn Cobo Reyes - Tecnología Médica" />
<meta property="og:url" content="https://medicina.udd.cl/tecnologia-medica-santiago/persona/evelyn-cobo/" />
<meta property="og:site_name" content="Tecnología Médica" />
<meta property="article:modified_time" content="2026-01-30T16:00:09+00:00" />
<meta property="og:image" content="https://medicina.udd.cl/tecnologia-medica-santiago/files/2013/09/evelyn-cobo-1.jpg" />
	<meta property="og:image:width" content="1004" />
	<meta property="og:image:height" content="1004" />
	<meta property="og:image:type" content="image/jpeg" />
<meta name="twitter:label1" content="Tiempo de lectura" />
	<meta name="twitter:data1" content="1 minuto" />
<script type="application/ld+json" class="yoast-schema-graph">{"@context":"https://schema.org","@graph":[{"@type":"WebPage","@id":"https://medicina.udd.cl/tecnologia-medica-santiago/persona/evelyn-cobo/","url":"https://medicina.udd.cl/tecnologia-medica-santiago/persona/evelyn-cobo/","name":"Evelyn Cobo Reyes - Tecnología Médica","isPartOf":{"@id":"https://medicina.udd.cl/tecnologia-medica-santiago/#website"},"primaryImageOfPage":{"@id":"https://medicina.udd.cl/tecnologia-medica-santiago/persona/evelyn-cobo/#primaryimage"},"image":{"@id":"https://medicina.udd.cl/tecnologia-medica-santiago/persona/evelyn-cobo/#primaryimage"},"thumbnailUrl":"https://medicina.udd.cl/tecnologia-medica-santiago/files/2013/09/evelyn-cobo-1.jpg","datePublished":"2013-09-13T12:30:34+00:00","dateModified":"2026-01-30T16:00:09+00:00","breadcrumb":{"@id":"https://medicina.udd.cl/tecnologia-medica-santiago/persona/evelyn-cobo/#breadcrumb"},"inLanguage":"es","potentialAction":[{"@type":"ReadAction","target":["https://medicina.udd.cl/tecnologia-medica-santiago/persona/evelyn-cobo/"]}]},{"@type":"ImageObject","inLanguage":"es","@id":"https://medicina.udd.cl/tecnologia-medica-santiago/persona/evelyn-cobo/#primaryimage","url":"https://medicina.udd.cl/tecnologia-medica-santiago/files/2013/09/evelyn-cobo-1.jpg","contentUrl":"https://medicina.udd.cl/tecnologia-medica-santiago/files/2013/09/evelyn-cobo-1.jpg","width":1004,"height":1004},{"@type":"BreadcrumbList","@id":"https://medicina.udd.cl/tecnologia-medica-santiago/persona/evelyn-cobo/#breadcrumb","itemListElement":[{"@type":"ListItem","position":1,"name":"Home","item":"https://medicina.udd.cl/tecnologia-medica-santiago/"},{"@type":"ListItem","position":2,"name":"Personas","item":"https://medicina.udd.cl/tecnologia-medica-santiago/persona/"},{"@type":"ListItem","position":3,"name":"Evelyn Cobo Reyes"}]},{"@type":"WebSite","@id":"https://medicina.udd.cl/tecnologia-medica-santiago/#website","url":"https://medicina.udd.cl/tecnologia-medica-santiago/","name":"Tecnología Médica","description":"Facultad de Medicina Clínica Alemana Universidad del Desarrollo","inLanguage":"es"}]}</script>
<!-- / Yoast SEO plugin. -->

Evelyn Cobo Reyes - Tecnología Médica

Tecnología Médica

Facultad de Medicina Clínica Alemana Universidad del Desarrollo

<div class="person-modal person-modal--scl">
	<header class="person-modal__header">
		<div class="person-modal__bg"></div>
		<div class="modal-container">
						<div class="person-modal__media">
				<img width="500" height="500" src="https://medicina.udd.cl/tecnologia-medica-santiago/files/2013/09/evelyn-cobo-1-500x500.jpg" class="person-modal__image wp-post-image" alt="" decoding="async" loading="lazy" srcset="https://medicina.udd.cl/tecnologia-medica-santiago/files/2013/09/evelyn-cobo-1-500x500.jpg 500w, https://medicina.udd.cl/tecnologia-medica-santiago/files/2013/09/evelyn-cobo-1-300x300.jpg 300w, https://medicina.udd.cl/tecnologia-medica-santiago/files/2013/09/evelyn-cobo-1-150x150.jpg 150w, https://medicina.udd.cl/tecnologia-medica-santiago/files/2013/09/evelyn-cobo-1-768x768.jpg 768w, https://medicina.udd.cl/tecnologia-medica-santiago/files/2013/09/evelyn-cobo-1-62x62.jpg 62w, https://medicina.udd.cl/tecnologia-medica-santiago/files/2013/09/evelyn-cobo-1-750x750.jpg 750w, https://medicina.udd.cl/tecnologia-medica-santiago/files/2013/09/evelyn-cobo-1-250x250.jpg 250w, https://medicina.udd.cl/tecnologia-medica-santiago/files/2013/09/evelyn-cobo-1-126x126.jpg 126w, https://medicina.udd.cl/tecnologia-medica-santiago/files/2013/09/evelyn-cobo-1.jpg 1004w" sizes="auto, (max-width: 500px) 100vw, 500px" />			</div>
						<div class="person-modal__data">
				<h1 class="person-modal__name">Evelyn Cobo Reyes</h1>
							<span class="person-modal__description">Coordinadora Docente</span>
													<a href="mailto:&#101;co&#098;&#111;&#064;&#117;dd.c&#108;" class="person-modal__email">&#101;&#99;&#111;bo&#64;&#117;&#100;&#100;&#46;c&#108;</a>
									</div>
		</div>
	</header>
	<div class="modal-container">
			<div class="person-modal__content text">
										<ul>
<li class="MsoNormal"><span>Tecnólogo Médico con mención en Laboratorio Clínico, Hematología y Banco de Sangre. Universidad Andrés Bello.</span></li>
<li class="MsoNormal"><span>Magíster en Pedagogía Universitaria. Universidad Mayor.</span></li>
<li class="MsoNormal"><span>Diplomado en Educación en Docencia Clínica, Facultad de Medicina Clínica Alemana Universidad del Desarrollo.</span></li>
</ul>
		</div>
	</div>
</div>
