{"id":3016,"date":"2014-07-31T17:38:33","date_gmt":"2014-07-31T21:38:33","guid":{"rendered":"http:\/\/medicina.udd.cl\/tecnologia-medica-santiago\/?post_type=person&#038;p=3016"},"modified":"2024-04-03T14:44:44","modified_gmt":"2024-04-03T17:44:44","slug":"ricardo-maragano-medalla","status":"publish","type":"person","link":"https:\/\/medicina.udd.cl\/tecnologia-medica-santiago\/persona\/ricardo-maragano-medalla\/","title":{"rendered":"Ricardo Maraga\u00f1o Medalla"},"featured_media":7676,"template":"","people_tax":[5643,4037],"people_areas":[],"people_levels":[],"class_list":["post-3016","person","type-person","status-publish","has-post-thumbnail","hentry","people_tax-cuerpo-docente","people_tax-equipo"],"yoast_head":"<!-- This site is optimized with the Yoast SEO plugin v26.9 - https:\/\/yoast.com\/product\/yoast-seo-wordpress\/ -->\n<title>Ricardo Maraga\u00f1o Medalla - Tecnolog\u00eda M\u00e9dica<\/title>\n<meta name=\"robots\" content=\"index, follow, max-snippet:-1, max-image-preview:large, max-video-preview:-1\" \/>\n<link rel=\"canonical\" href=\"https:\/\/medicina.udd.cl\/tecnologia-medica-santiago\/persona\/ricardo-maragano-medalla\/\" \/>\n<meta property=\"og:locale\" content=\"es_ES\" \/>\n<meta property=\"og:type\" content=\"article\" \/>\n<meta property=\"og:title\" content=\"Ricardo Maraga\u00f1o Medalla - Tecnolog\u00eda M\u00e9dica\" \/>\n<meta property=\"og:url\" content=\"https:\/\/medicina.udd.cl\/tecnologia-medica-santiago\/persona\/ricardo-maragano-medalla\/\" \/>\n<meta property=\"og:site_name\" content=\"Tecnolog\u00eda M\u00e9dica\" \/>\n<meta property=\"article:modified_time\" content=\"2024-04-03T17:44:44+00:00\" \/>\n<meta property=\"og:image\" content=\"https:\/\/medicina.udd.cl\/tecnologia-medica-santiago\/files\/2014\/07\/Ricardo-Maraga\u00f1o-Medalla.byn_.jpg\" \/>\n\t<meta property=\"og:image:width\" content=\"276\" \/>\n\t<meta property=\"og:image:height\" content=\"369\" \/>\n\t<meta property=\"og:image:type\" content=\"image\/jpeg\" \/>\n<meta name=\"twitter:label1\" content=\"Tiempo de lectura\" \/>\n\t<meta name=\"twitter:data1\" content=\"1 minuto\" \/>\n<script type=\"application\/ld+json\" class=\"yoast-schema-graph\">{\"@context\":\"https:\/\/schema.org\",\"@graph\":[{\"@type\":\"WebPage\",\"@id\":\"https:\/\/medicina.udd.cl\/tecnologia-medica-santiago\/persona\/ricardo-maragano-medalla\/\",\"url\":\"https:\/\/medicina.udd.cl\/tecnologia-medica-santiago\/persona\/ricardo-maragano-medalla\/\",\"name\":\"Ricardo Maraga\u00f1o Medalla - Tecnolog\u00eda M\u00e9dica\",\"isPartOf\":{\"@id\":\"https:\/\/medicina.udd.cl\/tecnologia-medica-santiago\/#website\"},\"primaryImageOfPage\":{\"@id\":\"https:\/\/medicina.udd.cl\/tecnologia-medica-santiago\/persona\/ricardo-maragano-medalla\/#primaryimage\"},\"image\":{\"@id\":\"https:\/\/medicina.udd.cl\/tecnologia-medica-santiago\/persona\/ricardo-maragano-medalla\/#primaryimage\"},\"thumbnailUrl\":\"https:\/\/medicina.udd.cl\/tecnologia-medica-santiago\/files\/2014\/07\/Ricardo-Maraga\u00f1o-Medalla.byn_.jpg\",\"datePublished\":\"2014-07-31T21:38:33+00:00\",\"dateModified\":\"2024-04-03T17:44:44+00:00\",\"breadcrumb\":{\"@id\":\"https:\/\/medicina.udd.cl\/tecnologia-medica-santiago\/persona\/ricardo-maragano-medalla\/#breadcrumb\"},\"inLanguage\":\"es\",\"potentialAction\":[{\"@type\":\"ReadAction\",\"target\":[\"https:\/\/medicina.udd.cl\/tecnologia-medica-santiago\/persona\/ricardo-maragano-medalla\/\"]}]},{\"@type\":\"ImageObject\",\"inLanguage\":\"es\",\"@id\":\"https:\/\/medicina.udd.cl\/tecnologia-medica-santiago\/persona\/ricardo-maragano-medalla\/#primaryimage\",\"url\":\"https:\/\/medicina.udd.cl\/tecnologia-medica-santiago\/files\/2014\/07\/Ricardo-Maraga\u00f1o-Medalla.byn_.jpg\",\"contentUrl\":\"https:\/\/medicina.udd.cl\/tecnologia-medica-santiago\/files\/2014\/07\/Ricardo-Maraga\u00f1o-Medalla.byn_.jpg\",\"width\":276,\"height\":369},{\"@type\":\"BreadcrumbList\",\"@id\":\"https:\/\/medicina.udd.cl\/tecnologia-medica-santiago\/persona\/ricardo-maragano-medalla\/#breadcrumb\",\"itemListElement\":[{\"@type\":\"ListItem\",\"position\":1,\"name\":\"Home\",\"item\":\"https:\/\/medicina.udd.cl\/tecnologia-medica-santiago\/\"},{\"@type\":\"ListItem\",\"position\":2,\"name\":\"Personas\",\"item\":\"https:\/\/medicina.udd.cl\/tecnologia-medica-santiago\/persona\/\"},{\"@type\":\"ListItem\",\"position\":3,\"name\":\"Ricardo Maraga\u00f1o Medalla\"}]},{\"@type\":\"WebSite\",\"@id\":\"https:\/\/medicina.udd.cl\/tecnologia-medica-santiago\/#website\",\"url\":\"https:\/\/medicina.udd.cl\/tecnologia-medica-santiago\/\",\"name\":\"Tecnolog\u00eda M\u00e9dica\",\"description\":\"Facultad de Medicina Cl\u00ednica Alemana Universidad del Desarrollo\",\"inLanguage\":\"es\"}]}<\/script>\n<!-- \/ Yoast SEO plugin. -->","yoast_head_json":{"title":"Ricardo Maraga\u00f1o Medalla - Tecnolog\u00eda M\u00e9dica","robots":{"index":"index","follow":"follow","max-snippet":"max-snippet:-1","max-image-preview":"max-image-preview:large","max-video-preview":"max-video-preview:-1"},"canonical":"https:\/\/medicina.udd.cl\/tecnologia-medica-santiago\/persona\/ricardo-maragano-medalla\/","og_locale":"es_ES","og_type":"article","og_title":"Ricardo Maraga\u00f1o Medalla - Tecnolog\u00eda M\u00e9dica","og_url":"https:\/\/medicina.udd.cl\/tecnologia-medica-santiago\/persona\/ricardo-maragano-medalla\/","og_site_name":"Tecnolog\u00eda M\u00e9dica","article_modified_time":"2024-04-03T17:44:44+00:00","og_image":[{"width":276,"height":369,"url":"https:\/\/medicina.udd.cl\/tecnologia-medica-santiago\/files\/2014\/07\/Ricardo-Maraga\u00f1o-Medalla.byn_.jpg","type":"image\/jpeg"}],"twitter_misc":{"Tiempo de lectura":"1 minuto"},"schema":{"@context":"https:\/\/schema.org","@graph":[{"@type":"WebPage","@id":"https:\/\/medicina.udd.cl\/tecnologia-medica-santiago\/persona\/ricardo-maragano-medalla\/","url":"https:\/\/medicina.udd.cl\/tecnologia-medica-santiago\/persona\/ricardo-maragano-medalla\/","name":"Ricardo Maraga\u00f1o Medalla - Tecnolog\u00eda M\u00e9dica","isPartOf":{"@id":"https:\/\/medicina.udd.cl\/tecnologia-medica-santiago\/#website"},"primaryImageOfPage":{"@id":"https:\/\/medicina.udd.cl\/tecnologia-medica-santiago\/persona\/ricardo-maragano-medalla\/#primaryimage"},"image":{"@id":"https:\/\/medicina.udd.cl\/tecnologia-medica-santiago\/persona\/ricardo-maragano-medalla\/#primaryimage"},"thumbnailUrl":"https:\/\/medicina.udd.cl\/tecnologia-medica-santiago\/files\/2014\/07\/Ricardo-Maraga\u00f1o-Medalla.byn_.jpg","datePublished":"2014-07-31T21:38:33+00:00","dateModified":"2024-04-03T17:44:44+00:00","breadcrumb":{"@id":"https:\/\/medicina.udd.cl\/tecnologia-medica-santiago\/persona\/ricardo-maragano-medalla\/#breadcrumb"},"inLanguage":"es","potentialAction":[{"@type":"ReadAction","target":["https:\/\/medicina.udd.cl\/tecnologia-medica-santiago\/persona\/ricardo-maragano-medalla\/"]}]},{"@type":"ImageObject","inLanguage":"es","@id":"https:\/\/medicina.udd.cl\/tecnologia-medica-santiago\/persona\/ricardo-maragano-medalla\/#primaryimage","url":"https:\/\/medicina.udd.cl\/tecnologia-medica-santiago\/files\/2014\/07\/Ricardo-Maraga\u00f1o-Medalla.byn_.jpg","contentUrl":"https:\/\/medicina.udd.cl\/tecnologia-medica-santiago\/files\/2014\/07\/Ricardo-Maraga\u00f1o-Medalla.byn_.jpg","width":276,"height":369},{"@type":"BreadcrumbList","@id":"https:\/\/medicina.udd.cl\/tecnologia-medica-santiago\/persona\/ricardo-maragano-medalla\/#breadcrumb","itemListElement":[{"@type":"ListItem","position":1,"name":"Home","item":"https:\/\/medicina.udd.cl\/tecnologia-medica-santiago\/"},{"@type":"ListItem","position":2,"name":"Personas","item":"https:\/\/medicina.udd.cl\/tecnologia-medica-santiago\/persona\/"},{"@type":"ListItem","position":3,"name":"Ricardo Maraga\u00f1o Medalla"}]},{"@type":"WebSite","@id":"https:\/\/medicina.udd.cl\/tecnologia-medica-santiago\/#website","url":"https:\/\/medicina.udd.cl\/tecnologia-medica-santiago\/","name":"Tecnolog\u00eda M\u00e9dica","description":"Facultad de Medicina Cl\u00ednica Alemana Universidad del Desarrollo","inLanguage":"es"}]}},"label":"Ricardo Maraga\u00f1o Medalla","role":"Docente Coordinador Neuroanatom\u00eda","thumbnail_url":"https:\/\/medicina.udd.cl\/tecnologia-medica-santiago\/files\/2014\/07\/Ricardo-Maraga\u00f1o-Medalla.byn_.jpg","email":"","tel_job":"","content":{"rendered":"<div class=\"person-modal person-modal--scl\">\n\t<header class=\"person-modal__header\">\n\t\t<div class=\"person-modal__bg\"><\/div>\n\t\t<div class=\"modal-container\">\n\t\t\t\t\t\t<div class=\"person-modal__media\">\n\t\t\t\t<img width=\"276\" height=\"369\" src=\"https:\/\/medicina.udd.cl\/tecnologia-medica-santiago\/files\/2014\/07\/Ricardo-Maraga\u00f1o-Medalla.byn_.jpg\" class=\"person-modal__image wp-post-image\" alt=\"\" decoding=\"async\" loading=\"lazy\" srcset=\"https:\/\/medicina.udd.cl\/tecnologia-medica-santiago\/files\/2014\/07\/Ricardo-Maraga\u00f1o-Medalla.byn_.jpg 276w, https:\/\/medicina.udd.cl\/tecnologia-medica-santiago\/files\/2014\/07\/Ricardo-Maraga\u00f1o-Medalla.byn_-224x300.jpg 224w\" sizes=\"auto, (max-width: 276px) 100vw, 276px\" \/>\t\t\t<\/div>\n\t\t\t\t\t\t<div class=\"person-modal__data\">\n\t\t\t\t<h1 class=\"person-modal__name\">Ricardo Maraga\u00f1o Medalla<\/h1>\n\t\t\t\t\t\t\t<span class=\"person-modal__description\">Docente Coordinador Neuroanatom\u00eda<\/span>\n\t\t\t\t\t\t\t\t\t\t\t\t\t\t\t<\/div>\n\t\t<\/div>\n\t<\/header>\n\t<div class=\"modal-container\">\n\t\t\t<div class=\"person-modal__content text\">\n\t\t\t\t\t\t\t\t\t\t<ul>\n<li class=\"MsoNormal\"><span>Tecn\u00f3logo M\u00e9dico Menci\u00f3n Oftalmolog\u00eda. Universidad de Chile.<\/span><\/li>\n<li class=\"MsoNormal\"><span>Mag\u00edster en Docencia para la Educaci\u00f3n Superior. Universidad Andr\u00e9s Bello.<\/span><\/li>\n<li class=\"MsoNormal\"><span>Diplomado en Docencia para la Educaci\u00f3n Superior. Universidad Andr\u00e9s Bello.<\/span><\/li>\n<\/ul>\n\t\t<\/div>\n\t<\/div>\n<\/div>\n"},"identifier":"92a36c9b30b2b79ff2448132298b761d39c4b611","has_credential":[],"given_name":"Ricardo","family_name":"Maraga\u00f1o Medalla","name":"Ricardo Maraga\u00f1o Medalla","job_title":"Docente Coordinador Neuroanatom\u00eda","telephone":"","note":"","im":"","_self_schedule":null,"_links":{"self":[{"href":"https:\/\/medicina.udd.cl\/tecnologia-medica-santiago\/wp-json\/wp\/v2\/people\/3016","targetHints":{"allow":["GET"]}}],"collection":[{"href":"https:\/\/medicina.udd.cl\/tecnologia-medica-santiago\/wp-json\/wp\/v2\/people"}],"about":[{"href":"https:\/\/medicina.udd.cl\/tecnologia-medica-santiago\/wp-json\/wp\/v2\/types\/person"}],"wp:featuredmedia":[{"embeddable":true,"href":"https:\/\/medicina.udd.cl\/tecnologia-medica-santiago\/wp-json\/wp\/v2\/media\/7676"}],"wp:attachment":[{"href":"https:\/\/medicina.udd.cl\/tecnologia-medica-santiago\/wp-json\/wp\/v2\/media?parent=3016"}],"wp:term":[{"taxonomy":"people_tax","embeddable":true,"href":"https:\/\/medicina.udd.cl\/tecnologia-medica-santiago\/wp-json\/wp\/v2\/people_tax?post=3016"},{"taxonomy":"people_areas","embeddable":true,"href":"https:\/\/medicina.udd.cl\/tecnologia-medica-santiago\/wp-json\/wp\/v2\/people_areas?post=3016"},{"taxonomy":"people_levels","embeddable":true,"href":"https:\/\/medicina.udd.cl\/tecnologia-medica-santiago\/wp-json\/wp\/v2\/people_levels?post=3016"}],"curies":[{"name":"wp","href":"https:\/\/api.w.org\/{rel}","templated":true}]}}

Ricardo Maragaño Medalla

<!-- This site is optimized with the Yoast SEO plugin v26.9 - https://yoast.com/product/yoast-seo-wordpress/ -->
<title>Ricardo Maragaño Medalla - Tecnología Médica</title>
<meta name="robots" content="index, follow, max-snippet:-1, max-image-preview:large, max-video-preview:-1" />
<link rel="canonical" href="https://medicina.udd.cl/tecnologia-medica-santiago/persona/ricardo-maragano-medalla/" />
<meta property="og:locale" content="es_ES" />
<meta property="og:type" content="article" />
<meta property="og:title" content="Ricardo Maragaño Medalla - Tecnología Médica" />
<meta property="og:url" content="https://medicina.udd.cl/tecnologia-medica-santiago/persona/ricardo-maragano-medalla/" />
<meta property="og:site_name" content="Tecnología Médica" />
<meta property="article:modified_time" content="2024-04-03T17:44:44+00:00" />
<meta property="og:image" content="https://medicina.udd.cl/tecnologia-medica-santiago/files/2014/07/Ricardo-Maragaño-Medalla.byn_.jpg" />
	<meta property="og:image:width" content="276" />
	<meta property="og:image:height" content="369" />
	<meta property="og:image:type" content="image/jpeg" />
<meta name="twitter:label1" content="Tiempo de lectura" />
	<meta name="twitter:data1" content="1 minuto" />
<script type="application/ld+json" class="yoast-schema-graph">{"@context":"https://schema.org","@graph":[{"@type":"WebPage","@id":"https://medicina.udd.cl/tecnologia-medica-santiago/persona/ricardo-maragano-medalla/","url":"https://medicina.udd.cl/tecnologia-medica-santiago/persona/ricardo-maragano-medalla/","name":"Ricardo Maragaño Medalla - Tecnología Médica","isPartOf":{"@id":"https://medicina.udd.cl/tecnologia-medica-santiago/#website"},"primaryImageOfPage":{"@id":"https://medicina.udd.cl/tecnologia-medica-santiago/persona/ricardo-maragano-medalla/#primaryimage"},"image":{"@id":"https://medicina.udd.cl/tecnologia-medica-santiago/persona/ricardo-maragano-medalla/#primaryimage"},"thumbnailUrl":"https://medicina.udd.cl/tecnologia-medica-santiago/files/2014/07/Ricardo-Maragaño-Medalla.byn_.jpg","datePublished":"2014-07-31T21:38:33+00:00","dateModified":"2024-04-03T17:44:44+00:00","breadcrumb":{"@id":"https://medicina.udd.cl/tecnologia-medica-santiago/persona/ricardo-maragano-medalla/#breadcrumb"},"inLanguage":"es","potentialAction":[{"@type":"ReadAction","target":["https://medicina.udd.cl/tecnologia-medica-santiago/persona/ricardo-maragano-medalla/"]}]},{"@type":"ImageObject","inLanguage":"es","@id":"https://medicina.udd.cl/tecnologia-medica-santiago/persona/ricardo-maragano-medalla/#primaryimage","url":"https://medicina.udd.cl/tecnologia-medica-santiago/files/2014/07/Ricardo-Maragaño-Medalla.byn_.jpg","contentUrl":"https://medicina.udd.cl/tecnologia-medica-santiago/files/2014/07/Ricardo-Maragaño-Medalla.byn_.jpg","width":276,"height":369},{"@type":"BreadcrumbList","@id":"https://medicina.udd.cl/tecnologia-medica-santiago/persona/ricardo-maragano-medalla/#breadcrumb","itemListElement":[{"@type":"ListItem","position":1,"name":"Home","item":"https://medicina.udd.cl/tecnologia-medica-santiago/"},{"@type":"ListItem","position":2,"name":"Personas","item":"https://medicina.udd.cl/tecnologia-medica-santiago/persona/"},{"@type":"ListItem","position":3,"name":"Ricardo Maragaño Medalla"}]},{"@type":"WebSite","@id":"https://medicina.udd.cl/tecnologia-medica-santiago/#website","url":"https://medicina.udd.cl/tecnologia-medica-santiago/","name":"Tecnología Médica","description":"Facultad de Medicina Clínica Alemana Universidad del Desarrollo","inLanguage":"es"}]}</script>
<!-- / Yoast SEO plugin. -->

Ricardo Maragaño Medalla - Tecnología Médica

Tecnología Médica

https://medicina.udd.cl/tecnologia-medica-santiago/files/2014/07/Ricardo-Maragaño-Medalla.byn_.jpg

Facultad de Medicina Clínica Alemana Universidad del Desarrollo

Docente Coordinador Neuroanatomía

<div class="person-modal person-modal--scl">
	<header class="person-modal__header">
		<div class="person-modal__bg"></div>
		<div class="modal-container">
						<div class="person-modal__media">
				<img width="276" height="369" src="https://medicina.udd.cl/tecnologia-medica-santiago/files/2014/07/Ricardo-Maragaño-Medalla.byn_.jpg" class="person-modal__image wp-post-image" alt="" decoding="async" loading="lazy" srcset="https://medicina.udd.cl/tecnologia-medica-santiago/files/2014/07/Ricardo-Maragaño-Medalla.byn_.jpg 276w, https://medicina.udd.cl/tecnologia-medica-santiago/files/2014/07/Ricardo-Maragaño-Medalla.byn_-224x300.jpg 224w" sizes="auto, (max-width: 276px) 100vw, 276px" />			</div>
						<div class="person-modal__data">
				<h1 class="person-modal__name">Ricardo Maragaño Medalla</h1>
							<span class="person-modal__description">Docente Coordinador Neuroanatomía</span>
															</div>
		</div>
	</header>
	<div class="modal-container">
			<div class="person-modal__content text">
										<ul>
<li class="MsoNormal"><span>Tecnólogo Médico Mención Oftalmología. Universidad de Chile.</span></li>
<li class="MsoNormal"><span>Magíster en Docencia para la Educación Superior. Universidad Andrés Bello.</span></li>
<li class="MsoNormal"><span>Diplomado en Docencia para la Educación Superior. Universidad Andrés Bello.</span></li>
</ul>
		</div>
	</div>
</div>

Maragaño Medalla
