{"id":3120,"date":"2014-10-06T15:01:39","date_gmt":"2014-10-06T18:01:39","guid":{"rendered":"http:\/\/medicina.udd.cl\/tecnologia-medica-santiago\/?post_type=person&#038;p=3120"},"modified":"2022-07-07T16:49:51","modified_gmt":"2022-07-07T20:49:51","slug":"claudia-cuevas-espinoza","status":"publish","type":"person","link":"https:\/\/medicina.udd.cl\/tecnologia-medica-santiago\/persona\/claudia-cuevas-espinoza\/","title":{"rendered":"Claudia Cuevas Espinoza"},"featured_media":5283,"template":"","people_tax":[5643,4037],"people_areas":[],"people_levels":[],"class_list":["post-3120","person","type-person","status-publish","has-post-thumbnail","hentry","people_tax-cuerpo-docente","people_tax-equipo","people_list-docentes"],"yoast_head":"<!-- This site is optimized with the Yoast SEO plugin v26.9 - https:\/\/yoast.com\/product\/yoast-seo-wordpress\/ -->\n<title>Claudia Cuevas Espinoza - Tecnolog\u00eda M\u00e9dica<\/title>\n<meta name=\"robots\" content=\"index, follow, max-snippet:-1, max-image-preview:large, max-video-preview:-1\" \/>\n<link rel=\"canonical\" href=\"https:\/\/medicina.udd.cl\/tecnologia-medica-santiago\/persona\/claudia-cuevas-espinoza\/\" \/>\n<meta property=\"og:locale\" content=\"es_ES\" \/>\n<meta property=\"og:type\" content=\"article\" \/>\n<meta property=\"og:title\" content=\"Claudia Cuevas Espinoza - Tecnolog\u00eda M\u00e9dica\" \/>\n<meta property=\"og:url\" content=\"https:\/\/medicina.udd.cl\/tecnologia-medica-santiago\/persona\/claudia-cuevas-espinoza\/\" \/>\n<meta property=\"og:site_name\" content=\"Tecnolog\u00eda M\u00e9dica\" \/>\n<meta property=\"article:modified_time\" content=\"2022-07-07T20:49:51+00:00\" \/>\n<meta property=\"og:image\" content=\"https:\/\/medicina.udd.cl\/tecnologia-medica-santiago\/files\/2014\/10\/claudia.jpg\" \/>\n\t<meta property=\"og:image:width\" content=\"480\" \/>\n\t<meta property=\"og:image:height\" content=\"640\" \/>\n\t<meta property=\"og:image:type\" content=\"image\/jpeg\" \/>\n<script type=\"application\/ld+json\" class=\"yoast-schema-graph\">{\"@context\":\"https:\/\/schema.org\",\"@graph\":[{\"@type\":\"WebPage\",\"@id\":\"https:\/\/medicina.udd.cl\/tecnologia-medica-santiago\/persona\/claudia-cuevas-espinoza\/\",\"url\":\"https:\/\/medicina.udd.cl\/tecnologia-medica-santiago\/persona\/claudia-cuevas-espinoza\/\",\"name\":\"Claudia Cuevas Espinoza - Tecnolog\u00eda M\u00e9dica\",\"isPartOf\":{\"@id\":\"https:\/\/medicina.udd.cl\/tecnologia-medica-santiago\/#website\"},\"primaryImageOfPage\":{\"@id\":\"https:\/\/medicina.udd.cl\/tecnologia-medica-santiago\/persona\/claudia-cuevas-espinoza\/#primaryimage\"},\"image\":{\"@id\":\"https:\/\/medicina.udd.cl\/tecnologia-medica-santiago\/persona\/claudia-cuevas-espinoza\/#primaryimage\"},\"thumbnailUrl\":\"https:\/\/medicina.udd.cl\/tecnologia-medica-santiago\/files\/2014\/10\/claudia.jpg\",\"datePublished\":\"2014-10-06T18:01:39+00:00\",\"dateModified\":\"2022-07-07T20:49:51+00:00\",\"breadcrumb\":{\"@id\":\"https:\/\/medicina.udd.cl\/tecnologia-medica-santiago\/persona\/claudia-cuevas-espinoza\/#breadcrumb\"},\"inLanguage\":\"es\",\"potentialAction\":[{\"@type\":\"ReadAction\",\"target\":[\"https:\/\/medicina.udd.cl\/tecnologia-medica-santiago\/persona\/claudia-cuevas-espinoza\/\"]}]},{\"@type\":\"ImageObject\",\"inLanguage\":\"es\",\"@id\":\"https:\/\/medicina.udd.cl\/tecnologia-medica-santiago\/persona\/claudia-cuevas-espinoza\/#primaryimage\",\"url\":\"https:\/\/medicina.udd.cl\/tecnologia-medica-santiago\/files\/2014\/10\/claudia.jpg\",\"contentUrl\":\"https:\/\/medicina.udd.cl\/tecnologia-medica-santiago\/files\/2014\/10\/claudia.jpg\",\"width\":480,\"height\":640},{\"@type\":\"BreadcrumbList\",\"@id\":\"https:\/\/medicina.udd.cl\/tecnologia-medica-santiago\/persona\/claudia-cuevas-espinoza\/#breadcrumb\",\"itemListElement\":[{\"@type\":\"ListItem\",\"position\":1,\"name\":\"Home\",\"item\":\"https:\/\/medicina.udd.cl\/tecnologia-medica-santiago\/\"},{\"@type\":\"ListItem\",\"position\":2,\"name\":\"Personas\",\"item\":\"https:\/\/medicina.udd.cl\/tecnologia-medica-santiago\/persona\/\"},{\"@type\":\"ListItem\",\"position\":3,\"name\":\"Claudia Cuevas Espinoza\"}]},{\"@type\":\"WebSite\",\"@id\":\"https:\/\/medicina.udd.cl\/tecnologia-medica-santiago\/#website\",\"url\":\"https:\/\/medicina.udd.cl\/tecnologia-medica-santiago\/\",\"name\":\"Tecnolog\u00eda M\u00e9dica\",\"description\":\"Facultad de Medicina Cl\u00ednica Alemana Universidad del Desarrollo\",\"inLanguage\":\"es\"}]}<\/script>\n<!-- \/ Yoast SEO plugin. -->","yoast_head_json":{"title":"Claudia Cuevas Espinoza - Tecnolog\u00eda M\u00e9dica","robots":{"index":"index","follow":"follow","max-snippet":"max-snippet:-1","max-image-preview":"max-image-preview:large","max-video-preview":"max-video-preview:-1"},"canonical":"https:\/\/medicina.udd.cl\/tecnologia-medica-santiago\/persona\/claudia-cuevas-espinoza\/","og_locale":"es_ES","og_type":"article","og_title":"Claudia Cuevas Espinoza - Tecnolog\u00eda M\u00e9dica","og_url":"https:\/\/medicina.udd.cl\/tecnologia-medica-santiago\/persona\/claudia-cuevas-espinoza\/","og_site_name":"Tecnolog\u00eda M\u00e9dica","article_modified_time":"2022-07-07T20:49:51+00:00","og_image":[{"width":480,"height":640,"url":"https:\/\/medicina.udd.cl\/tecnologia-medica-santiago\/files\/2014\/10\/claudia.jpg","type":"image\/jpeg"}],"schema":{"@context":"https:\/\/schema.org","@graph":[{"@type":"WebPage","@id":"https:\/\/medicina.udd.cl\/tecnologia-medica-santiago\/persona\/claudia-cuevas-espinoza\/","url":"https:\/\/medicina.udd.cl\/tecnologia-medica-santiago\/persona\/claudia-cuevas-espinoza\/","name":"Claudia Cuevas Espinoza - Tecnolog\u00eda M\u00e9dica","isPartOf":{"@id":"https:\/\/medicina.udd.cl\/tecnologia-medica-santiago\/#website"},"primaryImageOfPage":{"@id":"https:\/\/medicina.udd.cl\/tecnologia-medica-santiago\/persona\/claudia-cuevas-espinoza\/#primaryimage"},"image":{"@id":"https:\/\/medicina.udd.cl\/tecnologia-medica-santiago\/persona\/claudia-cuevas-espinoza\/#primaryimage"},"thumbnailUrl":"https:\/\/medicina.udd.cl\/tecnologia-medica-santiago\/files\/2014\/10\/claudia.jpg","datePublished":"2014-10-06T18:01:39+00:00","dateModified":"2022-07-07T20:49:51+00:00","breadcrumb":{"@id":"https:\/\/medicina.udd.cl\/tecnologia-medica-santiago\/persona\/claudia-cuevas-espinoza\/#breadcrumb"},"inLanguage":"es","potentialAction":[{"@type":"ReadAction","target":["https:\/\/medicina.udd.cl\/tecnologia-medica-santiago\/persona\/claudia-cuevas-espinoza\/"]}]},{"@type":"ImageObject","inLanguage":"es","@id":"https:\/\/medicina.udd.cl\/tecnologia-medica-santiago\/persona\/claudia-cuevas-espinoza\/#primaryimage","url":"https:\/\/medicina.udd.cl\/tecnologia-medica-santiago\/files\/2014\/10\/claudia.jpg","contentUrl":"https:\/\/medicina.udd.cl\/tecnologia-medica-santiago\/files\/2014\/10\/claudia.jpg","width":480,"height":640},{"@type":"BreadcrumbList","@id":"https:\/\/medicina.udd.cl\/tecnologia-medica-santiago\/persona\/claudia-cuevas-espinoza\/#breadcrumb","itemListElement":[{"@type":"ListItem","position":1,"name":"Home","item":"https:\/\/medicina.udd.cl\/tecnologia-medica-santiago\/"},{"@type":"ListItem","position":2,"name":"Personas","item":"https:\/\/medicina.udd.cl\/tecnologia-medica-santiago\/persona\/"},{"@type":"ListItem","position":3,"name":"Claudia Cuevas Espinoza"}]},{"@type":"WebSite","@id":"https:\/\/medicina.udd.cl\/tecnologia-medica-santiago\/#website","url":"https:\/\/medicina.udd.cl\/tecnologia-medica-santiago\/","name":"Tecnolog\u00eda M\u00e9dica","description":"Facultad de Medicina Cl\u00ednica Alemana Universidad del Desarrollo","inLanguage":"es"}]}},"label":"Claudia Cuevas Espinoza","role":"Docente Coordinador Anatom\u00eda y Patolog\u00eda Imagenol\u00f3gica y Gesti\u00f3n de la Calidad en Imagenolog\u00eda y F\u00edsica M\u00e9dica","thumbnail_url":"https:\/\/medicina.udd.cl\/tecnologia-medica-santiago\/files\/2014\/10\/claudia.jpg","email":"","tel_job":"","content":{"rendered":"<div class=\"person-modal person-modal--scl\">\n\t<header class=\"person-modal__header\">\n\t\t<div class=\"person-modal__bg\"><\/div>\n\t\t<div class=\"modal-container\">\n\t\t\t\t\t\t<div class=\"person-modal__media\">\n\t\t\t\t<img width=\"375\" height=\"500\" src=\"https:\/\/medicina.udd.cl\/tecnologia-medica-santiago\/files\/2014\/10\/claudia.jpg\" class=\"person-modal__image wp-post-image\" alt=\"\" decoding=\"async\" loading=\"lazy\" srcset=\"https:\/\/medicina.udd.cl\/tecnologia-medica-santiago\/files\/2014\/10\/claudia.jpg 480w, https:\/\/medicina.udd.cl\/tecnologia-medica-santiago\/files\/2014\/10\/claudia-225x300.jpg 225w\" sizes=\"auto, (max-width: 375px) 100vw, 375px\" \/>\t\t\t<\/div>\n\t\t\t\t\t\t<div class=\"person-modal__data\">\n\t\t\t\t<h1 class=\"person-modal__name\">Claudia Cuevas Espinoza<\/h1>\n\t\t\t\t\t\t\t<span class=\"person-modal__description\">Docente Coordinador Anatom\u00eda y Patolog\u00eda Imagenol\u00f3gica y Gesti\u00f3n de la Calidad en Imagenolog\u00eda y F\u00edsica M\u00e9dica<\/span>\n\t\t\t\t\t\t\t\t\t\t\t\t\t\t\t<\/div>\n\t\t<\/div>\n\t<\/header>\n\t<div class=\"modal-container\">\n\t\t\t<div class=\"person-modal__content text\">\n\t\t\t\t\t\t\t\t\t\t<ul>\n<li class=\"MsoNormal\"><span>Tecn\u00f3logo M\u00e9dico, Universidad de Talca.<\/span><\/li>\n<li class=\"MsoNormal\"><span>Mag\u00edster en Educaci\u00f3n, Universidad Andr\u00e9s Bello.<\/span><\/li>\n<li class=\"MsoNormal\"><span>Diplomado en Docencia Cl\u00ednica, Universidad del Desarrollo.<\/span><\/li>\n<li class=\"MsoNormal\"><span>Diplomado en Anatom\u00eda Topogr\u00e1fica, P. Universidad Cat\u00f3lica.<\/span><\/li>\n<\/ul>\n\t\t<\/div>\n\t<\/div>\n<\/div>\n"},"identifier":"7ea3840ca97ee52cb8b3319cae725a708ac3e2a8","has_credential":[],"given_name":"Claudia","family_name":"Cuevas Espinoza","name":"Claudia Cuevas Espinoza","job_title":"Docente Coordinador Anatom\u00eda y Patolog\u00eda Imagenol\u00f3gica y Gesti\u00f3n de la Calidad en Imagenolog\u00eda y F\u00edsica M\u00e9dica","telephone":"","note":"","im":"","_self_schedule":null,"_links":{"self":[{"href":"https:\/\/medicina.udd.cl\/tecnologia-medica-santiago\/wp-json\/wp\/v2\/people\/3120","targetHints":{"allow":["GET"]}}],"collection":[{"href":"https:\/\/medicina.udd.cl\/tecnologia-medica-santiago\/wp-json\/wp\/v2\/people"}],"about":[{"href":"https:\/\/medicina.udd.cl\/tecnologia-medica-santiago\/wp-json\/wp\/v2\/types\/person"}],"wp:featuredmedia":[{"embeddable":true,"href":"https:\/\/medicina.udd.cl\/tecnologia-medica-santiago\/wp-json\/wp\/v2\/media\/5283"}],"wp:attachment":[{"href":"https:\/\/medicina.udd.cl\/tecnologia-medica-santiago\/wp-json\/wp\/v2\/media?parent=3120"}],"wp:term":[{"taxonomy":"people_tax","embeddable":true,"href":"https:\/\/medicina.udd.cl\/tecnologia-medica-santiago\/wp-json\/wp\/v2\/people_tax?post=3120"},{"taxonomy":"people_areas","embeddable":true,"href":"https:\/\/medicina.udd.cl\/tecnologia-medica-santiago\/wp-json\/wp\/v2\/people_areas?post=3120"},{"taxonomy":"people_levels","embeddable":true,"href":"https:\/\/medicina.udd.cl\/tecnologia-medica-santiago\/wp-json\/wp\/v2\/people_levels?post=3120"}],"curies":[{"name":"wp","href":"https:\/\/api.w.org\/{rel}","templated":true}]}}

<!-- This site is optimized with the Yoast SEO plugin v26.9 - https://yoast.com/product/yoast-seo-wordpress/ -->
<title>Claudia Cuevas Espinoza - Tecnología Médica</title>
<meta name="robots" content="index, follow, max-snippet:-1, max-image-preview:large, max-video-preview:-1" />
<link rel="canonical" href="https://medicina.udd.cl/tecnologia-medica-santiago/persona/claudia-cuevas-espinoza/" />
<meta property="og:locale" content="es_ES" />
<meta property="og:type" content="article" />
<meta property="og:title" content="Claudia Cuevas Espinoza - Tecnología Médica" />
<meta property="og:url" content="https://medicina.udd.cl/tecnologia-medica-santiago/persona/claudia-cuevas-espinoza/" />
<meta property="og:site_name" content="Tecnología Médica" />
<meta property="article:modified_time" content="2022-07-07T20:49:51+00:00" />
<meta property="og:image" content="https://medicina.udd.cl/tecnologia-medica-santiago/files/2014/10/claudia.jpg" />
	<meta property="og:image:width" content="480" />
	<meta property="og:image:height" content="640" />
	<meta property="og:image:type" content="image/jpeg" />
<script type="application/ld+json" class="yoast-schema-graph">{"@context":"https://schema.org","@graph":[{"@type":"WebPage","@id":"https://medicina.udd.cl/tecnologia-medica-santiago/persona/claudia-cuevas-espinoza/","url":"https://medicina.udd.cl/tecnologia-medica-santiago/persona/claudia-cuevas-espinoza/","name":"Claudia Cuevas Espinoza - Tecnología Médica","isPartOf":{"@id":"https://medicina.udd.cl/tecnologia-medica-santiago/#website"},"primaryImageOfPage":{"@id":"https://medicina.udd.cl/tecnologia-medica-santiago/persona/claudia-cuevas-espinoza/#primaryimage"},"image":{"@id":"https://medicina.udd.cl/tecnologia-medica-santiago/persona/claudia-cuevas-espinoza/#primaryimage"},"thumbnailUrl":"https://medicina.udd.cl/tecnologia-medica-santiago/files/2014/10/claudia.jpg","datePublished":"2014-10-06T18:01:39+00:00","dateModified":"2022-07-07T20:49:51+00:00","breadcrumb":{"@id":"https://medicina.udd.cl/tecnologia-medica-santiago/persona/claudia-cuevas-espinoza/#breadcrumb"},"inLanguage":"es","potentialAction":[{"@type":"ReadAction","target":["https://medicina.udd.cl/tecnologia-medica-santiago/persona/claudia-cuevas-espinoza/"]}]},{"@type":"ImageObject","inLanguage":"es","@id":"https://medicina.udd.cl/tecnologia-medica-santiago/persona/claudia-cuevas-espinoza/#primaryimage","url":"https://medicina.udd.cl/tecnologia-medica-santiago/files/2014/10/claudia.jpg","contentUrl":"https://medicina.udd.cl/tecnologia-medica-santiago/files/2014/10/claudia.jpg","width":480,"height":640},{"@type":"BreadcrumbList","@id":"https://medicina.udd.cl/tecnologia-medica-santiago/persona/claudia-cuevas-espinoza/#breadcrumb","itemListElement":[{"@type":"ListItem","position":1,"name":"Home","item":"https://medicina.udd.cl/tecnologia-medica-santiago/"},{"@type":"ListItem","position":2,"name":"Personas","item":"https://medicina.udd.cl/tecnologia-medica-santiago/persona/"},{"@type":"ListItem","position":3,"name":"Claudia Cuevas Espinoza"}]},{"@type":"WebSite","@id":"https://medicina.udd.cl/tecnologia-medica-santiago/#website","url":"https://medicina.udd.cl/tecnologia-medica-santiago/","name":"Tecnología Médica","description":"Facultad de Medicina Clínica Alemana Universidad del Desarrollo","inLanguage":"es"}]}</script>
<!-- / Yoast SEO plugin. -->

Claudia Cuevas Espinoza - Tecnología Médica

Tecnología Médica

Facultad de Medicina Clínica Alemana Universidad del Desarrollo

Docente Coordinador Anatomía y Patología Imagenológica y Gestión de la Calidad en Imagenología y Física Médica

<div class="person-modal person-modal--scl">
	<header class="person-modal__header">
		<div class="person-modal__bg"></div>
		<div class="modal-container">
						<div class="person-modal__media">
				<img width="375" height="500" src="https://medicina.udd.cl/tecnologia-medica-santiago/files/2014/10/claudia.jpg" class="person-modal__image wp-post-image" alt="" decoding="async" loading="lazy" srcset="https://medicina.udd.cl/tecnologia-medica-santiago/files/2014/10/claudia.jpg 480w, https://medicina.udd.cl/tecnologia-medica-santiago/files/2014/10/claudia-225x300.jpg 225w" sizes="auto, (max-width: 375px) 100vw, 375px" />			</div>
						<div class="person-modal__data">
				<h1 class="person-modal__name">Claudia Cuevas Espinoza</h1>
							<span class="person-modal__description">Docente Coordinador Anatomía y Patología Imagenológica y Gestión de la Calidad en Imagenología y Física Médica</span>
															</div>
		</div>
	</header>
	<div class="modal-container">
			<div class="person-modal__content text">
										<ul>
<li class="MsoNormal"><span>Tecnólogo Médico, Universidad de Talca.</span></li>
<li class="MsoNormal"><span>Magíster en Educación, Universidad Andrés Bello.</span></li>
<li class="MsoNormal"><span>Diplomado en Docencia Clínica, Universidad del Desarrollo.</span></li>
<li class="MsoNormal"><span>Diplomado en Anatomía Topográfica, P. Universidad Católica.</span></li>
</ul>
		</div>
	</div>
</div>
