{"id":5305,"date":"2017-12-28T15:54:19","date_gmt":"2017-12-28T18:54:19","guid":{"rendered":"http:\/\/medicina.udd.cl\/tecnologia-medica-santiago\/?post_type=person&#038;p=5305"},"modified":"2022-07-07T16:33:20","modified_gmt":"2022-07-07T20:33:20","slug":"valeria-arevalo-villa","status":"publish","type":"person","link":"https:\/\/medicina.udd.cl\/tecnologia-medica-santiago\/persona\/valeria-arevalo-villa\/","title":{"rendered":"Valeria  Ar\u00e9valo Villa"},"featured_media":5306,"template":"","people_tax":[5643,4037],"people_areas":[],"people_levels":[],"class_list":["post-5305","person","type-person","status-publish","has-post-thumbnail","hentry","people_tax-cuerpo-docente","people_tax-equipo","people_list-docentes"],"yoast_head":"<!-- This site is optimized with the Yoast SEO plugin v26.9 - https:\/\/yoast.com\/product\/yoast-seo-wordpress\/ -->\n<title>Valeria Ar\u00e9valo Villa - Tecnolog\u00eda M\u00e9dica<\/title>\n<meta name=\"robots\" content=\"index, follow, max-snippet:-1, max-image-preview:large, max-video-preview:-1\" \/>\n<link rel=\"canonical\" href=\"https:\/\/medicina.udd.cl\/tecnologia-medica-santiago\/persona\/valeria-arevalo-villa\/\" \/>\n<meta property=\"og:locale\" content=\"es_ES\" \/>\n<meta property=\"og:type\" content=\"article\" \/>\n<meta property=\"og:title\" content=\"Valeria Ar\u00e9valo Villa - Tecnolog\u00eda M\u00e9dica\" \/>\n<meta property=\"og:url\" content=\"https:\/\/medicina.udd.cl\/tecnologia-medica-santiago\/persona\/valeria-arevalo-villa\/\" \/>\n<meta property=\"og:site_name\" content=\"Tecnolog\u00eda M\u00e9dica\" \/>\n<meta property=\"article:modified_time\" content=\"2022-07-07T20:33:20+00:00\" \/>\n<meta property=\"og:image\" content=\"https:\/\/medicina.udd.cl\/tecnologia-medica-santiago\/files\/2017\/12\/valeria-arevalo.jpg\" \/>\n\t<meta property=\"og:image:width\" content=\"305\" \/>\n\t<meta property=\"og:image:height\" content=\"419\" \/>\n\t<meta property=\"og:image:type\" content=\"image\/jpeg\" \/>\n<script type=\"application\/ld+json\" class=\"yoast-schema-graph\">{\"@context\":\"https:\/\/schema.org\",\"@graph\":[{\"@type\":\"WebPage\",\"@id\":\"https:\/\/medicina.udd.cl\/tecnologia-medica-santiago\/persona\/valeria-arevalo-villa\/\",\"url\":\"https:\/\/medicina.udd.cl\/tecnologia-medica-santiago\/persona\/valeria-arevalo-villa\/\",\"name\":\"Valeria Ar\u00e9valo Villa - Tecnolog\u00eda M\u00e9dica\",\"isPartOf\":{\"@id\":\"https:\/\/medicina.udd.cl\/tecnologia-medica-santiago\/#website\"},\"primaryImageOfPage\":{\"@id\":\"https:\/\/medicina.udd.cl\/tecnologia-medica-santiago\/persona\/valeria-arevalo-villa\/#primaryimage\"},\"image\":{\"@id\":\"https:\/\/medicina.udd.cl\/tecnologia-medica-santiago\/persona\/valeria-arevalo-villa\/#primaryimage\"},\"thumbnailUrl\":\"https:\/\/medicina.udd.cl\/tecnologia-medica-santiago\/files\/2017\/12\/valeria-arevalo.jpg\",\"datePublished\":\"2017-12-28T18:54:19+00:00\",\"dateModified\":\"2022-07-07T20:33:20+00:00\",\"breadcrumb\":{\"@id\":\"https:\/\/medicina.udd.cl\/tecnologia-medica-santiago\/persona\/valeria-arevalo-villa\/#breadcrumb\"},\"inLanguage\":\"es\",\"potentialAction\":[{\"@type\":\"ReadAction\",\"target\":[\"https:\/\/medicina.udd.cl\/tecnologia-medica-santiago\/persona\/valeria-arevalo-villa\/\"]}]},{\"@type\":\"ImageObject\",\"inLanguage\":\"es\",\"@id\":\"https:\/\/medicina.udd.cl\/tecnologia-medica-santiago\/persona\/valeria-arevalo-villa\/#primaryimage\",\"url\":\"https:\/\/medicina.udd.cl\/tecnologia-medica-santiago\/files\/2017\/12\/valeria-arevalo.jpg\",\"contentUrl\":\"https:\/\/medicina.udd.cl\/tecnologia-medica-santiago\/files\/2017\/12\/valeria-arevalo.jpg\",\"width\":305,\"height\":419},{\"@type\":\"BreadcrumbList\",\"@id\":\"https:\/\/medicina.udd.cl\/tecnologia-medica-santiago\/persona\/valeria-arevalo-villa\/#breadcrumb\",\"itemListElement\":[{\"@type\":\"ListItem\",\"position\":1,\"name\":\"Home\",\"item\":\"https:\/\/medicina.udd.cl\/tecnologia-medica-santiago\/\"},{\"@type\":\"ListItem\",\"position\":2,\"name\":\"Personas\",\"item\":\"https:\/\/medicina.udd.cl\/tecnologia-medica-santiago\/persona\/\"},{\"@type\":\"ListItem\",\"position\":3,\"name\":\"Valeria Ar\u00e9valo Villa\"}]},{\"@type\":\"WebSite\",\"@id\":\"https:\/\/medicina.udd.cl\/tecnologia-medica-santiago\/#website\",\"url\":\"https:\/\/medicina.udd.cl\/tecnologia-medica-santiago\/\",\"name\":\"Tecnolog\u00eda M\u00e9dica\",\"description\":\"Facultad de Medicina Cl\u00ednica Alemana Universidad del Desarrollo\",\"inLanguage\":\"es\"}]}<\/script>\n<!-- \/ Yoast SEO plugin. -->","yoast_head_json":{"title":"Valeria Ar\u00e9valo Villa - Tecnolog\u00eda M\u00e9dica","robots":{"index":"index","follow":"follow","max-snippet":"max-snippet:-1","max-image-preview":"max-image-preview:large","max-video-preview":"max-video-preview:-1"},"canonical":"https:\/\/medicina.udd.cl\/tecnologia-medica-santiago\/persona\/valeria-arevalo-villa\/","og_locale":"es_ES","og_type":"article","og_title":"Valeria Ar\u00e9valo Villa - Tecnolog\u00eda M\u00e9dica","og_url":"https:\/\/medicina.udd.cl\/tecnologia-medica-santiago\/persona\/valeria-arevalo-villa\/","og_site_name":"Tecnolog\u00eda M\u00e9dica","article_modified_time":"2022-07-07T20:33:20+00:00","og_image":[{"width":305,"height":419,"url":"https:\/\/medicina.udd.cl\/tecnologia-medica-santiago\/files\/2017\/12\/valeria-arevalo.jpg","type":"image\/jpeg"}],"schema":{"@context":"https:\/\/schema.org","@graph":[{"@type":"WebPage","@id":"https:\/\/medicina.udd.cl\/tecnologia-medica-santiago\/persona\/valeria-arevalo-villa\/","url":"https:\/\/medicina.udd.cl\/tecnologia-medica-santiago\/persona\/valeria-arevalo-villa\/","name":"Valeria Ar\u00e9valo Villa - Tecnolog\u00eda M\u00e9dica","isPartOf":{"@id":"https:\/\/medicina.udd.cl\/tecnologia-medica-santiago\/#website"},"primaryImageOfPage":{"@id":"https:\/\/medicina.udd.cl\/tecnologia-medica-santiago\/persona\/valeria-arevalo-villa\/#primaryimage"},"image":{"@id":"https:\/\/medicina.udd.cl\/tecnologia-medica-santiago\/persona\/valeria-arevalo-villa\/#primaryimage"},"thumbnailUrl":"https:\/\/medicina.udd.cl\/tecnologia-medica-santiago\/files\/2017\/12\/valeria-arevalo.jpg","datePublished":"2017-12-28T18:54:19+00:00","dateModified":"2022-07-07T20:33:20+00:00","breadcrumb":{"@id":"https:\/\/medicina.udd.cl\/tecnologia-medica-santiago\/persona\/valeria-arevalo-villa\/#breadcrumb"},"inLanguage":"es","potentialAction":[{"@type":"ReadAction","target":["https:\/\/medicina.udd.cl\/tecnologia-medica-santiago\/persona\/valeria-arevalo-villa\/"]}]},{"@type":"ImageObject","inLanguage":"es","@id":"https:\/\/medicina.udd.cl\/tecnologia-medica-santiago\/persona\/valeria-arevalo-villa\/#primaryimage","url":"https:\/\/medicina.udd.cl\/tecnologia-medica-santiago\/files\/2017\/12\/valeria-arevalo.jpg","contentUrl":"https:\/\/medicina.udd.cl\/tecnologia-medica-santiago\/files\/2017\/12\/valeria-arevalo.jpg","width":305,"height":419},{"@type":"BreadcrumbList","@id":"https:\/\/medicina.udd.cl\/tecnologia-medica-santiago\/persona\/valeria-arevalo-villa\/#breadcrumb","itemListElement":[{"@type":"ListItem","position":1,"name":"Home","item":"https:\/\/medicina.udd.cl\/tecnologia-medica-santiago\/"},{"@type":"ListItem","position":2,"name":"Personas","item":"https:\/\/medicina.udd.cl\/tecnologia-medica-santiago\/persona\/"},{"@type":"ListItem","position":3,"name":"Valeria Ar\u00e9valo Villa"}]},{"@type":"WebSite","@id":"https:\/\/medicina.udd.cl\/tecnologia-medica-santiago\/#website","url":"https:\/\/medicina.udd.cl\/tecnologia-medica-santiago\/","name":"Tecnolog\u00eda M\u00e9dica","description":"Facultad de Medicina Cl\u00ednica Alemana Universidad del Desarrollo","inLanguage":"es"}]}},"label":"Valeria  Ar\u00e9valo Villa","role":"Docente Coordinador Citodiagn\u00f3stico Ginecol\u00f3gico","thumbnail_url":"https:\/\/medicina.udd.cl\/tecnologia-medica-santiago\/files\/2017\/12\/valeria-arevalo.jpg","email":"","tel_job":"","content":{"rendered":"<div class=\"person-modal person-modal--scl\">\n\t<header class=\"person-modal__header\">\n\t\t<div class=\"person-modal__bg\"><\/div>\n\t\t<div class=\"modal-container\">\n\t\t\t\t\t\t<div class=\"person-modal__media\">\n\t\t\t\t<img width=\"305\" height=\"419\" src=\"https:\/\/medicina.udd.cl\/tecnologia-medica-santiago\/files\/2017\/12\/valeria-arevalo.jpg\" class=\"person-modal__image wp-post-image\" alt=\"\" decoding=\"async\" loading=\"lazy\" srcset=\"https:\/\/medicina.udd.cl\/tecnologia-medica-santiago\/files\/2017\/12\/valeria-arevalo.jpg 305w, https:\/\/medicina.udd.cl\/tecnologia-medica-santiago\/files\/2017\/12\/valeria-arevalo-218x300.jpg 218w\" sizes=\"auto, (max-width: 305px) 100vw, 305px\" \/>\t\t\t<\/div>\n\t\t\t\t\t\t<div class=\"person-modal__data\">\n\t\t\t\t<h1 class=\"person-modal__name\">Valeria  Ar\u00e9valo Villa<\/h1>\n\t\t\t\t\t\t\t<span class=\"person-modal__description\">Docente Coordinador Citodiagn\u00f3stico Ginecol\u00f3gico<\/span>\n\t\t\t\t\t\t\t\t\t\t\t\t\t\t\t<\/div>\n\t\t<\/div>\n\t<\/header>\n\t<div class=\"modal-container\">\n\t\t\t<div class=\"person-modal__content text\">\n\t\t\t\t\t\t\t\t\t\t<ul>\n<li class=\"MsoNormal\"><span>Tecn\u00f3logo M\u00e9dico Menci\u00f3n Morfofisiopatolog\u00eda y Citodiagn\u00f3stico. Universidad Mayor.<\/span><\/li>\n<li class=\"MsoNormal\"><span>Diplomado en Gesti\u00f3n de Procesos de Acreditaci\u00f3n en Salud. Universidad del Desarrollo.<\/span><\/li>\n<li class=\"MsoNormal\"><span>Cursando Diplomado en Docencia Universitaria. Universidad del Desarrollo.<\/span><\/li>\n<li class=\"MsoNormal\"><span>Curso de Docencia Asistencial. Universidad Mayor.<\/span><\/li>\n<\/ul>\n\t\t<\/div>\n\t<\/div>\n<\/div>\n"},"identifier":"25dd9863c8fb52199664ff3a613cde1b74cf7099","has_credential":[],"given_name":"Valeria ","family_name":"Ar\u00e9valo Villa ","name":"Valeria  Ar\u00e9valo Villa","job_title":"Docente Coordinador Citodiagn\u00f3stico Ginecol\u00f3gico","telephone":"","note":"","im":"","_self_schedule":null,"_links":{"self":[{"href":"https:\/\/medicina.udd.cl\/tecnologia-medica-santiago\/wp-json\/wp\/v2\/people\/5305","targetHints":{"allow":["GET"]}}],"collection":[{"href":"https:\/\/medicina.udd.cl\/tecnologia-medica-santiago\/wp-json\/wp\/v2\/people"}],"about":[{"href":"https:\/\/medicina.udd.cl\/tecnologia-medica-santiago\/wp-json\/wp\/v2\/types\/person"}],"wp:featuredmedia":[{"embeddable":true,"href":"https:\/\/medicina.udd.cl\/tecnologia-medica-santiago\/wp-json\/wp\/v2\/media\/5306"}],"wp:attachment":[{"href":"https:\/\/medicina.udd.cl\/tecnologia-medica-santiago\/wp-json\/wp\/v2\/media?parent=5305"}],"wp:term":[{"taxonomy":"people_tax","embeddable":true,"href":"https:\/\/medicina.udd.cl\/tecnologia-medica-santiago\/wp-json\/wp\/v2\/people_tax?post=5305"},{"taxonomy":"people_areas","embeddable":true,"href":"https:\/\/medicina.udd.cl\/tecnologia-medica-santiago\/wp-json\/wp\/v2\/people_areas?post=5305"},{"taxonomy":"people_levels","embeddable":true,"href":"https:\/\/medicina.udd.cl\/tecnologia-medica-santiago\/wp-json\/wp\/v2\/people_levels?post=5305"}],"curies":[{"name":"wp","href":"https:\/\/api.w.org\/{rel}","templated":true}]}}

Valeria  Arévalo Villa

<!-- This site is optimized with the Yoast SEO plugin v26.9 - https://yoast.com/product/yoast-seo-wordpress/ -->
<title>Valeria Arévalo Villa - Tecnología Médica</title>
<meta name="robots" content="index, follow, max-snippet:-1, max-image-preview:large, max-video-preview:-1" />
<link rel="canonical" href="https://medicina.udd.cl/tecnologia-medica-santiago/persona/valeria-arevalo-villa/" />
<meta property="og:locale" content="es_ES" />
<meta property="og:type" content="article" />
<meta property="og:title" content="Valeria Arévalo Villa - Tecnología Médica" />
<meta property="og:url" content="https://medicina.udd.cl/tecnologia-medica-santiago/persona/valeria-arevalo-villa/" />
<meta property="og:site_name" content="Tecnología Médica" />
<meta property="article:modified_time" content="2022-07-07T20:33:20+00:00" />
<meta property="og:image" content="https://medicina.udd.cl/tecnologia-medica-santiago/files/2017/12/valeria-arevalo.jpg" />
	<meta property="og:image:width" content="305" />
	<meta property="og:image:height" content="419" />
	<meta property="og:image:type" content="image/jpeg" />
<script type="application/ld+json" class="yoast-schema-graph">{"@context":"https://schema.org","@graph":[{"@type":"WebPage","@id":"https://medicina.udd.cl/tecnologia-medica-santiago/persona/valeria-arevalo-villa/","url":"https://medicina.udd.cl/tecnologia-medica-santiago/persona/valeria-arevalo-villa/","name":"Valeria Arévalo Villa - Tecnología Médica","isPartOf":{"@id":"https://medicina.udd.cl/tecnologia-medica-santiago/#website"},"primaryImageOfPage":{"@id":"https://medicina.udd.cl/tecnologia-medica-santiago/persona/valeria-arevalo-villa/#primaryimage"},"image":{"@id":"https://medicina.udd.cl/tecnologia-medica-santiago/persona/valeria-arevalo-villa/#primaryimage"},"thumbnailUrl":"https://medicina.udd.cl/tecnologia-medica-santiago/files/2017/12/valeria-arevalo.jpg","datePublished":"2017-12-28T18:54:19+00:00","dateModified":"2022-07-07T20:33:20+00:00","breadcrumb":{"@id":"https://medicina.udd.cl/tecnologia-medica-santiago/persona/valeria-arevalo-villa/#breadcrumb"},"inLanguage":"es","potentialAction":[{"@type":"ReadAction","target":["https://medicina.udd.cl/tecnologia-medica-santiago/persona/valeria-arevalo-villa/"]}]},{"@type":"ImageObject","inLanguage":"es","@id":"https://medicina.udd.cl/tecnologia-medica-santiago/persona/valeria-arevalo-villa/#primaryimage","url":"https://medicina.udd.cl/tecnologia-medica-santiago/files/2017/12/valeria-arevalo.jpg","contentUrl":"https://medicina.udd.cl/tecnologia-medica-santiago/files/2017/12/valeria-arevalo.jpg","width":305,"height":419},{"@type":"BreadcrumbList","@id":"https://medicina.udd.cl/tecnologia-medica-santiago/persona/valeria-arevalo-villa/#breadcrumb","itemListElement":[{"@type":"ListItem","position":1,"name":"Home","item":"https://medicina.udd.cl/tecnologia-medica-santiago/"},{"@type":"ListItem","position":2,"name":"Personas","item":"https://medicina.udd.cl/tecnologia-medica-santiago/persona/"},{"@type":"ListItem","position":3,"name":"Valeria Arévalo Villa"}]},{"@type":"WebSite","@id":"https://medicina.udd.cl/tecnologia-medica-santiago/#website","url":"https://medicina.udd.cl/tecnologia-medica-santiago/","name":"Tecnología Médica","description":"Facultad de Medicina Clínica Alemana Universidad del Desarrollo","inLanguage":"es"}]}</script>
<!-- / Yoast SEO plugin. -->

Valeria Arévalo Villa - Tecnología Médica

Tecnología Médica

Valeria Arévalo Villa

Facultad de Medicina Clínica Alemana Universidad del Desarrollo

Docente Coordinador Citodiagnóstico Ginecológico

<div class="person-modal person-modal--scl">
	<header class="person-modal__header">
		<div class="person-modal__bg"></div>
		<div class="modal-container">
						<div class="person-modal__media">
				<img width="305" height="419" src="https://medicina.udd.cl/tecnologia-medica-santiago/files/2017/12/valeria-arevalo.jpg" class="person-modal__image wp-post-image" alt="" decoding="async" loading="lazy" srcset="https://medicina.udd.cl/tecnologia-medica-santiago/files/2017/12/valeria-arevalo.jpg 305w, https://medicina.udd.cl/tecnologia-medica-santiago/files/2017/12/valeria-arevalo-218x300.jpg 218w" sizes="auto, (max-width: 305px) 100vw, 305px" />			</div>
						<div class="person-modal__data">
				<h1 class="person-modal__name">Valeria  Arévalo Villa</h1>
							<span class="person-modal__description">Docente Coordinador Citodiagnóstico Ginecológico</span>
															</div>
		</div>
	</header>
	<div class="modal-container">
			<div class="person-modal__content text">
										<ul>
<li class="MsoNormal"><span>Tecnólogo Médico Mención Morfofisiopatología y Citodiagnóstico. Universidad Mayor.</span></li>
<li class="MsoNormal"><span>Diplomado en Gestión de Procesos de Acreditación en Salud. Universidad del Desarrollo.</span></li>
<li class="MsoNormal"><span>Cursando Diplomado en Docencia Universitaria. Universidad del Desarrollo.</span></li>
<li class="MsoNormal"><span>Curso de Docencia Asistencial. Universidad Mayor.</span></li>
</ul>
		</div>
	</div>
</div>

Arévalo Villa
