{"id":6073,"date":"2020-01-02T10:21:05","date_gmt":"2020-01-02T13:21:05","guid":{"rendered":"http:\/\/medicina.udd.cl\/tecnologia-medica-santiago\/?post_type=person&#038;p=6073"},"modified":"2022-07-07T16:42:13","modified_gmt":"2022-07-07T20:42:13","slug":"michael-munoz-padilla","status":"publish","type":"person","link":"https:\/\/medicina.udd.cl\/tecnologia-medica-santiago\/persona\/michael-munoz-padilla\/","title":{"rendered":"Michael Mu\u00f1oz Padilla"},"featured_media":6101,"template":"","people_tax":[5643,4037],"people_areas":[],"people_levels":[],"class_list":["post-6073","person","type-person","status-publish","has-post-thumbnail","hentry","people_tax-cuerpo-docente","people_tax-equipo"],"yoast_head":"<!-- This site is optimized with the Yoast SEO plugin v26.9 - https:\/\/yoast.com\/product\/yoast-seo-wordpress\/ -->\n<title>Michael Mu\u00f1oz Padilla - Tecnolog\u00eda M\u00e9dica<\/title>\n<meta name=\"robots\" content=\"index, follow, max-snippet:-1, max-image-preview:large, max-video-preview:-1\" \/>\n<link rel=\"canonical\" href=\"https:\/\/medicina.udd.cl\/tecnologia-medica-santiago\/persona\/michael-munoz-padilla\/\" \/>\n<meta property=\"og:locale\" content=\"es_ES\" \/>\n<meta property=\"og:type\" content=\"article\" \/>\n<meta property=\"og:title\" content=\"Michael Mu\u00f1oz Padilla - Tecnolog\u00eda M\u00e9dica\" \/>\n<meta property=\"og:url\" content=\"https:\/\/medicina.udd.cl\/tecnologia-medica-santiago\/persona\/michael-munoz-padilla\/\" \/>\n<meta property=\"og:site_name\" content=\"Tecnolog\u00eda M\u00e9dica\" \/>\n<meta property=\"article:modified_time\" content=\"2022-07-07T20:42:13+00:00\" \/>\n<meta property=\"og:image\" content=\"https:\/\/medicina.udd.cl\/tecnologia-medica-santiago\/files\/2019\/12\/Michael-Mu\u00f1oz-Padilla-TM-1024x683.jpg\" \/>\n\t<meta property=\"og:image:width\" content=\"1024\" \/>\n\t<meta property=\"og:image:height\" content=\"683\" \/>\n\t<meta property=\"og:image:type\" content=\"image\/jpeg\" \/>\n<script type=\"application\/ld+json\" class=\"yoast-schema-graph\">{\"@context\":\"https:\/\/schema.org\",\"@graph\":[{\"@type\":\"WebPage\",\"@id\":\"https:\/\/medicina.udd.cl\/tecnologia-medica-santiago\/persona\/michael-munoz-padilla\/\",\"url\":\"https:\/\/medicina.udd.cl\/tecnologia-medica-santiago\/persona\/michael-munoz-padilla\/\",\"name\":\"Michael Mu\u00f1oz Padilla - Tecnolog\u00eda M\u00e9dica\",\"isPartOf\":{\"@id\":\"https:\/\/medicina.udd.cl\/tecnologia-medica-santiago\/#website\"},\"primaryImageOfPage\":{\"@id\":\"https:\/\/medicina.udd.cl\/tecnologia-medica-santiago\/persona\/michael-munoz-padilla\/#primaryimage\"},\"image\":{\"@id\":\"https:\/\/medicina.udd.cl\/tecnologia-medica-santiago\/persona\/michael-munoz-padilla\/#primaryimage\"},\"thumbnailUrl\":\"https:\/\/medicina.udd.cl\/tecnologia-medica-santiago\/files\/2019\/12\/Michael-Mu\u00f1oz-Padilla-TM.jpg\",\"datePublished\":\"2020-01-02T13:21:05+00:00\",\"dateModified\":\"2022-07-07T20:42:13+00:00\",\"breadcrumb\":{\"@id\":\"https:\/\/medicina.udd.cl\/tecnologia-medica-santiago\/persona\/michael-munoz-padilla\/#breadcrumb\"},\"inLanguage\":\"es\",\"potentialAction\":[{\"@type\":\"ReadAction\",\"target\":[\"https:\/\/medicina.udd.cl\/tecnologia-medica-santiago\/persona\/michael-munoz-padilla\/\"]}]},{\"@type\":\"ImageObject\",\"inLanguage\":\"es\",\"@id\":\"https:\/\/medicina.udd.cl\/tecnologia-medica-santiago\/persona\/michael-munoz-padilla\/#primaryimage\",\"url\":\"https:\/\/medicina.udd.cl\/tecnologia-medica-santiago\/files\/2019\/12\/Michael-Mu\u00f1oz-Padilla-TM.jpg\",\"contentUrl\":\"https:\/\/medicina.udd.cl\/tecnologia-medica-santiago\/files\/2019\/12\/Michael-Mu\u00f1oz-Padilla-TM.jpg\",\"width\":5040,\"height\":3360},{\"@type\":\"BreadcrumbList\",\"@id\":\"https:\/\/medicina.udd.cl\/tecnologia-medica-santiago\/persona\/michael-munoz-padilla\/#breadcrumb\",\"itemListElement\":[{\"@type\":\"ListItem\",\"position\":1,\"name\":\"Home\",\"item\":\"https:\/\/medicina.udd.cl\/tecnologia-medica-santiago\/\"},{\"@type\":\"ListItem\",\"position\":2,\"name\":\"Personas\",\"item\":\"https:\/\/medicina.udd.cl\/tecnologia-medica-santiago\/persona\/\"},{\"@type\":\"ListItem\",\"position\":3,\"name\":\"Michael Mu\u00f1oz Padilla\"}]},{\"@type\":\"WebSite\",\"@id\":\"https:\/\/medicina.udd.cl\/tecnologia-medica-santiago\/#website\",\"url\":\"https:\/\/medicina.udd.cl\/tecnologia-medica-santiago\/\",\"name\":\"Tecnolog\u00eda M\u00e9dica\",\"description\":\"Facultad de Medicina Cl\u00ednica Alemana Universidad del Desarrollo\",\"inLanguage\":\"es\"}]}<\/script>\n<!-- \/ Yoast SEO plugin. -->","yoast_head_json":{"title":"Michael Mu\u00f1oz Padilla - Tecnolog\u00eda M\u00e9dica","robots":{"index":"index","follow":"follow","max-snippet":"max-snippet:-1","max-image-preview":"max-image-preview:large","max-video-preview":"max-video-preview:-1"},"canonical":"https:\/\/medicina.udd.cl\/tecnologia-medica-santiago\/persona\/michael-munoz-padilla\/","og_locale":"es_ES","og_type":"article","og_title":"Michael Mu\u00f1oz Padilla - Tecnolog\u00eda M\u00e9dica","og_url":"https:\/\/medicina.udd.cl\/tecnologia-medica-santiago\/persona\/michael-munoz-padilla\/","og_site_name":"Tecnolog\u00eda M\u00e9dica","article_modified_time":"2022-07-07T20:42:13+00:00","og_image":[{"width":1024,"height":683,"url":"https:\/\/medicina.udd.cl\/tecnologia-medica-santiago\/files\/2019\/12\/Michael-Mu\u00f1oz-Padilla-TM-1024x683.jpg","type":"image\/jpeg"}],"schema":{"@context":"https:\/\/schema.org","@graph":[{"@type":"WebPage","@id":"https:\/\/medicina.udd.cl\/tecnologia-medica-santiago\/persona\/michael-munoz-padilla\/","url":"https:\/\/medicina.udd.cl\/tecnologia-medica-santiago\/persona\/michael-munoz-padilla\/","name":"Michael Mu\u00f1oz Padilla - Tecnolog\u00eda M\u00e9dica","isPartOf":{"@id":"https:\/\/medicina.udd.cl\/tecnologia-medica-santiago\/#website"},"primaryImageOfPage":{"@id":"https:\/\/medicina.udd.cl\/tecnologia-medica-santiago\/persona\/michael-munoz-padilla\/#primaryimage"},"image":{"@id":"https:\/\/medicina.udd.cl\/tecnologia-medica-santiago\/persona\/michael-munoz-padilla\/#primaryimage"},"thumbnailUrl":"https:\/\/medicina.udd.cl\/tecnologia-medica-santiago\/files\/2019\/12\/Michael-Mu\u00f1oz-Padilla-TM.jpg","datePublished":"2020-01-02T13:21:05+00:00","dateModified":"2022-07-07T20:42:13+00:00","breadcrumb":{"@id":"https:\/\/medicina.udd.cl\/tecnologia-medica-santiago\/persona\/michael-munoz-padilla\/#breadcrumb"},"inLanguage":"es","potentialAction":[{"@type":"ReadAction","target":["https:\/\/medicina.udd.cl\/tecnologia-medica-santiago\/persona\/michael-munoz-padilla\/"]}]},{"@type":"ImageObject","inLanguage":"es","@id":"https:\/\/medicina.udd.cl\/tecnologia-medica-santiago\/persona\/michael-munoz-padilla\/#primaryimage","url":"https:\/\/medicina.udd.cl\/tecnologia-medica-santiago\/files\/2019\/12\/Michael-Mu\u00f1oz-Padilla-TM.jpg","contentUrl":"https:\/\/medicina.udd.cl\/tecnologia-medica-santiago\/files\/2019\/12\/Michael-Mu\u00f1oz-Padilla-TM.jpg","width":5040,"height":3360},{"@type":"BreadcrumbList","@id":"https:\/\/medicina.udd.cl\/tecnologia-medica-santiago\/persona\/michael-munoz-padilla\/#breadcrumb","itemListElement":[{"@type":"ListItem","position":1,"name":"Home","item":"https:\/\/medicina.udd.cl\/tecnologia-medica-santiago\/"},{"@type":"ListItem","position":2,"name":"Personas","item":"https:\/\/medicina.udd.cl\/tecnologia-medica-santiago\/persona\/"},{"@type":"ListItem","position":3,"name":"Michael Mu\u00f1oz Padilla"}]},{"@type":"WebSite","@id":"https:\/\/medicina.udd.cl\/tecnologia-medica-santiago\/#website","url":"https:\/\/medicina.udd.cl\/tecnologia-medica-santiago\/","name":"Tecnolog\u00eda M\u00e9dica","description":"Facultad de Medicina Cl\u00ednica Alemana Universidad del Desarrollo","inLanguage":"es"}]}},"label":"Michael Mu\u00f1oz Padilla","role":"Docente Coordinador Atenci\u00f3n Primaria Oftalmol\u00f3gica, Trauma Ocular y Baja Visi\u00f3n y Optometr\u00eda Cl\u00ednica II","thumbnail_url":"https:\/\/medicina.udd.cl\/tecnologia-medica-santiago\/files\/2019\/12\/Michael-Mu\u00f1oz-Padilla-TM-500x500.jpg","email":"","tel_job":"","content":{"rendered":"<div class=\"person-modal person-modal--scl\">\n\t<header class=\"person-modal__header\">\n\t\t<div class=\"person-modal__bg\"><\/div>\n\t\t<div class=\"modal-container\">\n\t\t\t\t\t\t<div class=\"person-modal__media\">\n\t\t\t\t<img width=\"500\" height=\"500\" src=\"https:\/\/medicina.udd.cl\/tecnologia-medica-santiago\/files\/2019\/12\/Michael-Mu\u00f1oz-Padilla-TM-500x500.jpg\" class=\"person-modal__image wp-post-image\" alt=\"\" decoding=\"async\" loading=\"lazy\" srcset=\"https:\/\/medicina.udd.cl\/tecnologia-medica-santiago\/files\/2019\/12\/Michael-Mu\u00f1oz-Padilla-TM-500x500.jpg 500w, https:\/\/medicina.udd.cl\/tecnologia-medica-santiago\/files\/2019\/12\/Michael-Mu\u00f1oz-Padilla-TM-150x150.jpg 150w, https:\/\/medicina.udd.cl\/tecnologia-medica-santiago\/files\/2019\/12\/Michael-Mu\u00f1oz-Padilla-TM-62x62.jpg 62w, https:\/\/medicina.udd.cl\/tecnologia-medica-santiago\/files\/2019\/12\/Michael-Mu\u00f1oz-Padilla-TM-750x750.jpg 750w, https:\/\/medicina.udd.cl\/tecnologia-medica-santiago\/files\/2019\/12\/Michael-Mu\u00f1oz-Padilla-TM-250x250.jpg 250w, https:\/\/medicina.udd.cl\/tecnologia-medica-santiago\/files\/2019\/12\/Michael-Mu\u00f1oz-Padilla-TM-126x126.jpg 126w\" sizes=\"auto, (max-width: 500px) 100vw, 500px\" \/>\t\t\t<\/div>\n\t\t\t\t\t\t<div class=\"person-modal__data\">\n\t\t\t\t<h1 class=\"person-modal__name\">Michael Mu\u00f1oz Padilla<\/h1>\n\t\t\t\t\t\t\t<span class=\"person-modal__description\">Docente Coordinador Atenci\u00f3n Primaria Oftalmol\u00f3gica, Trauma Ocular y Baja Visi\u00f3n y Optometr\u00eda Cl\u00ednica II<\/span>\n\t\t\t\t\t\t\t\t\t\t\t\t\t\t\t<\/div>\n\t\t<\/div>\n\t<\/header>\n\t<div class=\"modal-container\">\n\t\t\t<div class=\"person-modal__content text\">\n\t\t\t\t\t\t\t\t\t\t<ul>\n<li class=\"MsoNormal\"><span>Tecn\u00f3logo M\u00e9dico Menci\u00f3n Oftalmolog\u00eda. Universidad de Valpara\u00edso.<\/span><\/li>\n<\/ul>\n<ul>\n<li class=\"MsoNormal\"><span>Mag\u00edster (c) Gesti\u00f3n en Salud para Atenci\u00f3n Primaria de Salud. Universidad Andr\u00e9s Bello.<\/span><\/li>\n<\/ul>\n<ul>\n<li class=\"MsoNormal\"><span>Diplomado en Aplicaciones Cl\u00ednicas de Optometr\u00eda Pedi\u00e1trica y Geri\u00e1trica. Universidad Central.<\/span><\/li>\n<\/ul>\n<ul>\n<li class=\"MsoNormal\"><span>Diplomado en Docencia Universitaria para Profesionales de la Salud. Pontificia Universidad Cat\u00f3lica de Chile.<\/span><\/li>\n<\/ul>\n<ul>\n<li class=\"MsoNormal\"><span>Diplomado en Participaci\u00f3n Comunitaria en APS. Universidad de Chile.<\/span><\/li>\n<\/ul>\n<ul>\n<li class=\"MsoNormal\"><span>Diplomado en Formulaci\u00f3n de Proyectos de Investigaci\u00f3n en APS. Universidad Andr\u00e9s Bello.<\/span><\/li>\n<\/ul>\n<ul>\n<li class=\"MsoNormal\"><span>Diplomado en Gesti\u00f3n en APS. Universidad Andr\u00e9s Bello.<\/span><\/li>\n<\/ul>\n<ul>\n<li class=\"MsoNormal\"><span>Diplomado en Promoci\u00f3n en Salud para APS. Universidad Andr\u00e9s Bello.<\/span><\/li>\n<\/ul>\n<ul>\n<li class=\"MsoNormal\"><span>Diplomado en T\u00e9cnicas de Medici\u00f3n Avanzada en Ex\u00e1menes Cl\u00ednicos Oftalmol\u00f3gicos. Universidad del Desarrollo.<\/span><\/li>\n<\/ul>\n\t\t<\/div>\n\t<\/div>\n<\/div>\n"},"identifier":"14b1c730734cef9fdab0c3ef54ad1ecfef40f687","has_credential":[],"given_name":"Michael","family_name":"Mu\u00f1oz Padilla","name":"Michael Mu\u00f1oz Padilla","job_title":"Docente Coordinador Atenci\u00f3n Primaria Oftalmol\u00f3gica, Trauma Ocular y Baja Visi\u00f3n y Optometr\u00eda Cl\u00ednica II","telephone":"","note":"","im":"","_self_schedule":null,"_links":{"self":[{"href":"https:\/\/medicina.udd.cl\/tecnologia-medica-santiago\/wp-json\/wp\/v2\/people\/6073","targetHints":{"allow":["GET"]}}],"collection":[{"href":"https:\/\/medicina.udd.cl\/tecnologia-medica-santiago\/wp-json\/wp\/v2\/people"}],"about":[{"href":"https:\/\/medicina.udd.cl\/tecnologia-medica-santiago\/wp-json\/wp\/v2\/types\/person"}],"wp:featuredmedia":[{"embeddable":true,"href":"https:\/\/medicina.udd.cl\/tecnologia-medica-santiago\/wp-json\/wp\/v2\/media\/6101"}],"wp:attachment":[{"href":"https:\/\/medicina.udd.cl\/tecnologia-medica-santiago\/wp-json\/wp\/v2\/media?parent=6073"}],"wp:term":[{"taxonomy":"people_tax","embeddable":true,"href":"https:\/\/medicina.udd.cl\/tecnologia-medica-santiago\/wp-json\/wp\/v2\/people_tax?post=6073"},{"taxonomy":"people_areas","embeddable":true,"href":"https:\/\/medicina.udd.cl\/tecnologia-medica-santiago\/wp-json\/wp\/v2\/people_areas?post=6073"},{"taxonomy":"people_levels","embeddable":true,"href":"https:\/\/medicina.udd.cl\/tecnologia-medica-santiago\/wp-json\/wp\/v2\/people_levels?post=6073"}],"curies":[{"name":"wp","href":"https:\/\/api.w.org\/{rel}","templated":true}]}}

Michael Muñoz Padilla

<!-- This site is optimized with the Yoast SEO plugin v26.9 - https://yoast.com/product/yoast-seo-wordpress/ -->
<title>Michael Muñoz Padilla - Tecnología Médica</title>
<meta name="robots" content="index, follow, max-snippet:-1, max-image-preview:large, max-video-preview:-1" />
<link rel="canonical" href="https://medicina.udd.cl/tecnologia-medica-santiago/persona/michael-munoz-padilla/" />
<meta property="og:locale" content="es_ES" />
<meta property="og:type" content="article" />
<meta property="og:title" content="Michael Muñoz Padilla - Tecnología Médica" />
<meta property="og:url" content="https://medicina.udd.cl/tecnologia-medica-santiago/persona/michael-munoz-padilla/" />
<meta property="og:site_name" content="Tecnología Médica" />
<meta property="article:modified_time" content="2022-07-07T20:42:13+00:00" />
<meta property="og:image" content="https://medicina.udd.cl/tecnologia-medica-santiago/files/2019/12/Michael-Muñoz-Padilla-TM-1024x683.jpg" />
	<meta property="og:image:width" content="1024" />
	<meta property="og:image:height" content="683" />
	<meta property="og:image:type" content="image/jpeg" />
<script type="application/ld+json" class="yoast-schema-graph">{"@context":"https://schema.org","@graph":[{"@type":"WebPage","@id":"https://medicina.udd.cl/tecnologia-medica-santiago/persona/michael-munoz-padilla/","url":"https://medicina.udd.cl/tecnologia-medica-santiago/persona/michael-munoz-padilla/","name":"Michael Muñoz Padilla - Tecnología Médica","isPartOf":{"@id":"https://medicina.udd.cl/tecnologia-medica-santiago/#website"},"primaryImageOfPage":{"@id":"https://medicina.udd.cl/tecnologia-medica-santiago/persona/michael-munoz-padilla/#primaryimage"},"image":{"@id":"https://medicina.udd.cl/tecnologia-medica-santiago/persona/michael-munoz-padilla/#primaryimage"},"thumbnailUrl":"https://medicina.udd.cl/tecnologia-medica-santiago/files/2019/12/Michael-Muñoz-Padilla-TM.jpg","datePublished":"2020-01-02T13:21:05+00:00","dateModified":"2022-07-07T20:42:13+00:00","breadcrumb":{"@id":"https://medicina.udd.cl/tecnologia-medica-santiago/persona/michael-munoz-padilla/#breadcrumb"},"inLanguage":"es","potentialAction":[{"@type":"ReadAction","target":["https://medicina.udd.cl/tecnologia-medica-santiago/persona/michael-munoz-padilla/"]}]},{"@type":"ImageObject","inLanguage":"es","@id":"https://medicina.udd.cl/tecnologia-medica-santiago/persona/michael-munoz-padilla/#primaryimage","url":"https://medicina.udd.cl/tecnologia-medica-santiago/files/2019/12/Michael-Muñoz-Padilla-TM.jpg","contentUrl":"https://medicina.udd.cl/tecnologia-medica-santiago/files/2019/12/Michael-Muñoz-Padilla-TM.jpg","width":5040,"height":3360},{"@type":"BreadcrumbList","@id":"https://medicina.udd.cl/tecnologia-medica-santiago/persona/michael-munoz-padilla/#breadcrumb","itemListElement":[{"@type":"ListItem","position":1,"name":"Home","item":"https://medicina.udd.cl/tecnologia-medica-santiago/"},{"@type":"ListItem","position":2,"name":"Personas","item":"https://medicina.udd.cl/tecnologia-medica-santiago/persona/"},{"@type":"ListItem","position":3,"name":"Michael Muñoz Padilla"}]},{"@type":"WebSite","@id":"https://medicina.udd.cl/tecnologia-medica-santiago/#website","url":"https://medicina.udd.cl/tecnologia-medica-santiago/","name":"Tecnología Médica","description":"Facultad de Medicina Clínica Alemana Universidad del Desarrollo","inLanguage":"es"}]}</script>
<!-- / Yoast SEO plugin. -->

Michael Muñoz Padilla - Tecnología Médica

Tecnología Médica

https://medicina.udd.cl/tecnologia-medica-santiago/files/2019/12/Michael-Muñoz-Padilla-TM-1024x683.jpg

https://medicina.udd.cl/tecnologia-medica-santiago/files/2019/12/Michael-Muñoz-Padilla-TM.jpg

Facultad de Medicina Clínica Alemana Universidad del Desarrollo

Docente Coordinador Atención Primaria Oftalmológica, Trauma Ocular y Baja Visión y Optometría Clínica II

https://medicina.udd.cl/tecnologia-medica-santiago/files/2019/12/Michael-Muñoz-Padilla-TM-500x500.jpg

<div class="person-modal person-modal--scl">
	<header class="person-modal__header">
		<div class="person-modal__bg"></div>
		<div class="modal-container">
						<div class="person-modal__media">
				<img width="500" height="500" src="https://medicina.udd.cl/tecnologia-medica-santiago/files/2019/12/Michael-Muñoz-Padilla-TM-500x500.jpg" class="person-modal__image wp-post-image" alt="" decoding="async" loading="lazy" srcset="https://medicina.udd.cl/tecnologia-medica-santiago/files/2019/12/Michael-Muñoz-Padilla-TM-500x500.jpg 500w, https://medicina.udd.cl/tecnologia-medica-santiago/files/2019/12/Michael-Muñoz-Padilla-TM-150x150.jpg 150w, https://medicina.udd.cl/tecnologia-medica-santiago/files/2019/12/Michael-Muñoz-Padilla-TM-62x62.jpg 62w, https://medicina.udd.cl/tecnologia-medica-santiago/files/2019/12/Michael-Muñoz-Padilla-TM-750x750.jpg 750w, https://medicina.udd.cl/tecnologia-medica-santiago/files/2019/12/Michael-Muñoz-Padilla-TM-250x250.jpg 250w, https://medicina.udd.cl/tecnologia-medica-santiago/files/2019/12/Michael-Muñoz-Padilla-TM-126x126.jpg 126w" sizes="auto, (max-width: 500px) 100vw, 500px" />			</div>
						<div class="person-modal__data">
				<h1 class="person-modal__name">Michael Muñoz Padilla</h1>
							<span class="person-modal__description">Docente Coordinador Atención Primaria Oftalmológica, Trauma Ocular y Baja Visión y Optometría Clínica II</span>
															</div>
		</div>
	</header>
	<div class="modal-container">
			<div class="person-modal__content text">
										<ul>
<li class="MsoNormal"><span>Tecnólogo Médico Mención Oftalmología. Universidad de Valparaíso.</span></li>
</ul>
<ul>
<li class="MsoNormal"><span>Magíster (c) Gestión en Salud para Atención Primaria de Salud. Universidad Andrés Bello.</span></li>
</ul>
<ul>
<li class="MsoNormal"><span>Diplomado en Aplicaciones Clínicas de Optometría Pediátrica y Geriátrica. Universidad Central.</span></li>
</ul>
<ul>
<li class="MsoNormal"><span>Diplomado en Docencia Universitaria para Profesionales de la Salud. Pontificia Universidad Católica de Chile.</span></li>
</ul>
<ul>
<li class="MsoNormal"><span>Diplomado en Participación Comunitaria en APS. Universidad de Chile.</span></li>
</ul>
<ul>
<li class="MsoNormal"><span>Diplomado en Formulación de Proyectos de Investigación en APS. Universidad Andrés Bello.</span></li>
</ul>
<ul>
<li class="MsoNormal"><span>Diplomado en Gestión en APS. Universidad Andrés Bello.</span></li>
</ul>
<ul>
<li class="MsoNormal"><span>Diplomado en Promoción en Salud para APS. Universidad Andrés Bello.</span></li>
</ul>
<ul>
<li class="MsoNormal"><span>Diplomado en Técnicas de Medición Avanzada en Exámenes Clínicos Oftalmológicos. Universidad del Desarrollo.</span></li>
</ul>
		</div>
	</div>
</div>

Muñoz Padilla
