{"id":7664,"date":"2022-07-07T15:54:44","date_gmt":"2022-07-07T19:54:44","guid":{"rendered":"https:\/\/medicina.udd.cl\/tecnologia-medica-santiago\/?post_type=person&#038;p=7664"},"modified":"2024-04-02T16:20:52","modified_gmt":"2024-04-02T19:20:52","slug":"alejandra-garcia-perez","status":"publish","type":"person","link":"https:\/\/medicina.udd.cl\/tecnologia-medica-santiago\/persona\/alejandra-garcia-perez\/","title":{"rendered":"Alejandra  Garc\u00eda P\u00e9rez"},"featured_media":7665,"template":"","people_tax":[4037,5642],"people_areas":[],"people_levels":[],"class_list":["post-7664","person","type-person","status-publish","has-post-thumbnail","hentry","people_tax-equipo","people_tax-equipo-administrativo"],"yoast_head":"<!-- This site is optimized with the Yoast SEO plugin v26.9 - https:\/\/yoast.com\/product\/yoast-seo-wordpress\/ -->\n<title>Alejandra Garc\u00eda P\u00e9rez - Tecnolog\u00eda M\u00e9dica<\/title>\n<meta name=\"robots\" content=\"index, follow, max-snippet:-1, max-image-preview:large, max-video-preview:-1\" \/>\n<link rel=\"canonical\" href=\"https:\/\/medicina.udd.cl\/tecnologia-medica-santiago\/persona\/alejandra-garcia-perez\/\" \/>\n<meta property=\"og:locale\" content=\"es_ES\" \/>\n<meta property=\"og:type\" content=\"article\" \/>\n<meta property=\"og:title\" content=\"Alejandra Garc\u00eda P\u00e9rez - Tecnolog\u00eda M\u00e9dica\" \/>\n<meta property=\"og:url\" content=\"https:\/\/medicina.udd.cl\/tecnologia-medica-santiago\/persona\/alejandra-garcia-perez\/\" \/>\n<meta property=\"og:site_name\" content=\"Tecnolog\u00eda M\u00e9dica\" \/>\n<meta property=\"article:modified_time\" content=\"2024-04-02T19:20:52+00:00\" \/>\n<meta property=\"og:image\" content=\"https:\/\/medicina.udd.cl\/tecnologia-medica-santiago\/files\/2022\/07\/Alejandra-Garc\u00eda-P\u00e9rez-scaled.jpg\" \/>\n\t<meta property=\"og:image:width\" content=\"2560\" \/>\n\t<meta property=\"og:image:height\" content=\"1707\" \/>\n\t<meta property=\"og:image:type\" content=\"image\/jpeg\" \/>\n<meta name=\"twitter:label1\" content=\"Tiempo de lectura\" \/>\n\t<meta name=\"twitter:data1\" content=\"1 minuto\" \/>\n<script type=\"application\/ld+json\" class=\"yoast-schema-graph\">{\"@context\":\"https:\/\/schema.org\",\"@graph\":[{\"@type\":\"WebPage\",\"@id\":\"https:\/\/medicina.udd.cl\/tecnologia-medica-santiago\/persona\/alejandra-garcia-perez\/\",\"url\":\"https:\/\/medicina.udd.cl\/tecnologia-medica-santiago\/persona\/alejandra-garcia-perez\/\",\"name\":\"Alejandra Garc\u00eda P\u00e9rez - Tecnolog\u00eda M\u00e9dica\",\"isPartOf\":{\"@id\":\"https:\/\/medicina.udd.cl\/tecnologia-medica-santiago\/#website\"},\"primaryImageOfPage\":{\"@id\":\"https:\/\/medicina.udd.cl\/tecnologia-medica-santiago\/persona\/alejandra-garcia-perez\/#primaryimage\"},\"image\":{\"@id\":\"https:\/\/medicina.udd.cl\/tecnologia-medica-santiago\/persona\/alejandra-garcia-perez\/#primaryimage\"},\"thumbnailUrl\":\"https:\/\/medicina.udd.cl\/tecnologia-medica-santiago\/files\/2022\/07\/Alejandra-Garc\u00eda-P\u00e9rez-scaled.jpg\",\"datePublished\":\"2022-07-07T19:54:44+00:00\",\"dateModified\":\"2024-04-02T19:20:52+00:00\",\"breadcrumb\":{\"@id\":\"https:\/\/medicina.udd.cl\/tecnologia-medica-santiago\/persona\/alejandra-garcia-perez\/#breadcrumb\"},\"inLanguage\":\"es\",\"potentialAction\":[{\"@type\":\"ReadAction\",\"target\":[\"https:\/\/medicina.udd.cl\/tecnologia-medica-santiago\/persona\/alejandra-garcia-perez\/\"]}]},{\"@type\":\"ImageObject\",\"inLanguage\":\"es\",\"@id\":\"https:\/\/medicina.udd.cl\/tecnologia-medica-santiago\/persona\/alejandra-garcia-perez\/#primaryimage\",\"url\":\"https:\/\/medicina.udd.cl\/tecnologia-medica-santiago\/files\/2022\/07\/Alejandra-Garc\u00eda-P\u00e9rez-scaled.jpg\",\"contentUrl\":\"https:\/\/medicina.udd.cl\/tecnologia-medica-santiago\/files\/2022\/07\/Alejandra-Garc\u00eda-P\u00e9rez-scaled.jpg\",\"width\":2560,\"height\":1707},{\"@type\":\"BreadcrumbList\",\"@id\":\"https:\/\/medicina.udd.cl\/tecnologia-medica-santiago\/persona\/alejandra-garcia-perez\/#breadcrumb\",\"itemListElement\":[{\"@type\":\"ListItem\",\"position\":1,\"name\":\"Home\",\"item\":\"https:\/\/medicina.udd.cl\/tecnologia-medica-santiago\/\"},{\"@type\":\"ListItem\",\"position\":2,\"name\":\"Personas\",\"item\":\"https:\/\/medicina.udd.cl\/tecnologia-medica-santiago\/persona\/\"},{\"@type\":\"ListItem\",\"position\":3,\"name\":\"Alejandra Garc\u00eda P\u00e9rez\"}]},{\"@type\":\"WebSite\",\"@id\":\"https:\/\/medicina.udd.cl\/tecnologia-medica-santiago\/#website\",\"url\":\"https:\/\/medicina.udd.cl\/tecnologia-medica-santiago\/\",\"name\":\"Tecnolog\u00eda M\u00e9dica\",\"description\":\"Facultad de Medicina Cl\u00ednica Alemana Universidad del Desarrollo\",\"inLanguage\":\"es\"}]}<\/script>\n<!-- \/ Yoast SEO plugin. -->","yoast_head_json":{"title":"Alejandra Garc\u00eda P\u00e9rez - Tecnolog\u00eda M\u00e9dica","robots":{"index":"index","follow":"follow","max-snippet":"max-snippet:-1","max-image-preview":"max-image-preview:large","max-video-preview":"max-video-preview:-1"},"canonical":"https:\/\/medicina.udd.cl\/tecnologia-medica-santiago\/persona\/alejandra-garcia-perez\/","og_locale":"es_ES","og_type":"article","og_title":"Alejandra Garc\u00eda P\u00e9rez - Tecnolog\u00eda M\u00e9dica","og_url":"https:\/\/medicina.udd.cl\/tecnologia-medica-santiago\/persona\/alejandra-garcia-perez\/","og_site_name":"Tecnolog\u00eda M\u00e9dica","article_modified_time":"2024-04-02T19:20:52+00:00","og_image":[{"width":2560,"height":1707,"url":"https:\/\/medicina.udd.cl\/tecnologia-medica-santiago\/files\/2022\/07\/Alejandra-Garc\u00eda-P\u00e9rez-scaled.jpg","type":"image\/jpeg"}],"twitter_misc":{"Tiempo de lectura":"1 minuto"},"schema":{"@context":"https:\/\/schema.org","@graph":[{"@type":"WebPage","@id":"https:\/\/medicina.udd.cl\/tecnologia-medica-santiago\/persona\/alejandra-garcia-perez\/","url":"https:\/\/medicina.udd.cl\/tecnologia-medica-santiago\/persona\/alejandra-garcia-perez\/","name":"Alejandra Garc\u00eda P\u00e9rez - Tecnolog\u00eda M\u00e9dica","isPartOf":{"@id":"https:\/\/medicina.udd.cl\/tecnologia-medica-santiago\/#website"},"primaryImageOfPage":{"@id":"https:\/\/medicina.udd.cl\/tecnologia-medica-santiago\/persona\/alejandra-garcia-perez\/#primaryimage"},"image":{"@id":"https:\/\/medicina.udd.cl\/tecnologia-medica-santiago\/persona\/alejandra-garcia-perez\/#primaryimage"},"thumbnailUrl":"https:\/\/medicina.udd.cl\/tecnologia-medica-santiago\/files\/2022\/07\/Alejandra-Garc\u00eda-P\u00e9rez-scaled.jpg","datePublished":"2022-07-07T19:54:44+00:00","dateModified":"2024-04-02T19:20:52+00:00","breadcrumb":{"@id":"https:\/\/medicina.udd.cl\/tecnologia-medica-santiago\/persona\/alejandra-garcia-perez\/#breadcrumb"},"inLanguage":"es","potentialAction":[{"@type":"ReadAction","target":["https:\/\/medicina.udd.cl\/tecnologia-medica-santiago\/persona\/alejandra-garcia-perez\/"]}]},{"@type":"ImageObject","inLanguage":"es","@id":"https:\/\/medicina.udd.cl\/tecnologia-medica-santiago\/persona\/alejandra-garcia-perez\/#primaryimage","url":"https:\/\/medicina.udd.cl\/tecnologia-medica-santiago\/files\/2022\/07\/Alejandra-Garc\u00eda-P\u00e9rez-scaled.jpg","contentUrl":"https:\/\/medicina.udd.cl\/tecnologia-medica-santiago\/files\/2022\/07\/Alejandra-Garc\u00eda-P\u00e9rez-scaled.jpg","width":2560,"height":1707},{"@type":"BreadcrumbList","@id":"https:\/\/medicina.udd.cl\/tecnologia-medica-santiago\/persona\/alejandra-garcia-perez\/#breadcrumb","itemListElement":[{"@type":"ListItem","position":1,"name":"Home","item":"https:\/\/medicina.udd.cl\/tecnologia-medica-santiago\/"},{"@type":"ListItem","position":2,"name":"Personas","item":"https:\/\/medicina.udd.cl\/tecnologia-medica-santiago\/persona\/"},{"@type":"ListItem","position":3,"name":"Alejandra Garc\u00eda P\u00e9rez"}]},{"@type":"WebSite","@id":"https:\/\/medicina.udd.cl\/tecnologia-medica-santiago\/#website","url":"https:\/\/medicina.udd.cl\/tecnologia-medica-santiago\/","name":"Tecnolog\u00eda M\u00e9dica","description":"Facultad de Medicina Cl\u00ednica Alemana Universidad del Desarrollo","inLanguage":"es"}]}},"label":"Alejandra  Garc\u00eda P\u00e9rez","role":"Secretaria carrera Tecnolog\u00eda M\u00e9dica","thumbnail_url":"https:\/\/medicina.udd.cl\/tecnologia-medica-santiago\/files\/2022\/07\/Alejandra-Garc\u00eda-P\u00e9rez-500x500.jpg","email":"agarcia@udd.cl","tel_job":"","content":{"rendered":"<div class=\"person-modal person-modal--scl\">\n\t<header class=\"person-modal__header\">\n\t\t<div class=\"person-modal__bg\"><\/div>\n\t\t<div class=\"modal-container\">\n\t\t\t\t\t\t<div class=\"person-modal__media\">\n\t\t\t\t<img width=\"500\" height=\"500\" src=\"https:\/\/medicina.udd.cl\/tecnologia-medica-santiago\/files\/2022\/07\/Alejandra-Garc\u00eda-P\u00e9rez-500x500.jpg\" class=\"person-modal__image wp-post-image\" alt=\"\" decoding=\"async\" loading=\"lazy\" srcset=\"https:\/\/medicina.udd.cl\/tecnologia-medica-santiago\/files\/2022\/07\/Alejandra-Garc\u00eda-P\u00e9rez-500x500.jpg 500w, https:\/\/medicina.udd.cl\/tecnologia-medica-santiago\/files\/2022\/07\/Alejandra-Garc\u00eda-P\u00e9rez-150x150.jpg 150w, https:\/\/medicina.udd.cl\/tecnologia-medica-santiago\/files\/2022\/07\/Alejandra-Garc\u00eda-P\u00e9rez-62x62.jpg 62w, https:\/\/medicina.udd.cl\/tecnologia-medica-santiago\/files\/2022\/07\/Alejandra-Garc\u00eda-P\u00e9rez-750x750.jpg 750w, https:\/\/medicina.udd.cl\/tecnologia-medica-santiago\/files\/2022\/07\/Alejandra-Garc\u00eda-P\u00e9rez-250x250.jpg 250w, https:\/\/medicina.udd.cl\/tecnologia-medica-santiago\/files\/2022\/07\/Alejandra-Garc\u00eda-P\u00e9rez-126x126.jpg 126w\" sizes=\"auto, (max-width: 500px) 100vw, 500px\" \/>\t\t\t<\/div>\n\t\t\t\t\t\t<div class=\"person-modal__data\">\n\t\t\t\t<h1 class=\"person-modal__name\">Alejandra  Garc\u00eda P\u00e9rez<\/h1>\n\t\t\t\t\t\t\t<span class=\"person-modal__description\">Secretaria carrera Tecnolog\u00eda M\u00e9dica<\/span>\n\t\t\t\t\t\t\t\t\t\t\t\t\t<a href=\"mailto:a&#103;arci&#097;&#064;u&#100;&#100;&#046;&#099;&#108;\" class=\"person-modal__email\">&#97;&#103;arc&#105;&#97;&#64;ud&#100;.&#99;l<\/a>\n\t\t\t\t\t\t\t\t\t<\/div>\n\t\t<\/div>\n\t<\/header>\n\t<div class=\"modal-container\">\n\t\t\t<div class=\"person-modal__content text\">\n\t\t\t\t\t\t\t\t\t\t<ul>\n<li class=\"MsoNormal\"><span>Secretaria Ejecutiva Biling\u00fce &#8211; INSEC.<\/span><\/li>\n<\/ul>\n\t\t<\/div>\n\t<\/div>\n<\/div>\n"},"identifier":"4955d1f72e2c973e398606fd5715ae7ee286c9f7","has_credential":[],"given_name":"Alejandra ","family_name":"Garc\u00eda P\u00e9rez","name":"Alejandra  Garc\u00eda P\u00e9rez","job_title":"Secretaria carrera Tecnolog\u00eda M\u00e9dica","telephone":"","note":"","im":"","_self_schedule":null,"_links":{"self":[{"href":"https:\/\/medicina.udd.cl\/tecnologia-medica-santiago\/wp-json\/wp\/v2\/people\/7664","targetHints":{"allow":["GET"]}}],"collection":[{"href":"https:\/\/medicina.udd.cl\/tecnologia-medica-santiago\/wp-json\/wp\/v2\/people"}],"about":[{"href":"https:\/\/medicina.udd.cl\/tecnologia-medica-santiago\/wp-json\/wp\/v2\/types\/person"}],"wp:featuredmedia":[{"embeddable":true,"href":"https:\/\/medicina.udd.cl\/tecnologia-medica-santiago\/wp-json\/wp\/v2\/media\/7665"}],"wp:attachment":[{"href":"https:\/\/medicina.udd.cl\/tecnologia-medica-santiago\/wp-json\/wp\/v2\/media?parent=7664"}],"wp:term":[{"taxonomy":"people_tax","embeddable":true,"href":"https:\/\/medicina.udd.cl\/tecnologia-medica-santiago\/wp-json\/wp\/v2\/people_tax?post=7664"},{"taxonomy":"people_areas","embeddable":true,"href":"https:\/\/medicina.udd.cl\/tecnologia-medica-santiago\/wp-json\/wp\/v2\/people_areas?post=7664"},{"taxonomy":"people_levels","embeddable":true,"href":"https:\/\/medicina.udd.cl\/tecnologia-medica-santiago\/wp-json\/wp\/v2\/people_levels?post=7664"}],"curies":[{"name":"wp","href":"https:\/\/api.w.org\/{rel}","templated":true}]}}

Alejandra  García Pérez

<!-- This site is optimized with the Yoast SEO plugin v26.9 - https://yoast.com/product/yoast-seo-wordpress/ -->
<title>Alejandra García Pérez - Tecnología Médica</title>
<meta name="robots" content="index, follow, max-snippet:-1, max-image-preview:large, max-video-preview:-1" />
<link rel="canonical" href="https://medicina.udd.cl/tecnologia-medica-santiago/persona/alejandra-garcia-perez/" />
<meta property="og:locale" content="es_ES" />
<meta property="og:type" content="article" />
<meta property="og:title" content="Alejandra García Pérez - Tecnología Médica" />
<meta property="og:url" content="https://medicina.udd.cl/tecnologia-medica-santiago/persona/alejandra-garcia-perez/" />
<meta property="og:site_name" content="Tecnología Médica" />
<meta property="article:modified_time" content="2024-04-02T19:20:52+00:00" />
<meta property="og:image" content="https://medicina.udd.cl/tecnologia-medica-santiago/files/2022/07/Alejandra-García-Pérez-scaled.jpg" />
	<meta property="og:image:width" content="2560" />
	<meta property="og:image:height" content="1707" />
	<meta property="og:image:type" content="image/jpeg" />
<meta name="twitter:label1" content="Tiempo de lectura" />
	<meta name="twitter:data1" content="1 minuto" />
<script type="application/ld+json" class="yoast-schema-graph">{"@context":"https://schema.org","@graph":[{"@type":"WebPage","@id":"https://medicina.udd.cl/tecnologia-medica-santiago/persona/alejandra-garcia-perez/","url":"https://medicina.udd.cl/tecnologia-medica-santiago/persona/alejandra-garcia-perez/","name":"Alejandra García Pérez - Tecnología Médica","isPartOf":{"@id":"https://medicina.udd.cl/tecnologia-medica-santiago/#website"},"primaryImageOfPage":{"@id":"https://medicina.udd.cl/tecnologia-medica-santiago/persona/alejandra-garcia-perez/#primaryimage"},"image":{"@id":"https://medicina.udd.cl/tecnologia-medica-santiago/persona/alejandra-garcia-perez/#primaryimage"},"thumbnailUrl":"https://medicina.udd.cl/tecnologia-medica-santiago/files/2022/07/Alejandra-García-Pérez-scaled.jpg","datePublished":"2022-07-07T19:54:44+00:00","dateModified":"2024-04-02T19:20:52+00:00","breadcrumb":{"@id":"https://medicina.udd.cl/tecnologia-medica-santiago/persona/alejandra-garcia-perez/#breadcrumb"},"inLanguage":"es","potentialAction":[{"@type":"ReadAction","target":["https://medicina.udd.cl/tecnologia-medica-santiago/persona/alejandra-garcia-perez/"]}]},{"@type":"ImageObject","inLanguage":"es","@id":"https://medicina.udd.cl/tecnologia-medica-santiago/persona/alejandra-garcia-perez/#primaryimage","url":"https://medicina.udd.cl/tecnologia-medica-santiago/files/2022/07/Alejandra-García-Pérez-scaled.jpg","contentUrl":"https://medicina.udd.cl/tecnologia-medica-santiago/files/2022/07/Alejandra-García-Pérez-scaled.jpg","width":2560,"height":1707},{"@type":"BreadcrumbList","@id":"https://medicina.udd.cl/tecnologia-medica-santiago/persona/alejandra-garcia-perez/#breadcrumb","itemListElement":[{"@type":"ListItem","position":1,"name":"Home","item":"https://medicina.udd.cl/tecnologia-medica-santiago/"},{"@type":"ListItem","position":2,"name":"Personas","item":"https://medicina.udd.cl/tecnologia-medica-santiago/persona/"},{"@type":"ListItem","position":3,"name":"Alejandra García Pérez"}]},{"@type":"WebSite","@id":"https://medicina.udd.cl/tecnologia-medica-santiago/#website","url":"https://medicina.udd.cl/tecnologia-medica-santiago/","name":"Tecnología Médica","description":"Facultad de Medicina Clínica Alemana Universidad del Desarrollo","inLanguage":"es"}]}</script>
<!-- / Yoast SEO plugin. -->

Alejandra García Pérez - Tecnología Médica

Tecnología Médica

https://medicina.udd.cl/tecnologia-medica-santiago/files/2022/07/Alejandra-García-Pérez-scaled.jpg

Alejandra García Pérez

Facultad de Medicina Clínica Alemana Universidad del Desarrollo

Secretaria carrera Tecnología Médica

https://medicina.udd.cl/tecnologia-medica-santiago/files/2022/07/Alejandra-García-Pérez-500x500.jpg

<div class="person-modal person-modal--scl">
	<header class="person-modal__header">
		<div class="person-modal__bg"></div>
		<div class="modal-container">
						<div class="person-modal__media">
				<img width="500" height="500" src="https://medicina.udd.cl/tecnologia-medica-santiago/files/2022/07/Alejandra-García-Pérez-500x500.jpg" class="person-modal__image wp-post-image" alt="" decoding="async" loading="lazy" srcset="https://medicina.udd.cl/tecnologia-medica-santiago/files/2022/07/Alejandra-García-Pérez-500x500.jpg 500w, https://medicina.udd.cl/tecnologia-medica-santiago/files/2022/07/Alejandra-García-Pérez-150x150.jpg 150w, https://medicina.udd.cl/tecnologia-medica-santiago/files/2022/07/Alejandra-García-Pérez-62x62.jpg 62w, https://medicina.udd.cl/tecnologia-medica-santiago/files/2022/07/Alejandra-García-Pérez-750x750.jpg 750w, https://medicina.udd.cl/tecnologia-medica-santiago/files/2022/07/Alejandra-García-Pérez-250x250.jpg 250w, https://medicina.udd.cl/tecnologia-medica-santiago/files/2022/07/Alejandra-García-Pérez-126x126.jpg 126w" sizes="auto, (max-width: 500px) 100vw, 500px" />			</div>
						<div class="person-modal__data">
				<h1 class="person-modal__name">Alejandra  García Pérez</h1>
							<span class="person-modal__description">Secretaria carrera Tecnología Médica</span>
													<a href="mailto:a&#103;arci&#097;&#064;u&#100;&#100;&#046;&#099;&#108;" class="person-modal__email">&#97;&#103;arc&#105;&#97;&#64;ud&#100;.&#99;l</a>
									</div>
		</div>
	</header>
	<div class="modal-container">
			<div class="person-modal__content text">
										<ul>
<li class="MsoNormal"><span>Secretaria Ejecutiva Bilingüe &#8211; INSEC.</span></li>
</ul>
		</div>
	</div>
</div>

García Pérez
