{"id":7677,"date":"2022-07-07T16:46:10","date_gmt":"2022-07-07T20:46:10","guid":{"rendered":"https:\/\/medicina.udd.cl\/tecnologia-medica-santiago\/?post_type=person&#038;p=7677"},"modified":"2023-01-24T17:02:14","modified_gmt":"2023-01-24T20:02:14","slug":"edison-villagran-jorquera","status":"publish","type":"person","link":"https:\/\/medicina.udd.cl\/tecnologia-medica-santiago\/persona\/edison-villagran-jorquera\/","title":{"rendered":"Edison  Villagr\u00e1n Jorquera"},"featured_media":8127,"template":"","people_tax":[5643,4037],"people_areas":[],"people_levels":[],"class_list":["post-7677","person","type-person","status-publish","has-post-thumbnail","hentry","people_tax-cuerpo-docente","people_tax-equipo"],"yoast_head":"<!-- This site is optimized with the Yoast SEO plugin v26.9 - https:\/\/yoast.com\/product\/yoast-seo-wordpress\/ -->\n<title>Edison Villagr\u00e1n Jorquera - Tecnolog\u00eda M\u00e9dica<\/title>\n<meta name=\"robots\" content=\"index, follow, max-snippet:-1, max-image-preview:large, max-video-preview:-1\" \/>\n<link rel=\"canonical\" href=\"https:\/\/medicina.udd.cl\/tecnologia-medica-santiago\/persona\/edison-villagran-jorquera\/\" \/>\n<meta property=\"og:locale\" content=\"es_ES\" \/>\n<meta property=\"og:type\" content=\"article\" \/>\n<meta property=\"og:title\" content=\"Edison Villagr\u00e1n Jorquera - Tecnolog\u00eda M\u00e9dica\" \/>\n<meta property=\"og:url\" content=\"https:\/\/medicina.udd.cl\/tecnologia-medica-santiago\/persona\/edison-villagran-jorquera\/\" \/>\n<meta property=\"og:site_name\" content=\"Tecnolog\u00eda M\u00e9dica\" \/>\n<meta property=\"article:modified_time\" content=\"2023-01-24T20:02:14+00:00\" \/>\n<meta property=\"og:image\" content=\"https:\/\/medicina.udd.cl\/tecnologia-medica-santiago\/files\/2022\/07\/edison-villagran-byn_.jpeg\" \/>\n\t<meta property=\"og:image:width\" content=\"1040\" \/>\n\t<meta property=\"og:image:height\" content=\"1041\" \/>\n\t<meta property=\"og:image:type\" content=\"image\/jpeg\" \/>\n<script type=\"application\/ld+json\" class=\"yoast-schema-graph\">{\"@context\":\"https:\/\/schema.org\",\"@graph\":[{\"@type\":\"WebPage\",\"@id\":\"https:\/\/medicina.udd.cl\/tecnologia-medica-santiago\/persona\/edison-villagran-jorquera\/\",\"url\":\"https:\/\/medicina.udd.cl\/tecnologia-medica-santiago\/persona\/edison-villagran-jorquera\/\",\"name\":\"Edison Villagr\u00e1n Jorquera - Tecnolog\u00eda M\u00e9dica\",\"isPartOf\":{\"@id\":\"https:\/\/medicina.udd.cl\/tecnologia-medica-santiago\/#website\"},\"primaryImageOfPage\":{\"@id\":\"https:\/\/medicina.udd.cl\/tecnologia-medica-santiago\/persona\/edison-villagran-jorquera\/#primaryimage\"},\"image\":{\"@id\":\"https:\/\/medicina.udd.cl\/tecnologia-medica-santiago\/persona\/edison-villagran-jorquera\/#primaryimage\"},\"thumbnailUrl\":\"https:\/\/medicina.udd.cl\/tecnologia-medica-santiago\/files\/2022\/07\/edison-villagran-byn_.jpeg\",\"datePublished\":\"2022-07-07T20:46:10+00:00\",\"dateModified\":\"2023-01-24T20:02:14+00:00\",\"breadcrumb\":{\"@id\":\"https:\/\/medicina.udd.cl\/tecnologia-medica-santiago\/persona\/edison-villagran-jorquera\/#breadcrumb\"},\"inLanguage\":\"es\",\"potentialAction\":[{\"@type\":\"ReadAction\",\"target\":[\"https:\/\/medicina.udd.cl\/tecnologia-medica-santiago\/persona\/edison-villagran-jorquera\/\"]}]},{\"@type\":\"ImageObject\",\"inLanguage\":\"es\",\"@id\":\"https:\/\/medicina.udd.cl\/tecnologia-medica-santiago\/persona\/edison-villagran-jorquera\/#primaryimage\",\"url\":\"https:\/\/medicina.udd.cl\/tecnologia-medica-santiago\/files\/2022\/07\/edison-villagran-byn_.jpeg\",\"contentUrl\":\"https:\/\/medicina.udd.cl\/tecnologia-medica-santiago\/files\/2022\/07\/edison-villagran-byn_.jpeg\",\"width\":1040,\"height\":1041},{\"@type\":\"BreadcrumbList\",\"@id\":\"https:\/\/medicina.udd.cl\/tecnologia-medica-santiago\/persona\/edison-villagran-jorquera\/#breadcrumb\",\"itemListElement\":[{\"@type\":\"ListItem\",\"position\":1,\"name\":\"Home\",\"item\":\"https:\/\/medicina.udd.cl\/tecnologia-medica-santiago\/\"},{\"@type\":\"ListItem\",\"position\":2,\"name\":\"Personas\",\"item\":\"https:\/\/medicina.udd.cl\/tecnologia-medica-santiago\/persona\/\"},{\"@type\":\"ListItem\",\"position\":3,\"name\":\"Edison Villagr\u00e1n Jorquera\"}]},{\"@type\":\"WebSite\",\"@id\":\"https:\/\/medicina.udd.cl\/tecnologia-medica-santiago\/#website\",\"url\":\"https:\/\/medicina.udd.cl\/tecnologia-medica-santiago\/\",\"name\":\"Tecnolog\u00eda M\u00e9dica\",\"description\":\"Facultad de Medicina Cl\u00ednica Alemana Universidad del Desarrollo\",\"inLanguage\":\"es\"}]}<\/script>\n<!-- \/ Yoast SEO plugin. -->","yoast_head_json":{"title":"Edison Villagr\u00e1n Jorquera - Tecnolog\u00eda M\u00e9dica","robots":{"index":"index","follow":"follow","max-snippet":"max-snippet:-1","max-image-preview":"max-image-preview:large","max-video-preview":"max-video-preview:-1"},"canonical":"https:\/\/medicina.udd.cl\/tecnologia-medica-santiago\/persona\/edison-villagran-jorquera\/","og_locale":"es_ES","og_type":"article","og_title":"Edison Villagr\u00e1n Jorquera - Tecnolog\u00eda M\u00e9dica","og_url":"https:\/\/medicina.udd.cl\/tecnologia-medica-santiago\/persona\/edison-villagran-jorquera\/","og_site_name":"Tecnolog\u00eda M\u00e9dica","article_modified_time":"2023-01-24T20:02:14+00:00","og_image":[{"width":1040,"height":1041,"url":"https:\/\/medicina.udd.cl\/tecnologia-medica-santiago\/files\/2022\/07\/edison-villagran-byn_.jpeg","type":"image\/jpeg"}],"schema":{"@context":"https:\/\/schema.org","@graph":[{"@type":"WebPage","@id":"https:\/\/medicina.udd.cl\/tecnologia-medica-santiago\/persona\/edison-villagran-jorquera\/","url":"https:\/\/medicina.udd.cl\/tecnologia-medica-santiago\/persona\/edison-villagran-jorquera\/","name":"Edison Villagr\u00e1n Jorquera - Tecnolog\u00eda M\u00e9dica","isPartOf":{"@id":"https:\/\/medicina.udd.cl\/tecnologia-medica-santiago\/#website"},"primaryImageOfPage":{"@id":"https:\/\/medicina.udd.cl\/tecnologia-medica-santiago\/persona\/edison-villagran-jorquera\/#primaryimage"},"image":{"@id":"https:\/\/medicina.udd.cl\/tecnologia-medica-santiago\/persona\/edison-villagran-jorquera\/#primaryimage"},"thumbnailUrl":"https:\/\/medicina.udd.cl\/tecnologia-medica-santiago\/files\/2022\/07\/edison-villagran-byn_.jpeg","datePublished":"2022-07-07T20:46:10+00:00","dateModified":"2023-01-24T20:02:14+00:00","breadcrumb":{"@id":"https:\/\/medicina.udd.cl\/tecnologia-medica-santiago\/persona\/edison-villagran-jorquera\/#breadcrumb"},"inLanguage":"es","potentialAction":[{"@type":"ReadAction","target":["https:\/\/medicina.udd.cl\/tecnologia-medica-santiago\/persona\/edison-villagran-jorquera\/"]}]},{"@type":"ImageObject","inLanguage":"es","@id":"https:\/\/medicina.udd.cl\/tecnologia-medica-santiago\/persona\/edison-villagran-jorquera\/#primaryimage","url":"https:\/\/medicina.udd.cl\/tecnologia-medica-santiago\/files\/2022\/07\/edison-villagran-byn_.jpeg","contentUrl":"https:\/\/medicina.udd.cl\/tecnologia-medica-santiago\/files\/2022\/07\/edison-villagran-byn_.jpeg","width":1040,"height":1041},{"@type":"BreadcrumbList","@id":"https:\/\/medicina.udd.cl\/tecnologia-medica-santiago\/persona\/edison-villagran-jorquera\/#breadcrumb","itemListElement":[{"@type":"ListItem","position":1,"name":"Home","item":"https:\/\/medicina.udd.cl\/tecnologia-medica-santiago\/"},{"@type":"ListItem","position":2,"name":"Personas","item":"https:\/\/medicina.udd.cl\/tecnologia-medica-santiago\/persona\/"},{"@type":"ListItem","position":3,"name":"Edison Villagr\u00e1n Jorquera"}]},{"@type":"WebSite","@id":"https:\/\/medicina.udd.cl\/tecnologia-medica-santiago\/#website","url":"https:\/\/medicina.udd.cl\/tecnologia-medica-santiago\/","name":"Tecnolog\u00eda M\u00e9dica","description":"Facultad de Medicina Cl\u00ednica Alemana Universidad del Desarrollo","inLanguage":"es"}]}},"label":"Edison  Villagr\u00e1n Jorquera","role":"Docente Coordinador Ex\u00e1menes Funcionales del Segmento Anterior","thumbnail_url":"https:\/\/medicina.udd.cl\/tecnologia-medica-santiago\/files\/2022\/07\/edison-villagran-byn_-500x500.jpeg","email":"","tel_job":"","content":{"rendered":"<div class=\"person-modal person-modal--scl\">\n\t<header class=\"person-modal__header\">\n\t\t<div class=\"person-modal__bg\"><\/div>\n\t\t<div class=\"modal-container\">\n\t\t\t\t\t\t<div class=\"person-modal__media\">\n\t\t\t\t<img width=\"500\" height=\"500\" src=\"https:\/\/medicina.udd.cl\/tecnologia-medica-santiago\/files\/2022\/07\/edison-villagran-byn_-500x500.jpeg\" class=\"person-modal__image wp-post-image\" alt=\"\" decoding=\"async\" loading=\"lazy\" srcset=\"https:\/\/medicina.udd.cl\/tecnologia-medica-santiago\/files\/2022\/07\/edison-villagran-byn_-500x500.jpeg 500w, https:\/\/medicina.udd.cl\/tecnologia-medica-santiago\/files\/2022\/07\/edison-villagran-byn_-300x300.jpeg 300w, https:\/\/medicina.udd.cl\/tecnologia-medica-santiago\/files\/2022\/07\/edison-villagran-byn_-1024x1024.jpeg 1024w, https:\/\/medicina.udd.cl\/tecnologia-medica-santiago\/files\/2022\/07\/edison-villagran-byn_-150x150.jpeg 150w, https:\/\/medicina.udd.cl\/tecnologia-medica-santiago\/files\/2022\/07\/edison-villagran-byn_-768x769.jpeg 768w, https:\/\/medicina.udd.cl\/tecnologia-medica-santiago\/files\/2022\/07\/edison-villagran-byn_-62x62.jpeg 62w, https:\/\/medicina.udd.cl\/tecnologia-medica-santiago\/files\/2022\/07\/edison-villagran-byn_-750x750.jpeg 750w, https:\/\/medicina.udd.cl\/tecnologia-medica-santiago\/files\/2022\/07\/edison-villagran-byn_-250x250.jpeg 250w, https:\/\/medicina.udd.cl\/tecnologia-medica-santiago\/files\/2022\/07\/edison-villagran-byn_-126x126.jpeg 126w, https:\/\/medicina.udd.cl\/tecnologia-medica-santiago\/files\/2022\/07\/edison-villagran-byn_.jpeg 1040w\" sizes=\"auto, (max-width: 500px) 100vw, 500px\" \/>\t\t\t<\/div>\n\t\t\t\t\t\t<div class=\"person-modal__data\">\n\t\t\t\t<h1 class=\"person-modal__name\">Edison  Villagr\u00e1n Jorquera<\/h1>\n\t\t\t\t\t\t\t<span class=\"person-modal__description\">Docente Coordinador Ex\u00e1menes Funcionales del Segmento Anterior<\/span>\n\t\t\t\t\t\t\t\t\t\t\t\t\t\t\t<\/div>\n\t\t<\/div>\n\t<\/header>\n\t<div class=\"modal-container\">\n\t\t\t<div class=\"person-modal__content text\">\n\t\t\t\t\t\t\t\t\t\t<ul>\n<li class=\"MsoNormal\"><span>Tecn\u00f3logo M\u00e9dico Menci\u00f3n Oftalmolog\u00eda. Universidad de Chile.<\/span><\/li>\n<li class=\"MsoNormal\"><span>MBA Gesti\u00f3n en Salud. Universidad Andr\u00e9s Bello.<\/span><\/li>\n<li class=\"MsoNormal\"><span>Diplomado en Docencia Universitaria. Universidad del Desarrollo.<\/span><\/li>\n<li class=\"MsoNormal\"><span>Curso Actualizaci\u00f3n en Baja Visi\u00f3n. Universidad de Chile.<\/span><\/li>\n<li class=\"MsoNormal\"><span>Curso Imagenolog\u00eda Ocular. Universidad de Chile.<\/span><\/li>\n<\/ul>\n\t\t<\/div>\n\t<\/div>\n<\/div>\n"},"identifier":"9603ec6eb6fbbf23526b018fdcb3e5c8ed02db0d","has_credential":[],"given_name":"Edison ","family_name":"Villagr\u00e1n Jorquera","name":"Edison  Villagr\u00e1n Jorquera","job_title":"Docente Coordinador Ex\u00e1menes Funcionales del Segmento Anterior","telephone":"","note":"","im":"","_self_schedule":null,"_links":{"self":[{"href":"https:\/\/medicina.udd.cl\/tecnologia-medica-santiago\/wp-json\/wp\/v2\/people\/7677","targetHints":{"allow":["GET"]}}],"collection":[{"href":"https:\/\/medicina.udd.cl\/tecnologia-medica-santiago\/wp-json\/wp\/v2\/people"}],"about":[{"href":"https:\/\/medicina.udd.cl\/tecnologia-medica-santiago\/wp-json\/wp\/v2\/types\/person"}],"wp:featuredmedia":[{"embeddable":true,"href":"https:\/\/medicina.udd.cl\/tecnologia-medica-santiago\/wp-json\/wp\/v2\/media\/8127"}],"wp:attachment":[{"href":"https:\/\/medicina.udd.cl\/tecnologia-medica-santiago\/wp-json\/wp\/v2\/media?parent=7677"}],"wp:term":[{"taxonomy":"people_tax","embeddable":true,"href":"https:\/\/medicina.udd.cl\/tecnologia-medica-santiago\/wp-json\/wp\/v2\/people_tax?post=7677"},{"taxonomy":"people_areas","embeddable":true,"href":"https:\/\/medicina.udd.cl\/tecnologia-medica-santiago\/wp-json\/wp\/v2\/people_areas?post=7677"},{"taxonomy":"people_levels","embeddable":true,"href":"https:\/\/medicina.udd.cl\/tecnologia-medica-santiago\/wp-json\/wp\/v2\/people_levels?post=7677"}],"curies":[{"name":"wp","href":"https:\/\/api.w.org\/{rel}","templated":true}]}}

Edison  Villagrán Jorquera

<!-- This site is optimized with the Yoast SEO plugin v26.9 - https://yoast.com/product/yoast-seo-wordpress/ -->
<title>Edison Villagrán Jorquera - Tecnología Médica</title>
<meta name="robots" content="index, follow, max-snippet:-1, max-image-preview:large, max-video-preview:-1" />
<link rel="canonical" href="https://medicina.udd.cl/tecnologia-medica-santiago/persona/edison-villagran-jorquera/" />
<meta property="og:locale" content="es_ES" />
<meta property="og:type" content="article" />
<meta property="og:title" content="Edison Villagrán Jorquera - Tecnología Médica" />
<meta property="og:url" content="https://medicina.udd.cl/tecnologia-medica-santiago/persona/edison-villagran-jorquera/" />
<meta property="og:site_name" content="Tecnología Médica" />
<meta property="article:modified_time" content="2023-01-24T20:02:14+00:00" />
<meta property="og:image" content="https://medicina.udd.cl/tecnologia-medica-santiago/files/2022/07/edison-villagran-byn_.jpeg" />
	<meta property="og:image:width" content="1040" />
	<meta property="og:image:height" content="1041" />
	<meta property="og:image:type" content="image/jpeg" />
<script type="application/ld+json" class="yoast-schema-graph">{"@context":"https://schema.org","@graph":[{"@type":"WebPage","@id":"https://medicina.udd.cl/tecnologia-medica-santiago/persona/edison-villagran-jorquera/","url":"https://medicina.udd.cl/tecnologia-medica-santiago/persona/edison-villagran-jorquera/","name":"Edison Villagrán Jorquera - Tecnología Médica","isPartOf":{"@id":"https://medicina.udd.cl/tecnologia-medica-santiago/#website"},"primaryImageOfPage":{"@id":"https://medicina.udd.cl/tecnologia-medica-santiago/persona/edison-villagran-jorquera/#primaryimage"},"image":{"@id":"https://medicina.udd.cl/tecnologia-medica-santiago/persona/edison-villagran-jorquera/#primaryimage"},"thumbnailUrl":"https://medicina.udd.cl/tecnologia-medica-santiago/files/2022/07/edison-villagran-byn_.jpeg","datePublished":"2022-07-07T20:46:10+00:00","dateModified":"2023-01-24T20:02:14+00:00","breadcrumb":{"@id":"https://medicina.udd.cl/tecnologia-medica-santiago/persona/edison-villagran-jorquera/#breadcrumb"},"inLanguage":"es","potentialAction":[{"@type":"ReadAction","target":["https://medicina.udd.cl/tecnologia-medica-santiago/persona/edison-villagran-jorquera/"]}]},{"@type":"ImageObject","inLanguage":"es","@id":"https://medicina.udd.cl/tecnologia-medica-santiago/persona/edison-villagran-jorquera/#primaryimage","url":"https://medicina.udd.cl/tecnologia-medica-santiago/files/2022/07/edison-villagran-byn_.jpeg","contentUrl":"https://medicina.udd.cl/tecnologia-medica-santiago/files/2022/07/edison-villagran-byn_.jpeg","width":1040,"height":1041},{"@type":"BreadcrumbList","@id":"https://medicina.udd.cl/tecnologia-medica-santiago/persona/edison-villagran-jorquera/#breadcrumb","itemListElement":[{"@type":"ListItem","position":1,"name":"Home","item":"https://medicina.udd.cl/tecnologia-medica-santiago/"},{"@type":"ListItem","position":2,"name":"Personas","item":"https://medicina.udd.cl/tecnologia-medica-santiago/persona/"},{"@type":"ListItem","position":3,"name":"Edison Villagrán Jorquera"}]},{"@type":"WebSite","@id":"https://medicina.udd.cl/tecnologia-medica-santiago/#website","url":"https://medicina.udd.cl/tecnologia-medica-santiago/","name":"Tecnología Médica","description":"Facultad de Medicina Clínica Alemana Universidad del Desarrollo","inLanguage":"es"}]}</script>
<!-- / Yoast SEO plugin. -->

Edison Villagrán Jorquera - Tecnología Médica

Tecnología Médica

Edison Villagrán Jorquera

Facultad de Medicina Clínica Alemana Universidad del Desarrollo

Docente Coordinador Exámenes Funcionales del Segmento Anterior

<div class="person-modal person-modal--scl">
	<header class="person-modal__header">
		<div class="person-modal__bg"></div>
		<div class="modal-container">
						<div class="person-modal__media">
				<img width="500" height="500" src="https://medicina.udd.cl/tecnologia-medica-santiago/files/2022/07/edison-villagran-byn_-500x500.jpeg" class="person-modal__image wp-post-image" alt="" decoding="async" loading="lazy" srcset="https://medicina.udd.cl/tecnologia-medica-santiago/files/2022/07/edison-villagran-byn_-500x500.jpeg 500w, https://medicina.udd.cl/tecnologia-medica-santiago/files/2022/07/edison-villagran-byn_-300x300.jpeg 300w, https://medicina.udd.cl/tecnologia-medica-santiago/files/2022/07/edison-villagran-byn_-1024x1024.jpeg 1024w, https://medicina.udd.cl/tecnologia-medica-santiago/files/2022/07/edison-villagran-byn_-150x150.jpeg 150w, https://medicina.udd.cl/tecnologia-medica-santiago/files/2022/07/edison-villagran-byn_-768x769.jpeg 768w, https://medicina.udd.cl/tecnologia-medica-santiago/files/2022/07/edison-villagran-byn_-62x62.jpeg 62w, https://medicina.udd.cl/tecnologia-medica-santiago/files/2022/07/edison-villagran-byn_-750x750.jpeg 750w, https://medicina.udd.cl/tecnologia-medica-santiago/files/2022/07/edison-villagran-byn_-250x250.jpeg 250w, https://medicina.udd.cl/tecnologia-medica-santiago/files/2022/07/edison-villagran-byn_-126x126.jpeg 126w, https://medicina.udd.cl/tecnologia-medica-santiago/files/2022/07/edison-villagran-byn_.jpeg 1040w" sizes="auto, (max-width: 500px) 100vw, 500px" />			</div>
						<div class="person-modal__data">
				<h1 class="person-modal__name">Edison  Villagrán Jorquera</h1>
							<span class="person-modal__description">Docente Coordinador Exámenes Funcionales del Segmento Anterior</span>
															</div>
		</div>
	</header>
	<div class="modal-container">
			<div class="person-modal__content text">
										<ul>
<li class="MsoNormal"><span>Tecnólogo Médico Mención Oftalmología. Universidad de Chile.</span></li>
<li class="MsoNormal"><span>MBA Gestión en Salud. Universidad Andrés Bello.</span></li>
<li class="MsoNormal"><span>Diplomado en Docencia Universitaria. Universidad del Desarrollo.</span></li>
<li class="MsoNormal"><span>Curso Actualización en Baja Visión. Universidad de Chile.</span></li>
<li class="MsoNormal"><span>Curso Imagenología Ocular. Universidad de Chile.</span></li>
</ul>
		</div>
	</div>
</div>

Villagrán Jorquera
