{"id":7795,"date":"2022-09-21T17:27:29","date_gmt":"2022-09-21T20:27:29","guid":{"rendered":"https:\/\/medicina.udd.cl\/tecnologia-medica-santiago\/?post_type=person&#038;p=7795"},"modified":"2024-04-04T12:00:36","modified_gmt":"2024-04-04T15:00:36","slug":"pablo-baez-benavides","status":"publish","type":"person","link":"https:\/\/medicina.udd.cl\/tecnologia-medica-santiago\/persona\/pablo-baez-benavides\/","title":{"rendered":"Pablo  B\u00e1ez Benavides"},"featured_media":0,"template":"","people_tax":[5643,4037],"people_areas":[],"people_levels":[],"class_list":["post-7795","person","type-person","status-publish","hentry","people_tax-cuerpo-docente","people_tax-equipo"],"yoast_head":"<!-- This site is optimized with the Yoast SEO plugin v26.9 - https:\/\/yoast.com\/product\/yoast-seo-wordpress\/ -->\n<title>Pablo B\u00e1ez Benavides - Tecnolog\u00eda M\u00e9dica<\/title>\n<meta name=\"robots\" content=\"index, follow, max-snippet:-1, max-image-preview:large, max-video-preview:-1\" \/>\n<link rel=\"canonical\" href=\"https:\/\/medicina.udd.cl\/tecnologia-medica-santiago\/persona\/pablo-baez-benavides\/\" \/>\n<meta property=\"og:locale\" content=\"es_ES\" \/>\n<meta property=\"og:type\" content=\"article\" \/>\n<meta property=\"og:title\" content=\"Pablo B\u00e1ez Benavides - Tecnolog\u00eda M\u00e9dica\" \/>\n<meta property=\"og:url\" content=\"https:\/\/medicina.udd.cl\/tecnologia-medica-santiago\/persona\/pablo-baez-benavides\/\" \/>\n<meta property=\"og:site_name\" content=\"Tecnolog\u00eda M\u00e9dica\" \/>\n<meta property=\"article:modified_time\" content=\"2024-04-04T15:00:36+00:00\" \/>\n<script type=\"application\/ld+json\" class=\"yoast-schema-graph\">{\"@context\":\"https:\/\/schema.org\",\"@graph\":[{\"@type\":\"WebPage\",\"@id\":\"https:\/\/medicina.udd.cl\/tecnologia-medica-santiago\/persona\/pablo-baez-benavides\/\",\"url\":\"https:\/\/medicina.udd.cl\/tecnologia-medica-santiago\/persona\/pablo-baez-benavides\/\",\"name\":\"Pablo B\u00e1ez Benavides - Tecnolog\u00eda M\u00e9dica\",\"isPartOf\":{\"@id\":\"https:\/\/medicina.udd.cl\/tecnologia-medica-santiago\/#website\"},\"datePublished\":\"2022-09-21T20:27:29+00:00\",\"dateModified\":\"2024-04-04T15:00:36+00:00\",\"breadcrumb\":{\"@id\":\"https:\/\/medicina.udd.cl\/tecnologia-medica-santiago\/persona\/pablo-baez-benavides\/#breadcrumb\"},\"inLanguage\":\"es\",\"potentialAction\":[{\"@type\":\"ReadAction\",\"target\":[\"https:\/\/medicina.udd.cl\/tecnologia-medica-santiago\/persona\/pablo-baez-benavides\/\"]}]},{\"@type\":\"BreadcrumbList\",\"@id\":\"https:\/\/medicina.udd.cl\/tecnologia-medica-santiago\/persona\/pablo-baez-benavides\/#breadcrumb\",\"itemListElement\":[{\"@type\":\"ListItem\",\"position\":1,\"name\":\"Home\",\"item\":\"https:\/\/medicina.udd.cl\/tecnologia-medica-santiago\/\"},{\"@type\":\"ListItem\",\"position\":2,\"name\":\"Personas\",\"item\":\"https:\/\/medicina.udd.cl\/tecnologia-medica-santiago\/persona\/\"},{\"@type\":\"ListItem\",\"position\":3,\"name\":\"Pablo B\u00e1ez Benavides\"}]},{\"@type\":\"WebSite\",\"@id\":\"https:\/\/medicina.udd.cl\/tecnologia-medica-santiago\/#website\",\"url\":\"https:\/\/medicina.udd.cl\/tecnologia-medica-santiago\/\",\"name\":\"Tecnolog\u00eda M\u00e9dica\",\"description\":\"Facultad de Medicina Cl\u00ednica Alemana Universidad del Desarrollo\",\"inLanguage\":\"es\"}]}<\/script>\n<!-- \/ Yoast SEO plugin. -->","yoast_head_json":{"title":"Pablo B\u00e1ez Benavides - Tecnolog\u00eda M\u00e9dica","robots":{"index":"index","follow":"follow","max-snippet":"max-snippet:-1","max-image-preview":"max-image-preview:large","max-video-preview":"max-video-preview:-1"},"canonical":"https:\/\/medicina.udd.cl\/tecnologia-medica-santiago\/persona\/pablo-baez-benavides\/","og_locale":"es_ES","og_type":"article","og_title":"Pablo B\u00e1ez Benavides - Tecnolog\u00eda M\u00e9dica","og_url":"https:\/\/medicina.udd.cl\/tecnologia-medica-santiago\/persona\/pablo-baez-benavides\/","og_site_name":"Tecnolog\u00eda M\u00e9dica","article_modified_time":"2024-04-04T15:00:36+00:00","schema":{"@context":"https:\/\/schema.org","@graph":[{"@type":"WebPage","@id":"https:\/\/medicina.udd.cl\/tecnologia-medica-santiago\/persona\/pablo-baez-benavides\/","url":"https:\/\/medicina.udd.cl\/tecnologia-medica-santiago\/persona\/pablo-baez-benavides\/","name":"Pablo B\u00e1ez Benavides - Tecnolog\u00eda M\u00e9dica","isPartOf":{"@id":"https:\/\/medicina.udd.cl\/tecnologia-medica-santiago\/#website"},"datePublished":"2022-09-21T20:27:29+00:00","dateModified":"2024-04-04T15:00:36+00:00","breadcrumb":{"@id":"https:\/\/medicina.udd.cl\/tecnologia-medica-santiago\/persona\/pablo-baez-benavides\/#breadcrumb"},"inLanguage":"es","potentialAction":[{"@type":"ReadAction","target":["https:\/\/medicina.udd.cl\/tecnologia-medica-santiago\/persona\/pablo-baez-benavides\/"]}]},{"@type":"BreadcrumbList","@id":"https:\/\/medicina.udd.cl\/tecnologia-medica-santiago\/persona\/pablo-baez-benavides\/#breadcrumb","itemListElement":[{"@type":"ListItem","position":1,"name":"Home","item":"https:\/\/medicina.udd.cl\/tecnologia-medica-santiago\/"},{"@type":"ListItem","position":2,"name":"Personas","item":"https:\/\/medicina.udd.cl\/tecnologia-medica-santiago\/persona\/"},{"@type":"ListItem","position":3,"name":"Pablo B\u00e1ez Benavides"}]},{"@type":"WebSite","@id":"https:\/\/medicina.udd.cl\/tecnologia-medica-santiago\/#website","url":"https:\/\/medicina.udd.cl\/tecnologia-medica-santiago\/","name":"Tecnolog\u00eda M\u00e9dica","description":"Facultad de Medicina Cl\u00ednica Alemana Universidad del Desarrollo","inLanguage":"es"}]}},"label":"Pablo  B\u00e1ez Benavides","role":"Docente coordinador de Bioestad\u00edstica y de Bioinform\u00e1tica en el Diagn\u00f3stico Molecular","thumbnail_url":false,"email":"","tel_job":"","content":{"rendered":"<div class=\"person-modal person-modal--scl\">\n\t<header class=\"person-modal__header\">\n\t\t<div class=\"person-modal__bg\"><\/div>\n\t\t<div class=\"modal-container\">\n\t\t\t\t\t\t<div class=\"person-modal__data\">\n\t\t\t\t<h1 class=\"person-modal__name\">Pablo  B\u00e1ez Benavides<\/h1>\n\t\t\t\t\t\t\t<span class=\"person-modal__description\">Docente coordinador de Bioestad\u00edstica y de Bioinform\u00e1tica en el Diagn\u00f3stico Molecular<\/span>\n\t\t\t\t\t\t\t\t\t\t\t\t\t\t\t<\/div>\n\t\t<\/div>\n\t<\/header>\n\t<div class=\"modal-container\">\n\t\t\t<div class=\"person-modal__content text\">\n\t\t\t\t\t\t\t\t\t\t<ul>\n<li class=\"MsoNormal\"><span lang=\"ES-CL\">Microbi\u00f3logo y Bioanalista. Universidad de Antioquia.<\/span><\/li>\n<li class=\"MsoNormal\"><span lang=\"ES-CL\">Doctorado en Ciencias Biom\u00e9dicas. Universidad de Chile.<\/span><\/li>\n<li class=\"MsoNormal\"><span lang=\"ES-CL\">Magister en Ciencias Biol\u00f3gicas, menci\u00f3n Gen\u00e9tica. Universidad de Chile.<\/span><\/li>\n<li><span>Docente Coordinador de Bioestad\u00edstica.<\/span><\/li>\n<\/ul>\n\t\t<\/div>\n\t<\/div>\n<\/div>\n"},"identifier":"eb6a0c115b86921be7a03a7d30985165b73c1fdb","has_credential":[],"given_name":"Pablo ","family_name":"B\u00e1ez Benavides ","name":"Pablo  B\u00e1ez Benavides","job_title":"Docente coordinador de Bioestad\u00edstica y de Bioinform\u00e1tica en el Diagn\u00f3stico Molecular","telephone":"","note":"","im":"","_self_schedule":null,"_links":{"self":[{"href":"https:\/\/medicina.udd.cl\/tecnologia-medica-santiago\/wp-json\/wp\/v2\/people\/7795","targetHints":{"allow":["GET"]}}],"collection":[{"href":"https:\/\/medicina.udd.cl\/tecnologia-medica-santiago\/wp-json\/wp\/v2\/people"}],"about":[{"href":"https:\/\/medicina.udd.cl\/tecnologia-medica-santiago\/wp-json\/wp\/v2\/types\/person"}],"wp:attachment":[{"href":"https:\/\/medicina.udd.cl\/tecnologia-medica-santiago\/wp-json\/wp\/v2\/media?parent=7795"}],"wp:term":[{"taxonomy":"people_tax","embeddable":true,"href":"https:\/\/medicina.udd.cl\/tecnologia-medica-santiago\/wp-json\/wp\/v2\/people_tax?post=7795"},{"taxonomy":"people_areas","embeddable":true,"href":"https:\/\/medicina.udd.cl\/tecnologia-medica-santiago\/wp-json\/wp\/v2\/people_areas?post=7795"},{"taxonomy":"people_levels","embeddable":true,"href":"https:\/\/medicina.udd.cl\/tecnologia-medica-santiago\/wp-json\/wp\/v2\/people_levels?post=7795"}],"curies":[{"name":"wp","href":"https:\/\/api.w.org\/{rel}","templated":true}]}}

Pablo  Báez Benavides

<!-- This site is optimized with the Yoast SEO plugin v26.9 - https://yoast.com/product/yoast-seo-wordpress/ -->
<title>Pablo Báez Benavides - Tecnología Médica</title>
<meta name="robots" content="index, follow, max-snippet:-1, max-image-preview:large, max-video-preview:-1" />
<link rel="canonical" href="https://medicina.udd.cl/tecnologia-medica-santiago/persona/pablo-baez-benavides/" />
<meta property="og:locale" content="es_ES" />
<meta property="og:type" content="article" />
<meta property="og:title" content="Pablo Báez Benavides - Tecnología Médica" />
<meta property="og:url" content="https://medicina.udd.cl/tecnologia-medica-santiago/persona/pablo-baez-benavides/" />
<meta property="og:site_name" content="Tecnología Médica" />
<meta property="article:modified_time" content="2024-04-04T15:00:36+00:00" />
<script type="application/ld+json" class="yoast-schema-graph">{"@context":"https://schema.org","@graph":[{"@type":"WebPage","@id":"https://medicina.udd.cl/tecnologia-medica-santiago/persona/pablo-baez-benavides/","url":"https://medicina.udd.cl/tecnologia-medica-santiago/persona/pablo-baez-benavides/","name":"Pablo Báez Benavides - Tecnología Médica","isPartOf":{"@id":"https://medicina.udd.cl/tecnologia-medica-santiago/#website"},"datePublished":"2022-09-21T20:27:29+00:00","dateModified":"2024-04-04T15:00:36+00:00","breadcrumb":{"@id":"https://medicina.udd.cl/tecnologia-medica-santiago/persona/pablo-baez-benavides/#breadcrumb"},"inLanguage":"es","potentialAction":[{"@type":"ReadAction","target":["https://medicina.udd.cl/tecnologia-medica-santiago/persona/pablo-baez-benavides/"]}]},{"@type":"BreadcrumbList","@id":"https://medicina.udd.cl/tecnologia-medica-santiago/persona/pablo-baez-benavides/#breadcrumb","itemListElement":[{"@type":"ListItem","position":1,"name":"Home","item":"https://medicina.udd.cl/tecnologia-medica-santiago/"},{"@type":"ListItem","position":2,"name":"Personas","item":"https://medicina.udd.cl/tecnologia-medica-santiago/persona/"},{"@type":"ListItem","position":3,"name":"Pablo Báez Benavides"}]},{"@type":"WebSite","@id":"https://medicina.udd.cl/tecnologia-medica-santiago/#website","url":"https://medicina.udd.cl/tecnologia-medica-santiago/","name":"Tecnología Médica","description":"Facultad de Medicina Clínica Alemana Universidad del Desarrollo","inLanguage":"es"}]}</script>
<!-- / Yoast SEO plugin. -->

Pablo Báez Benavides - Tecnología Médica

Tecnología Médica

Pablo Báez Benavides

Facultad de Medicina Clínica Alemana Universidad del Desarrollo

Docente coordinador de Bioestadística y de Bioinformática en el Diagnóstico Molecular

<div class="person-modal person-modal--scl">
	<header class="person-modal__header">
		<div class="person-modal__bg"></div>
		<div class="modal-container">
						<div class="person-modal__data">
				<h1 class="person-modal__name">Pablo  Báez Benavides</h1>
							<span class="person-modal__description">Docente coordinador de Bioestadística y de Bioinformática en el Diagnóstico Molecular</span>
															</div>
		</div>
	</header>
	<div class="modal-container">
			<div class="person-modal__content text">
										<ul>
<li class="MsoNormal"><span lang="ES-CL">Microbiólogo y Bioanalista. Universidad de Antioquia.</span></li>
<li class="MsoNormal"><span lang="ES-CL">Doctorado en Ciencias Biomédicas. Universidad de Chile.</span></li>
<li class="MsoNormal"><span lang="ES-CL">Magister en Ciencias Biológicas, mención Genética. Universidad de Chile.</span></li>
<li><span>Docente Coordinador de Bioestadística.</span></li>
</ul>
		</div>
	</div>
</div>

Báez Benavides
