{"id":8880,"date":"2024-04-03T14:49:50","date_gmt":"2024-04-03T17:49:50","guid":{"rendered":"https:\/\/medicina.udd.cl\/tecnologia-medica-santiago\/?post_type=person&#038;p=8880"},"modified":"2024-04-03T14:49:50","modified_gmt":"2024-04-03T17:49:50","slug":"militza-sanchez-encina","status":"publish","type":"person","link":"https:\/\/medicina.udd.cl\/tecnologia-medica-santiago\/persona\/militza-sanchez-encina\/","title":{"rendered":"Militza  S\u00e1nchez Encina"},"featured_media":8883,"template":"","people_tax":[5643,4037],"people_areas":[],"people_levels":[],"class_list":["post-8880","person","type-person","status-publish","has-post-thumbnail","hentry","people_tax-cuerpo-docente","people_tax-equipo"],"yoast_head":"<!-- This site is optimized with the Yoast SEO plugin v26.9 - https:\/\/yoast.com\/product\/yoast-seo-wordpress\/ -->\n<title>Militza S\u00e1nchez Encina - Tecnolog\u00eda M\u00e9dica<\/title>\n<meta name=\"robots\" content=\"index, follow, max-snippet:-1, max-image-preview:large, max-video-preview:-1\" \/>\n<link rel=\"canonical\" href=\"https:\/\/medicina.udd.cl\/tecnologia-medica-santiago\/persona\/militza-sanchez-encina\/\" \/>\n<meta property=\"og:locale\" content=\"es_ES\" \/>\n<meta property=\"og:type\" content=\"article\" \/>\n<meta property=\"og:title\" content=\"Militza S\u00e1nchez Encina - Tecnolog\u00eda M\u00e9dica\" \/>\n<meta property=\"og:url\" content=\"https:\/\/medicina.udd.cl\/tecnologia-medica-santiago\/persona\/militza-sanchez-encina\/\" \/>\n<meta property=\"og:site_name\" content=\"Tecnolog\u00eda M\u00e9dica\" \/>\n<meta property=\"og:image\" content=\"https:\/\/medicina.udd.cl\/tecnologia-medica-santiago\/files\/2024\/04\/militza-sanchez.jpeg\" \/>\n\t<meta property=\"og:image:width\" content=\"2529\" \/>\n\t<meta property=\"og:image:height\" content=\"2529\" \/>\n\t<meta property=\"og:image:type\" content=\"image\/jpeg\" \/>\n<meta name=\"twitter:label1\" content=\"Tiempo de lectura\" \/>\n\t<meta name=\"twitter:data1\" content=\"1 minuto\" \/>\n<script type=\"application\/ld+json\" class=\"yoast-schema-graph\">{\"@context\":\"https:\/\/schema.org\",\"@graph\":[{\"@type\":\"WebPage\",\"@id\":\"https:\/\/medicina.udd.cl\/tecnologia-medica-santiago\/persona\/militza-sanchez-encina\/\",\"url\":\"https:\/\/medicina.udd.cl\/tecnologia-medica-santiago\/persona\/militza-sanchez-encina\/\",\"name\":\"Militza S\u00e1nchez Encina - Tecnolog\u00eda M\u00e9dica\",\"isPartOf\":{\"@id\":\"https:\/\/medicina.udd.cl\/tecnologia-medica-santiago\/#website\"},\"primaryImageOfPage\":{\"@id\":\"https:\/\/medicina.udd.cl\/tecnologia-medica-santiago\/persona\/militza-sanchez-encina\/#primaryimage\"},\"image\":{\"@id\":\"https:\/\/medicina.udd.cl\/tecnologia-medica-santiago\/persona\/militza-sanchez-encina\/#primaryimage\"},\"thumbnailUrl\":\"https:\/\/medicina.udd.cl\/tecnologia-medica-santiago\/files\/2024\/04\/militza-sanchez.jpeg\",\"datePublished\":\"2024-04-03T17:49:50+00:00\",\"breadcrumb\":{\"@id\":\"https:\/\/medicina.udd.cl\/tecnologia-medica-santiago\/persona\/militza-sanchez-encina\/#breadcrumb\"},\"inLanguage\":\"es\",\"potentialAction\":[{\"@type\":\"ReadAction\",\"target\":[\"https:\/\/medicina.udd.cl\/tecnologia-medica-santiago\/persona\/militza-sanchez-encina\/\"]}]},{\"@type\":\"ImageObject\",\"inLanguage\":\"es\",\"@id\":\"https:\/\/medicina.udd.cl\/tecnologia-medica-santiago\/persona\/militza-sanchez-encina\/#primaryimage\",\"url\":\"https:\/\/medicina.udd.cl\/tecnologia-medica-santiago\/files\/2024\/04\/militza-sanchez.jpeg\",\"contentUrl\":\"https:\/\/medicina.udd.cl\/tecnologia-medica-santiago\/files\/2024\/04\/militza-sanchez.jpeg\",\"width\":2529,\"height\":2529},{\"@type\":\"BreadcrumbList\",\"@id\":\"https:\/\/medicina.udd.cl\/tecnologia-medica-santiago\/persona\/militza-sanchez-encina\/#breadcrumb\",\"itemListElement\":[{\"@type\":\"ListItem\",\"position\":1,\"name\":\"Home\",\"item\":\"https:\/\/medicina.udd.cl\/tecnologia-medica-santiago\/\"},{\"@type\":\"ListItem\",\"position\":2,\"name\":\"Personas\",\"item\":\"https:\/\/medicina.udd.cl\/tecnologia-medica-santiago\/persona\/\"},{\"@type\":\"ListItem\",\"position\":3,\"name\":\"Militza S\u00e1nchez Encina\"}]},{\"@type\":\"WebSite\",\"@id\":\"https:\/\/medicina.udd.cl\/tecnologia-medica-santiago\/#website\",\"url\":\"https:\/\/medicina.udd.cl\/tecnologia-medica-santiago\/\",\"name\":\"Tecnolog\u00eda M\u00e9dica\",\"description\":\"Facultad de Medicina Cl\u00ednica Alemana Universidad del Desarrollo\",\"inLanguage\":\"es\"}]}<\/script>\n<!-- \/ Yoast SEO plugin. -->","yoast_head_json":{"title":"Militza S\u00e1nchez Encina - Tecnolog\u00eda M\u00e9dica","robots":{"index":"index","follow":"follow","max-snippet":"max-snippet:-1","max-image-preview":"max-image-preview:large","max-video-preview":"max-video-preview:-1"},"canonical":"https:\/\/medicina.udd.cl\/tecnologia-medica-santiago\/persona\/militza-sanchez-encina\/","og_locale":"es_ES","og_type":"article","og_title":"Militza S\u00e1nchez Encina - Tecnolog\u00eda M\u00e9dica","og_url":"https:\/\/medicina.udd.cl\/tecnologia-medica-santiago\/persona\/militza-sanchez-encina\/","og_site_name":"Tecnolog\u00eda M\u00e9dica","og_image":[{"width":2529,"height":2529,"url":"https:\/\/medicina.udd.cl\/tecnologia-medica-santiago\/files\/2024\/04\/militza-sanchez.jpeg","type":"image\/jpeg"}],"twitter_misc":{"Tiempo de lectura":"1 minuto"},"schema":{"@context":"https:\/\/schema.org","@graph":[{"@type":"WebPage","@id":"https:\/\/medicina.udd.cl\/tecnologia-medica-santiago\/persona\/militza-sanchez-encina\/","url":"https:\/\/medicina.udd.cl\/tecnologia-medica-santiago\/persona\/militza-sanchez-encina\/","name":"Militza S\u00e1nchez Encina - Tecnolog\u00eda M\u00e9dica","isPartOf":{"@id":"https:\/\/medicina.udd.cl\/tecnologia-medica-santiago\/#website"},"primaryImageOfPage":{"@id":"https:\/\/medicina.udd.cl\/tecnologia-medica-santiago\/persona\/militza-sanchez-encina\/#primaryimage"},"image":{"@id":"https:\/\/medicina.udd.cl\/tecnologia-medica-santiago\/persona\/militza-sanchez-encina\/#primaryimage"},"thumbnailUrl":"https:\/\/medicina.udd.cl\/tecnologia-medica-santiago\/files\/2024\/04\/militza-sanchez.jpeg","datePublished":"2024-04-03T17:49:50+00:00","breadcrumb":{"@id":"https:\/\/medicina.udd.cl\/tecnologia-medica-santiago\/persona\/militza-sanchez-encina\/#breadcrumb"},"inLanguage":"es","potentialAction":[{"@type":"ReadAction","target":["https:\/\/medicina.udd.cl\/tecnologia-medica-santiago\/persona\/militza-sanchez-encina\/"]}]},{"@type":"ImageObject","inLanguage":"es","@id":"https:\/\/medicina.udd.cl\/tecnologia-medica-santiago\/persona\/militza-sanchez-encina\/#primaryimage","url":"https:\/\/medicina.udd.cl\/tecnologia-medica-santiago\/files\/2024\/04\/militza-sanchez.jpeg","contentUrl":"https:\/\/medicina.udd.cl\/tecnologia-medica-santiago\/files\/2024\/04\/militza-sanchez.jpeg","width":2529,"height":2529},{"@type":"BreadcrumbList","@id":"https:\/\/medicina.udd.cl\/tecnologia-medica-santiago\/persona\/militza-sanchez-encina\/#breadcrumb","itemListElement":[{"@type":"ListItem","position":1,"name":"Home","item":"https:\/\/medicina.udd.cl\/tecnologia-medica-santiago\/"},{"@type":"ListItem","position":2,"name":"Personas","item":"https:\/\/medicina.udd.cl\/tecnologia-medica-santiago\/persona\/"},{"@type":"ListItem","position":3,"name":"Militza S\u00e1nchez Encina"}]},{"@type":"WebSite","@id":"https:\/\/medicina.udd.cl\/tecnologia-medica-santiago\/#website","url":"https:\/\/medicina.udd.cl\/tecnologia-medica-santiago\/","name":"Tecnolog\u00eda M\u00e9dica","description":"Facultad de Medicina Cl\u00ednica Alemana Universidad del Desarrollo","inLanguage":"es"}]}},"label":"Militza  S\u00e1nchez Encina","role":"Docente Coordinador Neurooftalmolog\u00eda","thumbnail_url":"https:\/\/medicina.udd.cl\/tecnologia-medica-santiago\/files\/2024\/04\/militza-sanchez-500x500.jpeg","email":"","tel_job":"","content":{"rendered":"<div class=\"person-modal person-modal--scl\">\n\t<header class=\"person-modal__header\">\n\t\t<div class=\"person-modal__bg\"><\/div>\n\t\t<div class=\"modal-container\">\n\t\t\t\t\t\t<div class=\"person-modal__media\">\n\t\t\t\t<img width=\"500\" height=\"500\" src=\"https:\/\/medicina.udd.cl\/tecnologia-medica-santiago\/files\/2024\/04\/militza-sanchez-500x500.jpeg\" class=\"person-modal__image wp-post-image\" alt=\"\" decoding=\"async\" loading=\"lazy\" srcset=\"https:\/\/medicina.udd.cl\/tecnologia-medica-santiago\/files\/2024\/04\/militza-sanchez-500x500.jpeg 500w, https:\/\/medicina.udd.cl\/tecnologia-medica-santiago\/files\/2024\/04\/militza-sanchez-300x300.jpeg 300w, https:\/\/medicina.udd.cl\/tecnologia-medica-santiago\/files\/2024\/04\/militza-sanchez-1024x1024.jpeg 1024w, https:\/\/medicina.udd.cl\/tecnologia-medica-santiago\/files\/2024\/04\/militza-sanchez-150x150.jpeg 150w, https:\/\/medicina.udd.cl\/tecnologia-medica-santiago\/files\/2024\/04\/militza-sanchez-768x768.jpeg 768w, https:\/\/medicina.udd.cl\/tecnologia-medica-santiago\/files\/2024\/04\/militza-sanchez-62x62.jpeg 62w, https:\/\/medicina.udd.cl\/tecnologia-medica-santiago\/files\/2024\/04\/militza-sanchez-1536x1536.jpeg 1536w, https:\/\/medicina.udd.cl\/tecnologia-medica-santiago\/files\/2024\/04\/militza-sanchez-2048x2048.jpeg 2048w, https:\/\/medicina.udd.cl\/tecnologia-medica-santiago\/files\/2024\/04\/militza-sanchez-750x750.jpeg 750w, https:\/\/medicina.udd.cl\/tecnologia-medica-santiago\/files\/2024\/04\/militza-sanchez-250x250.jpeg 250w, https:\/\/medicina.udd.cl\/tecnologia-medica-santiago\/files\/2024\/04\/militza-sanchez-126x126.jpeg 126w\" sizes=\"auto, (max-width: 500px) 100vw, 500px\" \/>\t\t\t<\/div>\n\t\t\t\t\t\t<div class=\"person-modal__data\">\n\t\t\t\t<h1 class=\"person-modal__name\">Militza  S\u00e1nchez Encina<\/h1>\n\t\t\t\t\t\t\t<span class=\"person-modal__description\">Docente Coordinador Neurooftalmolog\u00eda<\/span>\n\t\t\t\t\t\t\t\t\t\t\t\t\t\t\t<\/div>\n\t\t<\/div>\n\t<\/header>\n\t<div class=\"modal-container\">\n\t\t\t<div class=\"person-modal__content text\">\n\t\t\t\t\t\t\t\t\t\t<ul>\n<li class=\"MsoNormal\"><span>Tecn\u00f3logo M\u00e9dico Menci\u00f3n Oftalmolog\u00eda y Optometr\u00eda. Universidad de Chile.<\/span><\/li>\n<li class=\"MsoNormal\"><span>Mag\u00edster en Educaci\u00f3n en Ciencias de la Salud. Universidad de Chile.<\/span><\/li>\n<\/ul>\n\t\t<\/div>\n\t<\/div>\n<\/div>\n"},"identifier":"7d578fb285fc2cfdb28aa98b16d958023d264268","has_credential":[],"given_name":"Militza ","family_name":"S\u00e1nchez Encina","name":"Militza  S\u00e1nchez Encina","job_title":"Docente Coordinador Neurooftalmolog\u00eda","telephone":"","note":"","im":"","_self_schedule":null,"_links":{"self":[{"href":"https:\/\/medicina.udd.cl\/tecnologia-medica-santiago\/wp-json\/wp\/v2\/people\/8880","targetHints":{"allow":["GET"]}}],"collection":[{"href":"https:\/\/medicina.udd.cl\/tecnologia-medica-santiago\/wp-json\/wp\/v2\/people"}],"about":[{"href":"https:\/\/medicina.udd.cl\/tecnologia-medica-santiago\/wp-json\/wp\/v2\/types\/person"}],"wp:featuredmedia":[{"embeddable":true,"href":"https:\/\/medicina.udd.cl\/tecnologia-medica-santiago\/wp-json\/wp\/v2\/media\/8883"}],"wp:attachment":[{"href":"https:\/\/medicina.udd.cl\/tecnologia-medica-santiago\/wp-json\/wp\/v2\/media?parent=8880"}],"wp:term":[{"taxonomy":"people_tax","embeddable":true,"href":"https:\/\/medicina.udd.cl\/tecnologia-medica-santiago\/wp-json\/wp\/v2\/people_tax?post=8880"},{"taxonomy":"people_areas","embeddable":true,"href":"https:\/\/medicina.udd.cl\/tecnologia-medica-santiago\/wp-json\/wp\/v2\/people_areas?post=8880"},{"taxonomy":"people_levels","embeddable":true,"href":"https:\/\/medicina.udd.cl\/tecnologia-medica-santiago\/wp-json\/wp\/v2\/people_levels?post=8880"}],"curies":[{"name":"wp","href":"https:\/\/api.w.org\/{rel}","templated":true}]}}

Militza  Sánchez Encina

<!-- This site is optimized with the Yoast SEO plugin v26.9 - https://yoast.com/product/yoast-seo-wordpress/ -->
<title>Militza Sánchez Encina - Tecnología Médica</title>
<meta name="robots" content="index, follow, max-snippet:-1, max-image-preview:large, max-video-preview:-1" />
<link rel="canonical" href="https://medicina.udd.cl/tecnologia-medica-santiago/persona/militza-sanchez-encina/" />
<meta property="og:locale" content="es_ES" />
<meta property="og:type" content="article" />
<meta property="og:title" content="Militza Sánchez Encina - Tecnología Médica" />
<meta property="og:url" content="https://medicina.udd.cl/tecnologia-medica-santiago/persona/militza-sanchez-encina/" />
<meta property="og:site_name" content="Tecnología Médica" />
<meta property="og:image" content="https://medicina.udd.cl/tecnologia-medica-santiago/files/2024/04/militza-sanchez.jpeg" />
	<meta property="og:image:width" content="2529" />
	<meta property="og:image:height" content="2529" />
	<meta property="og:image:type" content="image/jpeg" />
<meta name="twitter:label1" content="Tiempo de lectura" />
	<meta name="twitter:data1" content="1 minuto" />
<script type="application/ld+json" class="yoast-schema-graph">{"@context":"https://schema.org","@graph":[{"@type":"WebPage","@id":"https://medicina.udd.cl/tecnologia-medica-santiago/persona/militza-sanchez-encina/","url":"https://medicina.udd.cl/tecnologia-medica-santiago/persona/militza-sanchez-encina/","name":"Militza Sánchez Encina - Tecnología Médica","isPartOf":{"@id":"https://medicina.udd.cl/tecnologia-medica-santiago/#website"},"primaryImageOfPage":{"@id":"https://medicina.udd.cl/tecnologia-medica-santiago/persona/militza-sanchez-encina/#primaryimage"},"image":{"@id":"https://medicina.udd.cl/tecnologia-medica-santiago/persona/militza-sanchez-encina/#primaryimage"},"thumbnailUrl":"https://medicina.udd.cl/tecnologia-medica-santiago/files/2024/04/militza-sanchez.jpeg","datePublished":"2024-04-03T17:49:50+00:00","breadcrumb":{"@id":"https://medicina.udd.cl/tecnologia-medica-santiago/persona/militza-sanchez-encina/#breadcrumb"},"inLanguage":"es","potentialAction":[{"@type":"ReadAction","target":["https://medicina.udd.cl/tecnologia-medica-santiago/persona/militza-sanchez-encina/"]}]},{"@type":"ImageObject","inLanguage":"es","@id":"https://medicina.udd.cl/tecnologia-medica-santiago/persona/militza-sanchez-encina/#primaryimage","url":"https://medicina.udd.cl/tecnologia-medica-santiago/files/2024/04/militza-sanchez.jpeg","contentUrl":"https://medicina.udd.cl/tecnologia-medica-santiago/files/2024/04/militza-sanchez.jpeg","width":2529,"height":2529},{"@type":"BreadcrumbList","@id":"https://medicina.udd.cl/tecnologia-medica-santiago/persona/militza-sanchez-encina/#breadcrumb","itemListElement":[{"@type":"ListItem","position":1,"name":"Home","item":"https://medicina.udd.cl/tecnologia-medica-santiago/"},{"@type":"ListItem","position":2,"name":"Personas","item":"https://medicina.udd.cl/tecnologia-medica-santiago/persona/"},{"@type":"ListItem","position":3,"name":"Militza Sánchez Encina"}]},{"@type":"WebSite","@id":"https://medicina.udd.cl/tecnologia-medica-santiago/#website","url":"https://medicina.udd.cl/tecnologia-medica-santiago/","name":"Tecnología Médica","description":"Facultad de Medicina Clínica Alemana Universidad del Desarrollo","inLanguage":"es"}]}</script>
<!-- / Yoast SEO plugin. -->

Militza Sánchez Encina - Tecnología Médica

Tecnología Médica

Militza Sánchez Encina

Facultad de Medicina Clínica Alemana Universidad del Desarrollo

Docente Coordinador Neurooftalmología

<div class="person-modal person-modal--scl">
	<header class="person-modal__header">
		<div class="person-modal__bg"></div>
		<div class="modal-container">
						<div class="person-modal__media">
				<img width="500" height="500" src="https://medicina.udd.cl/tecnologia-medica-santiago/files/2024/04/militza-sanchez-500x500.jpeg" class="person-modal__image wp-post-image" alt="" decoding="async" loading="lazy" srcset="https://medicina.udd.cl/tecnologia-medica-santiago/files/2024/04/militza-sanchez-500x500.jpeg 500w, https://medicina.udd.cl/tecnologia-medica-santiago/files/2024/04/militza-sanchez-300x300.jpeg 300w, https://medicina.udd.cl/tecnologia-medica-santiago/files/2024/04/militza-sanchez-1024x1024.jpeg 1024w, https://medicina.udd.cl/tecnologia-medica-santiago/files/2024/04/militza-sanchez-150x150.jpeg 150w, https://medicina.udd.cl/tecnologia-medica-santiago/files/2024/04/militza-sanchez-768x768.jpeg 768w, https://medicina.udd.cl/tecnologia-medica-santiago/files/2024/04/militza-sanchez-62x62.jpeg 62w, https://medicina.udd.cl/tecnologia-medica-santiago/files/2024/04/militza-sanchez-1536x1536.jpeg 1536w, https://medicina.udd.cl/tecnologia-medica-santiago/files/2024/04/militza-sanchez-2048x2048.jpeg 2048w, https://medicina.udd.cl/tecnologia-medica-santiago/files/2024/04/militza-sanchez-750x750.jpeg 750w, https://medicina.udd.cl/tecnologia-medica-santiago/files/2024/04/militza-sanchez-250x250.jpeg 250w, https://medicina.udd.cl/tecnologia-medica-santiago/files/2024/04/militza-sanchez-126x126.jpeg 126w" sizes="auto, (max-width: 500px) 100vw, 500px" />			</div>
						<div class="person-modal__data">
				<h1 class="person-modal__name">Militza  Sánchez Encina</h1>
							<span class="person-modal__description">Docente Coordinador Neurooftalmología</span>
															</div>
		</div>
	</header>
	<div class="modal-container">
			<div class="person-modal__content text">
										<ul>
<li class="MsoNormal"><span>Tecnólogo Médico Mención Oftalmología y Optometría. Universidad de Chile.</span></li>
<li class="MsoNormal"><span>Magíster en Educación en Ciencias de la Salud. Universidad de Chile.</span></li>
</ul>
		</div>
	</div>
</div>

Sánchez Encina
