{"id":8892,"date":"2024-04-03T14:57:09","date_gmt":"2024-04-03T17:57:09","guid":{"rendered":"https:\/\/medicina.udd.cl\/tecnologia-medica-santiago\/?post_type=person&#038;p=8892"},"modified":"2024-04-03T14:59:16","modified_gmt":"2024-04-03T17:59:16","slug":"nicolas-torres-cortes","status":"publish","type":"person","link":"https:\/\/medicina.udd.cl\/tecnologia-medica-santiago\/persona\/nicolas-torres-cortes\/","title":{"rendered":"Nicol\u00e1s  Torres Cort\u00e9s"},"featured_media":0,"template":"","people_tax":[5643,4037],"people_areas":[],"people_levels":[],"class_list":["post-8892","person","type-person","status-publish","hentry","people_tax-cuerpo-docente","people_tax-equipo"],"yoast_head":"<!-- This site is optimized with the Yoast SEO plugin v26.9 - https:\/\/yoast.com\/product\/yoast-seo-wordpress\/ -->\n<title>Nicol\u00e1s Torres Cort\u00e9s - Tecnolog\u00eda M\u00e9dica<\/title>\n<meta name=\"robots\" content=\"index, follow, max-snippet:-1, max-image-preview:large, max-video-preview:-1\" \/>\n<link rel=\"canonical\" href=\"https:\/\/medicina.udd.cl\/tecnologia-medica-santiago\/persona\/nicolas-torres-cortes\/\" \/>\n<meta property=\"og:locale\" content=\"es_ES\" \/>\n<meta property=\"og:type\" content=\"article\" \/>\n<meta property=\"og:title\" content=\"Nicol\u00e1s Torres Cort\u00e9s - Tecnolog\u00eda M\u00e9dica\" \/>\n<meta property=\"og:url\" content=\"https:\/\/medicina.udd.cl\/tecnologia-medica-santiago\/persona\/nicolas-torres-cortes\/\" \/>\n<meta property=\"og:site_name\" content=\"Tecnolog\u00eda M\u00e9dica\" \/>\n<meta property=\"article:modified_time\" content=\"2024-04-03T17:59:16+00:00\" \/>\n<script type=\"application\/ld+json\" class=\"yoast-schema-graph\">{\"@context\":\"https:\/\/schema.org\",\"@graph\":[{\"@type\":\"WebPage\",\"@id\":\"https:\/\/medicina.udd.cl\/tecnologia-medica-santiago\/persona\/nicolas-torres-cortes\/\",\"url\":\"https:\/\/medicina.udd.cl\/tecnologia-medica-santiago\/persona\/nicolas-torres-cortes\/\",\"name\":\"Nicol\u00e1s Torres Cort\u00e9s - Tecnolog\u00eda M\u00e9dica\",\"isPartOf\":{\"@id\":\"https:\/\/medicina.udd.cl\/tecnologia-medica-santiago\/#website\"},\"datePublished\":\"2024-04-03T17:57:09+00:00\",\"dateModified\":\"2024-04-03T17:59:16+00:00\",\"breadcrumb\":{\"@id\":\"https:\/\/medicina.udd.cl\/tecnologia-medica-santiago\/persona\/nicolas-torres-cortes\/#breadcrumb\"},\"inLanguage\":\"es\",\"potentialAction\":[{\"@type\":\"ReadAction\",\"target\":[\"https:\/\/medicina.udd.cl\/tecnologia-medica-santiago\/persona\/nicolas-torres-cortes\/\"]}]},{\"@type\":\"BreadcrumbList\",\"@id\":\"https:\/\/medicina.udd.cl\/tecnologia-medica-santiago\/persona\/nicolas-torres-cortes\/#breadcrumb\",\"itemListElement\":[{\"@type\":\"ListItem\",\"position\":1,\"name\":\"Home\",\"item\":\"https:\/\/medicina.udd.cl\/tecnologia-medica-santiago\/\"},{\"@type\":\"ListItem\",\"position\":2,\"name\":\"Personas\",\"item\":\"https:\/\/medicina.udd.cl\/tecnologia-medica-santiago\/persona\/\"},{\"@type\":\"ListItem\",\"position\":3,\"name\":\"Nicol\u00e1s Torres Cort\u00e9s\"}]},{\"@type\":\"WebSite\",\"@id\":\"https:\/\/medicina.udd.cl\/tecnologia-medica-santiago\/#website\",\"url\":\"https:\/\/medicina.udd.cl\/tecnologia-medica-santiago\/\",\"name\":\"Tecnolog\u00eda M\u00e9dica\",\"description\":\"Facultad de Medicina Cl\u00ednica Alemana Universidad del Desarrollo\",\"inLanguage\":\"es\"}]}<\/script>\n<!-- \/ Yoast SEO plugin. -->","yoast_head_json":{"title":"Nicol\u00e1s Torres Cort\u00e9s - Tecnolog\u00eda M\u00e9dica","robots":{"index":"index","follow":"follow","max-snippet":"max-snippet:-1","max-image-preview":"max-image-preview:large","max-video-preview":"max-video-preview:-1"},"canonical":"https:\/\/medicina.udd.cl\/tecnologia-medica-santiago\/persona\/nicolas-torres-cortes\/","og_locale":"es_ES","og_type":"article","og_title":"Nicol\u00e1s Torres Cort\u00e9s - Tecnolog\u00eda M\u00e9dica","og_url":"https:\/\/medicina.udd.cl\/tecnologia-medica-santiago\/persona\/nicolas-torres-cortes\/","og_site_name":"Tecnolog\u00eda M\u00e9dica","article_modified_time":"2024-04-03T17:59:16+00:00","schema":{"@context":"https:\/\/schema.org","@graph":[{"@type":"WebPage","@id":"https:\/\/medicina.udd.cl\/tecnologia-medica-santiago\/persona\/nicolas-torres-cortes\/","url":"https:\/\/medicina.udd.cl\/tecnologia-medica-santiago\/persona\/nicolas-torres-cortes\/","name":"Nicol\u00e1s Torres Cort\u00e9s - Tecnolog\u00eda M\u00e9dica","isPartOf":{"@id":"https:\/\/medicina.udd.cl\/tecnologia-medica-santiago\/#website"},"datePublished":"2024-04-03T17:57:09+00:00","dateModified":"2024-04-03T17:59:16+00:00","breadcrumb":{"@id":"https:\/\/medicina.udd.cl\/tecnologia-medica-santiago\/persona\/nicolas-torres-cortes\/#breadcrumb"},"inLanguage":"es","potentialAction":[{"@type":"ReadAction","target":["https:\/\/medicina.udd.cl\/tecnologia-medica-santiago\/persona\/nicolas-torres-cortes\/"]}]},{"@type":"BreadcrumbList","@id":"https:\/\/medicina.udd.cl\/tecnologia-medica-santiago\/persona\/nicolas-torres-cortes\/#breadcrumb","itemListElement":[{"@type":"ListItem","position":1,"name":"Home","item":"https:\/\/medicina.udd.cl\/tecnologia-medica-santiago\/"},{"@type":"ListItem","position":2,"name":"Personas","item":"https:\/\/medicina.udd.cl\/tecnologia-medica-santiago\/persona\/"},{"@type":"ListItem","position":3,"name":"Nicol\u00e1s Torres Cort\u00e9s"}]},{"@type":"WebSite","@id":"https:\/\/medicina.udd.cl\/tecnologia-medica-santiago\/#website","url":"https:\/\/medicina.udd.cl\/tecnologia-medica-santiago\/","name":"Tecnolog\u00eda M\u00e9dica","description":"Facultad de Medicina Cl\u00ednica Alemana Universidad del Desarrollo","inLanguage":"es"}]}},"label":"Nicol\u00e1s  Torres Cort\u00e9s","role":"Docente Coordinador Mecanismos de Enfermedad y Farmacolog\u00eda","thumbnail_url":false,"email":"","tel_job":"","content":{"rendered":"<div class=\"person-modal person-modal--scl\">\n\t<header class=\"person-modal__header\">\n\t\t<div class=\"person-modal__bg\"><\/div>\n\t\t<div class=\"modal-container\">\n\t\t\t\t\t\t<div class=\"person-modal__data\">\n\t\t\t\t<h1 class=\"person-modal__name\">Nicol\u00e1s  Torres Cort\u00e9s<\/h1>\n\t\t\t\t\t\t\t<span class=\"person-modal__description\">Docente Coordinador Mecanismos de Enfermedad y Farmacolog\u00eda<\/span>\n\t\t\t\t\t\t\t\t\t\t\t\t\t\t\t<\/div>\n\t\t<\/div>\n\t<\/header>\n\t<div class=\"modal-container\">\n\t\t\t<div class=\"person-modal__content text\">\n\t\t\t\t\t\t\t\t\t\t<ul>\n<li>\n<div class=\"x_elementToProof\">Tecn\u00f3logo M\u00e9dico Menci\u00f3n Morfofisiopatolog\u00eda y Citodiagn\u00f3stico. Universidad San Sebasti\u00e1n.<\/div>\n<\/li>\n<li>\n<div class=\"x_elementToProof\">Profesor de Estado en Qu\u00edmica y Biolog\u00eda. Universidad de Santiago de Chile.<\/div>\n<\/li>\n<li>\n<div class=\"x_elementToProof\">T\u00e9cnico en Enfermer\u00eda de Nivel Superior. Universidad del Mar.<\/div>\n<\/li>\n<li>\n<div class=\"x_elementToProof\">Mag\u00edster en Pol\u00edticas P\u00fablicas con menci\u00f3n en Econom\u00eda y Gesti\u00f3n P\u00fablica. Universidad del Desarrollo.<\/div>\n<\/li>\n<li>\n<div class=\"x_elementToProof\">Mag\u00edster en Educaci\u00f3n con menci\u00f3n en Gesti\u00f3n de Calidad. Universidad Miguel de Cervantes.<\/div>\n<\/li>\n<\/ul>\n\t\t<\/div>\n\t<\/div>\n<\/div>\n"},"identifier":"5b8d7c50d1960d92798c7b11e69f19d47dd887ab","has_credential":[],"given_name":"Nicol\u00e1s ","family_name":"Torres Cort\u00e9s","name":"Nicol\u00e1s  Torres Cort\u00e9s","job_title":"Docente Coordinador Mecanismos de Enfermedad y Farmacolog\u00eda","telephone":"","note":"","im":"","_self_schedule":null,"_links":{"self":[{"href":"https:\/\/medicina.udd.cl\/tecnologia-medica-santiago\/wp-json\/wp\/v2\/people\/8892","targetHints":{"allow":["GET"]}}],"collection":[{"href":"https:\/\/medicina.udd.cl\/tecnologia-medica-santiago\/wp-json\/wp\/v2\/people"}],"about":[{"href":"https:\/\/medicina.udd.cl\/tecnologia-medica-santiago\/wp-json\/wp\/v2\/types\/person"}],"wp:attachment":[{"href":"https:\/\/medicina.udd.cl\/tecnologia-medica-santiago\/wp-json\/wp\/v2\/media?parent=8892"}],"wp:term":[{"taxonomy":"people_tax","embeddable":true,"href":"https:\/\/medicina.udd.cl\/tecnologia-medica-santiago\/wp-json\/wp\/v2\/people_tax?post=8892"},{"taxonomy":"people_areas","embeddable":true,"href":"https:\/\/medicina.udd.cl\/tecnologia-medica-santiago\/wp-json\/wp\/v2\/people_areas?post=8892"},{"taxonomy":"people_levels","embeddable":true,"href":"https:\/\/medicina.udd.cl\/tecnologia-medica-santiago\/wp-json\/wp\/v2\/people_levels?post=8892"}],"curies":[{"name":"wp","href":"https:\/\/api.w.org\/{rel}","templated":true}]}}

Nicolás  Torres Cortés

<!-- This site is optimized with the Yoast SEO plugin v26.9 - https://yoast.com/product/yoast-seo-wordpress/ -->
<title>Nicolás Torres Cortés - Tecnología Médica</title>
<meta name="robots" content="index, follow, max-snippet:-1, max-image-preview:large, max-video-preview:-1" />
<link rel="canonical" href="https://medicina.udd.cl/tecnologia-medica-santiago/persona/nicolas-torres-cortes/" />
<meta property="og:locale" content="es_ES" />
<meta property="og:type" content="article" />
<meta property="og:title" content="Nicolás Torres Cortés - Tecnología Médica" />
<meta property="og:url" content="https://medicina.udd.cl/tecnologia-medica-santiago/persona/nicolas-torres-cortes/" />
<meta property="og:site_name" content="Tecnología Médica" />
<meta property="article:modified_time" content="2024-04-03T17:59:16+00:00" />
<script type="application/ld+json" class="yoast-schema-graph">{"@context":"https://schema.org","@graph":[{"@type":"WebPage","@id":"https://medicina.udd.cl/tecnologia-medica-santiago/persona/nicolas-torres-cortes/","url":"https://medicina.udd.cl/tecnologia-medica-santiago/persona/nicolas-torres-cortes/","name":"Nicolás Torres Cortés - Tecnología Médica","isPartOf":{"@id":"https://medicina.udd.cl/tecnologia-medica-santiago/#website"},"datePublished":"2024-04-03T17:57:09+00:00","dateModified":"2024-04-03T17:59:16+00:00","breadcrumb":{"@id":"https://medicina.udd.cl/tecnologia-medica-santiago/persona/nicolas-torres-cortes/#breadcrumb"},"inLanguage":"es","potentialAction":[{"@type":"ReadAction","target":["https://medicina.udd.cl/tecnologia-medica-santiago/persona/nicolas-torres-cortes/"]}]},{"@type":"BreadcrumbList","@id":"https://medicina.udd.cl/tecnologia-medica-santiago/persona/nicolas-torres-cortes/#breadcrumb","itemListElement":[{"@type":"ListItem","position":1,"name":"Home","item":"https://medicina.udd.cl/tecnologia-medica-santiago/"},{"@type":"ListItem","position":2,"name":"Personas","item":"https://medicina.udd.cl/tecnologia-medica-santiago/persona/"},{"@type":"ListItem","position":3,"name":"Nicolás Torres Cortés"}]},{"@type":"WebSite","@id":"https://medicina.udd.cl/tecnologia-medica-santiago/#website","url":"https://medicina.udd.cl/tecnologia-medica-santiago/","name":"Tecnología Médica","description":"Facultad de Medicina Clínica Alemana Universidad del Desarrollo","inLanguage":"es"}]}</script>
<!-- / Yoast SEO plugin. -->

Nicolás Torres Cortés - Tecnología Médica

Tecnología Médica

Nicolás Torres Cortés

Facultad de Medicina Clínica Alemana Universidad del Desarrollo

Docente Coordinador Mecanismos de Enfermedad y Farmacología

<div class="person-modal person-modal--scl">
	<header class="person-modal__header">
		<div class="person-modal__bg"></div>
		<div class="modal-container">
						<div class="person-modal__data">
				<h1 class="person-modal__name">Nicolás  Torres Cortés</h1>
							<span class="person-modal__description">Docente Coordinador Mecanismos de Enfermedad y Farmacología</span>
															</div>
		</div>
	</header>
	<div class="modal-container">
			<div class="person-modal__content text">
										<ul>
<li>
<div class="x_elementToProof">Tecnólogo Médico Mención Morfofisiopatología y Citodiagnóstico. Universidad San Sebastián.</div>
</li>
<li>
<div class="x_elementToProof">Profesor de Estado en Química y Biología. Universidad de Santiago de Chile.</div>
</li>
<li>
<div class="x_elementToProof">Técnico en Enfermería de Nivel Superior. Universidad del Mar.</div>
</li>
<li>
<div class="x_elementToProof">Magíster en Políticas Públicas con mención en Economía y Gestión Pública. Universidad del Desarrollo.</div>
</li>
<li>
<div class="x_elementToProof">Magíster en Educación con mención en Gestión de Calidad. Universidad Miguel de Cervantes.</div>
</li>
</ul>
		</div>
	</div>
</div>

Nicolás

Torres Cortés
