{"id":240,"date":"2020-05-05T01:28:31","date_gmt":"2020-05-04T23:28:31","guid":{"rendered":"http:\/\/medicina.udd.cl\/terapia-ocupacional-santiago\/?page_id=240"},"modified":"2020-05-05T01:37:15","modified_gmt":"2020-05-04T23:37:15","slug":"mision-vision-y-objetivos","status":"publish","type":"page","link":"https:\/\/medicina.udd.cl\/terapia-ocupacional-santiago\/mision-vision-y-objetivos\/","title":{"rendered":"Misi\u00f3n, Visi\u00f3n y Objetivos"},"content":{"rendered":"<!-- WP Block: UDD - Cards Alternate -->\n<section class=\"wp-block-udd-cards\" style=\"--udd-blocks-has-columns-number: 2\">\n\t<div class=\"container\">\n\t\t\t\t<div class=\"block__content\">\n\t\t\t<div class=\"cards\">\n\t\t\t\t\t\t\t\t\t\t\t\t\t\t\t\t\t<div class=\"card-wrapper\">\n\t\t\t\t\t\t<div class=\"card\">\n\t\t\t\t\t\t\t<h3 class=\"card__title\">Misi\u00f3n<\/h3>\n\t\t\t\t\t\t\t\t\t\t\t\t\t\t<div class=\"card__description\">\n\t\t\t\t\t\t\t\t<p>  Formar profesionales Terapeutas Ocupacionales de excelencia, integrales e innovadores, con s\u00f3lida formaci\u00f3n cient\u00edfica, disciplinar, \u00e9tica y social, con el fin de aportar a las necesidades de desarrollo del pa\u00eds y la regi\u00f3n, que contribuyan a la inclusi\u00f3n, participaci\u00f3n social y calidad de vida de las personas. Destacan por su pensamiento cr\u00edtico, reflexivo y creativo, con alta capacidad de trabajo y liderazgo en los equipos multidisciplinarios, as\u00ed como, de investigaci\u00f3n en diferentes contextos y desaf\u00edos. <\/p>\n\t\t\t\t\t\t\t<\/div>\n\t\t\t\t\t\t\t\t\t\t\t\t\t<\/div>\n\t\t\t\t\t<\/div>\n\t\t\t\t\t\t\t\t\t\t\t\t\t\t\t\t\t\t\t\t\t<div class=\"card-wrapper\">\n\t\t\t\t\t\t<div class=\"card\">\n\t\t\t\t\t\t\t<h3 class=\"card__title\">Visi\u00f3n<\/h3>\n\t\t\t\t\t\t\t\t\t\t\t\t\t\t<div class=\"card__description\">\n\t\t\t\t\t\t\t\t<p> Constituirse en un referente de la formaci\u00f3n de Terapeutas Ocupacionales de excelencia disciplinar y con s\u00f3lidos principios \u00e9ticos, a nivel nacional e internacional; contribuyendo de esta manera, al desarrollo pa\u00eds y las necesidades de su poblaci\u00f3n, valorando la diversidad e interculturalidad.<br \/>Reconocida como agente de cambio social, a trav\u00e9s de desarrollo del conocimiento disciplinar, con una estrecha vinculaci\u00f3n entre lo p\u00fablico y privado respondiendo a los desaf\u00edos globales, desde una perspectiva innovadora y de liderazgo. <\/p>\n\t\t\t\t\t\t\t<\/div>\n\t\t\t\t\t\t\t\t\t\t\t\t\t<\/div>\n\t\t\t\t\t<\/div>\n\t\t\t\t\t\t\t\t\t\t<\/div>\n\t\t<\/div>\n\t<\/div>\n<\/section>\n\n\n\n<p><strong>OBJETIVOS<\/strong><\/p>\n\n\n\n<ul class=\"wp-block-list\"><li>  Formar profesionales con alto dominio te\u00f3rico y pr\u00e1ctico, reconocidos por su compromiso social y competencias para proponer y generar cambios necesarios para la Inclusi\u00f3n social y calidad de vida de las personas.<\/li><li>Implementar un Modelo Educativo, que integre las actividades de pregrado, con investigaci\u00f3n y vinculaci\u00f3n con el medio, desde los primeros a\u00f1os de formaci\u00f3n, brindando oportunidades de aprendizaje experiencial e interdisciplinar, que promueva la transformaci\u00f3n de los\/las estudiantes.<\/li><li>Implementar una estrategia de Educaci\u00f3n Continua, Post\u00edtulo y \u00e1reas de especializaci\u00f3n, que responda a las demandas formativas de terapeutas ocupacionales y profesionales afines, intencionando la articulaci\u00f3n con el pregrado.<\/li><li>Desarrollar l\u00edneas de investigaci\u00f3n disciplinares, que se vinculen con el pregrado y fortalezcan los lazos con organizaciones e instituciones colaboradoras, aportando al desarrollo pa\u00eds.<\/li><li>Favorecer la vinculaci\u00f3n con el medio, colaborando con la comunidad,\u00a0 centros de pr\u00e1ctica y otras instituciones afines, a trav\u00e9s de acciones que favorezcan la inclusi\u00f3n, participaci\u00f3n y bienestar de las personas.<\/li><\/ul>\n","protected":false},"excerpt":{"rendered":"<p>OBJETIVOS Formar profesionales con alto dominio te\u00f3rico y pr\u00e1ctico, reconocidos por su compromiso social y competencias para proponer y generar cambios necesarios para la Inclusi\u00f3n social y calidad de vida de las personas. Implementar un Modelo Educativo, que integre las actividades de pregrado, con investigaci\u00f3n y vinculaci\u00f3n con el medio, desde los primeros a\u00f1os de [&hellip;]<\/p>\n","protected":false},"author":9192194,"featured_media":0,"parent":0,"menu_order":0,"comment_status":"closed","ping_status":"closed","template":"","meta":{"footnotes":""},"class_list":["post-240","page","type-page","status-publish","hentry"],"yoast_head":"<!-- This site is optimized with the Yoast SEO plugin v26.9 - https:\/\/yoast.com\/product\/yoast-seo-wordpress\/ -->\n<title>Misi\u00f3n, Visi\u00f3n y Objetivos - Terapia Ocupacional<\/title>\n<meta name=\"robots\" content=\"index, follow, max-snippet:-1, max-image-preview:large, max-video-preview:-1\" \/>\n<link rel=\"canonical\" href=\"https:\/\/medicina.udd.cl\/terapia-ocupacional-santiago\/mision-vision-y-objetivos\/\" \/>\n<meta property=\"og:locale\" content=\"es_ES\" \/>\n<meta property=\"og:type\" content=\"article\" \/>\n<meta property=\"og:title\" content=\"Misi\u00f3n, Visi\u00f3n y Objetivos - Terapia Ocupacional\" \/>\n<meta property=\"og:description\" content=\"OBJETIVOS Formar profesionales con alto dominio te\u00f3rico y pr\u00e1ctico, reconocidos por su compromiso social y competencias para proponer y generar cambios necesarios para la Inclusi\u00f3n social y calidad de vida de las personas. Implementar un Modelo Educativo, que integre las actividades de pregrado, con investigaci\u00f3n y vinculaci\u00f3n con el medio, desde los primeros a\u00f1os de [&hellip;]\" \/>\n<meta property=\"og:url\" content=\"https:\/\/medicina.udd.cl\/terapia-ocupacional-santiago\/mision-vision-y-objetivos\/\" \/>\n<meta property=\"og:site_name\" content=\"Terapia Ocupacional\" \/>\n<meta property=\"article:modified_time\" content=\"2020-05-04T23:37:15+00:00\" \/>\n<meta name=\"twitter:card\" content=\"summary_large_image\" \/>\n<meta name=\"twitter:label1\" content=\"Tiempo de lectura\" \/>\n\t<meta name=\"twitter:data1\" content=\"1 minuto\" \/>\n<script type=\"application\/ld+json\" class=\"yoast-schema-graph\">{\"@context\":\"https:\/\/schema.org\",\"@graph\":[{\"@type\":\"WebPage\",\"@id\":\"https:\/\/medicina.udd.cl\/terapia-ocupacional-santiago\/mision-vision-y-objetivos\/\",\"url\":\"https:\/\/medicina.udd.cl\/terapia-ocupacional-santiago\/mision-vision-y-objetivos\/\",\"name\":\"Misi\u00f3n, Visi\u00f3n y Objetivos - Terapia Ocupacional\",\"isPartOf\":{\"@id\":\"https:\/\/medicina.udd.cl\/terapia-ocupacional-santiago\/#website\"},\"datePublished\":\"2020-05-04T23:28:31+00:00\",\"dateModified\":\"2020-05-04T23:37:15+00:00\",\"breadcrumb\":{\"@id\":\"https:\/\/medicina.udd.cl\/terapia-ocupacional-santiago\/mision-vision-y-objetivos\/#breadcrumb\"},\"inLanguage\":\"es\",\"potentialAction\":[{\"@type\":\"ReadAction\",\"target\":[\"https:\/\/medicina.udd.cl\/terapia-ocupacional-santiago\/mision-vision-y-objetivos\/\"]}]},{\"@type\":\"BreadcrumbList\",\"@id\":\"https:\/\/medicina.udd.cl\/terapia-ocupacional-santiago\/mision-vision-y-objetivos\/#breadcrumb\",\"itemListElement\":[{\"@type\":\"ListItem\",\"position\":1,\"name\":\"Home\",\"item\":\"https:\/\/medicina.udd.cl\/terapia-ocupacional-santiago\/\"},{\"@type\":\"ListItem\",\"position\":2,\"name\":\"Misi\u00f3n, Visi\u00f3n y Objetivos\"}]},{\"@type\":\"WebSite\",\"@id\":\"https:\/\/medicina.udd.cl\/terapia-ocupacional-santiago\/#website\",\"url\":\"https:\/\/medicina.udd.cl\/terapia-ocupacional-santiago\/\",\"name\":\"Terapia Ocupacional\",\"description\":\"Facultad de Medicina C\u00ednica Alemana Universidad del Desarrollo\",\"inLanguage\":\"es\"}]}<\/script>\n<!-- \/ Yoast SEO plugin. -->","yoast_head_json":{"title":"Misi\u00f3n, Visi\u00f3n y Objetivos - Terapia Ocupacional","robots":{"index":"index","follow":"follow","max-snippet":"max-snippet:-1","max-image-preview":"max-image-preview:large","max-video-preview":"max-video-preview:-1"},"canonical":"https:\/\/medicina.udd.cl\/terapia-ocupacional-santiago\/mision-vision-y-objetivos\/","og_locale":"es_ES","og_type":"article","og_title":"Misi\u00f3n, Visi\u00f3n y Objetivos - Terapia Ocupacional","og_description":"OBJETIVOS Formar profesionales con alto dominio te\u00f3rico y pr\u00e1ctico, reconocidos por su compromiso social y competencias para proponer y generar cambios necesarios para la Inclusi\u00f3n social y calidad de vida de las personas. Implementar un Modelo Educativo, que integre las actividades de pregrado, con investigaci\u00f3n y vinculaci\u00f3n con el medio, desde los primeros a\u00f1os de [&hellip;]","og_url":"https:\/\/medicina.udd.cl\/terapia-ocupacional-santiago\/mision-vision-y-objetivos\/","og_site_name":"Terapia Ocupacional","article_modified_time":"2020-05-04T23:37:15+00:00","twitter_card":"summary_large_image","twitter_misc":{"Tiempo de lectura":"1 minuto"},"schema":{"@context":"https:\/\/schema.org","@graph":[{"@type":"WebPage","@id":"https:\/\/medicina.udd.cl\/terapia-ocupacional-santiago\/mision-vision-y-objetivos\/","url":"https:\/\/medicina.udd.cl\/terapia-ocupacional-santiago\/mision-vision-y-objetivos\/","name":"Misi\u00f3n, Visi\u00f3n y Objetivos - Terapia Ocupacional","isPartOf":{"@id":"https:\/\/medicina.udd.cl\/terapia-ocupacional-santiago\/#website"},"datePublished":"2020-05-04T23:28:31+00:00","dateModified":"2020-05-04T23:37:15+00:00","breadcrumb":{"@id":"https:\/\/medicina.udd.cl\/terapia-ocupacional-santiago\/mision-vision-y-objetivos\/#breadcrumb"},"inLanguage":"es","potentialAction":[{"@type":"ReadAction","target":["https:\/\/medicina.udd.cl\/terapia-ocupacional-santiago\/mision-vision-y-objetivos\/"]}]},{"@type":"BreadcrumbList","@id":"https:\/\/medicina.udd.cl\/terapia-ocupacional-santiago\/mision-vision-y-objetivos\/#breadcrumb","itemListElement":[{"@type":"ListItem","position":1,"name":"Home","item":"https:\/\/medicina.udd.cl\/terapia-ocupacional-santiago\/"},{"@type":"ListItem","position":2,"name":"Misi\u00f3n, Visi\u00f3n y Objetivos"}]},{"@type":"WebSite","@id":"https:\/\/medicina.udd.cl\/terapia-ocupacional-santiago\/#website","url":"https:\/\/medicina.udd.cl\/terapia-ocupacional-santiago\/","name":"Terapia Ocupacional","description":"Facultad de Medicina C\u00ednica Alemana Universidad del Desarrollo","inLanguage":"es"}]}},"_links":{"self":[{"href":"https:\/\/medicina.udd.cl\/terapia-ocupacional-santiago\/wp-json\/wp\/v2\/pages\/240","targetHints":{"allow":["GET"]}}],"collection":[{"href":"https:\/\/medicina.udd.cl\/terapia-ocupacional-santiago\/wp-json\/wp\/v2\/pages"}],"about":[{"href":"https:\/\/medicina.udd.cl\/terapia-ocupacional-santiago\/wp-json\/wp\/v2\/types\/page"}],"author":[{"embeddable":true,"href":"https:\/\/medicina.udd.cl\/terapia-ocupacional-santiago\/wp-json\/wp\/v2\/users\/9192194"}],"replies":[{"embeddable":true,"href":"https:\/\/medicina.udd.cl\/terapia-ocupacional-santiago\/wp-json\/wp\/v2\/comments?post=240"}],"version-history":[{"count":5,"href":"https:\/\/medicina.udd.cl\/terapia-ocupacional-santiago\/wp-json\/wp\/v2\/pages\/240\/revisions"}],"predecessor-version":[{"id":246,"href":"https:\/\/medicina.udd.cl\/terapia-ocupacional-santiago\/wp-json\/wp\/v2\/pages\/240\/revisions\/246"}],"wp:attachment":[{"href":"https:\/\/medicina.udd.cl\/terapia-ocupacional-santiago\/wp-json\/wp\/v2\/media?parent=240"}],"curies":[{"name":"wp","href":"https:\/\/api.w.org\/{rel}","templated":true}]}}