{"id":1110,"date":"2021-10-27T16:20:34","date_gmt":"2021-10-27T14:20:34","guid":{"rendered":"https:\/\/medicina.udd.cl\/terapia-ocupacional-santiago\/?post_type=person&#038;p=1110"},"modified":"2023-01-04T19:59:46","modified_gmt":"2023-01-04T18:59:46","slug":"marcos-chiang-arias","status":"publish","type":"person","link":"https:\/\/medicina.udd.cl\/terapia-ocupacional-santiago\/persona\/marcos-chiang-arias\/","title":{"rendered":"Marcos Chiang Arias"},"featured_media":1111,"template":"","people_tax":[],"people_areas":[],"people_levels":[],"class_list":["post-1110","person","type-person","status-publish","has-post-thumbnail","hentry"],"yoast_head":"<!-- This site is optimized with the Yoast SEO plugin v26.9 - https:\/\/yoast.com\/product\/yoast-seo-wordpress\/ -->\n<title>Marcos Chiang Arias - Terapia Ocupacional<\/title>\n<meta name=\"robots\" content=\"index, follow, max-snippet:-1, max-image-preview:large, max-video-preview:-1\" \/>\n<link rel=\"canonical\" href=\"https:\/\/medicina.udd.cl\/terapia-ocupacional-santiago\/persona\/marcos-chiang-arias\/\" \/>\n<meta property=\"og:locale\" content=\"es_ES\" \/>\n<meta property=\"og:type\" content=\"article\" \/>\n<meta property=\"og:title\" content=\"Marcos Chiang Arias - Terapia Ocupacional\" \/>\n<meta property=\"og:url\" content=\"https:\/\/medicina.udd.cl\/terapia-ocupacional-santiago\/persona\/marcos-chiang-arias\/\" \/>\n<meta property=\"og:site_name\" content=\"Terapia Ocupacional\" \/>\n<meta property=\"article:modified_time\" content=\"2023-01-04T18:59:46+00:00\" \/>\n<meta property=\"og:image\" content=\"https:\/\/medicina.udd.cl\/terapia-ocupacional-santiago\/files\/2021\/10\/T.O.-Marcos-Chiang-Arias.jpg\" \/>\n\t<meta property=\"og:image:width\" content=\"2048\" \/>\n\t<meta property=\"og:image:height\" content=\"1806\" \/>\n\t<meta property=\"og:image:type\" content=\"image\/jpeg\" \/>\n<meta name=\"twitter:card\" content=\"summary_large_image\" \/>\n<script type=\"application\/ld+json\" class=\"yoast-schema-graph\">{\"@context\":\"https:\/\/schema.org\",\"@graph\":[{\"@type\":\"WebPage\",\"@id\":\"https:\/\/medicina.udd.cl\/terapia-ocupacional-santiago\/persona\/marcos-chiang-arias\/\",\"url\":\"https:\/\/medicina.udd.cl\/terapia-ocupacional-santiago\/persona\/marcos-chiang-arias\/\",\"name\":\"Marcos Chiang Arias - Terapia Ocupacional\",\"isPartOf\":{\"@id\":\"https:\/\/medicina.udd.cl\/terapia-ocupacional-santiago\/#website\"},\"primaryImageOfPage\":{\"@id\":\"https:\/\/medicina.udd.cl\/terapia-ocupacional-santiago\/persona\/marcos-chiang-arias\/#primaryimage\"},\"image\":{\"@id\":\"https:\/\/medicina.udd.cl\/terapia-ocupacional-santiago\/persona\/marcos-chiang-arias\/#primaryimage\"},\"thumbnailUrl\":\"https:\/\/medicina.udd.cl\/terapia-ocupacional-santiago\/files\/2021\/10\/T.O.-Marcos-Chiang-Arias.jpg\",\"datePublished\":\"2021-10-27T14:20:34+00:00\",\"dateModified\":\"2023-01-04T18:59:46+00:00\",\"breadcrumb\":{\"@id\":\"https:\/\/medicina.udd.cl\/terapia-ocupacional-santiago\/persona\/marcos-chiang-arias\/#breadcrumb\"},\"inLanguage\":\"es\",\"potentialAction\":[{\"@type\":\"ReadAction\",\"target\":[\"https:\/\/medicina.udd.cl\/terapia-ocupacional-santiago\/persona\/marcos-chiang-arias\/\"]}]},{\"@type\":\"ImageObject\",\"inLanguage\":\"es\",\"@id\":\"https:\/\/medicina.udd.cl\/terapia-ocupacional-santiago\/persona\/marcos-chiang-arias\/#primaryimage\",\"url\":\"https:\/\/medicina.udd.cl\/terapia-ocupacional-santiago\/files\/2021\/10\/T.O.-Marcos-Chiang-Arias.jpg\",\"contentUrl\":\"https:\/\/medicina.udd.cl\/terapia-ocupacional-santiago\/files\/2021\/10\/T.O.-Marcos-Chiang-Arias.jpg\",\"width\":2048,\"height\":1806},{\"@type\":\"BreadcrumbList\",\"@id\":\"https:\/\/medicina.udd.cl\/terapia-ocupacional-santiago\/persona\/marcos-chiang-arias\/#breadcrumb\",\"itemListElement\":[{\"@type\":\"ListItem\",\"position\":1,\"name\":\"Home\",\"item\":\"https:\/\/medicina.udd.cl\/terapia-ocupacional-santiago\/\"},{\"@type\":\"ListItem\",\"position\":2,\"name\":\"Personas\",\"item\":\"https:\/\/medicina.udd.cl\/terapia-ocupacional-santiago\/persona\/\"},{\"@type\":\"ListItem\",\"position\":3,\"name\":\"Marcos Chiang Arias\"}]},{\"@type\":\"WebSite\",\"@id\":\"https:\/\/medicina.udd.cl\/terapia-ocupacional-santiago\/#website\",\"url\":\"https:\/\/medicina.udd.cl\/terapia-ocupacional-santiago\/\",\"name\":\"Terapia Ocupacional\",\"description\":\"Facultad de Medicina C\u00ednica Alemana Universidad del Desarrollo\",\"inLanguage\":\"es\"}]}<\/script>\n<!-- \/ Yoast SEO plugin. -->","yoast_head_json":{"title":"Marcos Chiang Arias - Terapia Ocupacional","robots":{"index":"index","follow":"follow","max-snippet":"max-snippet:-1","max-image-preview":"max-image-preview:large","max-video-preview":"max-video-preview:-1"},"canonical":"https:\/\/medicina.udd.cl\/terapia-ocupacional-santiago\/persona\/marcos-chiang-arias\/","og_locale":"es_ES","og_type":"article","og_title":"Marcos Chiang Arias - Terapia Ocupacional","og_url":"https:\/\/medicina.udd.cl\/terapia-ocupacional-santiago\/persona\/marcos-chiang-arias\/","og_site_name":"Terapia Ocupacional","article_modified_time":"2023-01-04T18:59:46+00:00","og_image":[{"width":2048,"height":1806,"url":"https:\/\/medicina.udd.cl\/terapia-ocupacional-santiago\/files\/2021\/10\/T.O.-Marcos-Chiang-Arias.jpg","type":"image\/jpeg"}],"twitter_card":"summary_large_image","schema":{"@context":"https:\/\/schema.org","@graph":[{"@type":"WebPage","@id":"https:\/\/medicina.udd.cl\/terapia-ocupacional-santiago\/persona\/marcos-chiang-arias\/","url":"https:\/\/medicina.udd.cl\/terapia-ocupacional-santiago\/persona\/marcos-chiang-arias\/","name":"Marcos Chiang Arias - Terapia Ocupacional","isPartOf":{"@id":"https:\/\/medicina.udd.cl\/terapia-ocupacional-santiago\/#website"},"primaryImageOfPage":{"@id":"https:\/\/medicina.udd.cl\/terapia-ocupacional-santiago\/persona\/marcos-chiang-arias\/#primaryimage"},"image":{"@id":"https:\/\/medicina.udd.cl\/terapia-ocupacional-santiago\/persona\/marcos-chiang-arias\/#primaryimage"},"thumbnailUrl":"https:\/\/medicina.udd.cl\/terapia-ocupacional-santiago\/files\/2021\/10\/T.O.-Marcos-Chiang-Arias.jpg","datePublished":"2021-10-27T14:20:34+00:00","dateModified":"2023-01-04T18:59:46+00:00","breadcrumb":{"@id":"https:\/\/medicina.udd.cl\/terapia-ocupacional-santiago\/persona\/marcos-chiang-arias\/#breadcrumb"},"inLanguage":"es","potentialAction":[{"@type":"ReadAction","target":["https:\/\/medicina.udd.cl\/terapia-ocupacional-santiago\/persona\/marcos-chiang-arias\/"]}]},{"@type":"ImageObject","inLanguage":"es","@id":"https:\/\/medicina.udd.cl\/terapia-ocupacional-santiago\/persona\/marcos-chiang-arias\/#primaryimage","url":"https:\/\/medicina.udd.cl\/terapia-ocupacional-santiago\/files\/2021\/10\/T.O.-Marcos-Chiang-Arias.jpg","contentUrl":"https:\/\/medicina.udd.cl\/terapia-ocupacional-santiago\/files\/2021\/10\/T.O.-Marcos-Chiang-Arias.jpg","width":2048,"height":1806},{"@type":"BreadcrumbList","@id":"https:\/\/medicina.udd.cl\/terapia-ocupacional-santiago\/persona\/marcos-chiang-arias\/#breadcrumb","itemListElement":[{"@type":"ListItem","position":1,"name":"Home","item":"https:\/\/medicina.udd.cl\/terapia-ocupacional-santiago\/"},{"@type":"ListItem","position":2,"name":"Personas","item":"https:\/\/medicina.udd.cl\/terapia-ocupacional-santiago\/persona\/"},{"@type":"ListItem","position":3,"name":"Marcos Chiang Arias"}]},{"@type":"WebSite","@id":"https:\/\/medicina.udd.cl\/terapia-ocupacional-santiago\/#website","url":"https:\/\/medicina.udd.cl\/terapia-ocupacional-santiago\/","name":"Terapia Ocupacional","description":"Facultad de Medicina C\u00ednica Alemana Universidad del Desarrollo","inLanguage":"es"}]}},"label":"Marcos Chiang Arias","role":"Docente \u00c1rea Profesional","thumbnail_url":"https:\/\/medicina.udd.cl\/terapia-ocupacional-santiago\/files\/2021\/10\/T.O.-Marcos-Chiang-Arias-500x500.jpg","email":"m.chiang@udd.cl","tel_job":"","content":{"rendered":"<div class=\"person-modal person-modal--scl\">\n\t<header class=\"person-modal__header\">\n\t\t<div class=\"person-modal__bg\"><\/div>\n\t\t<div class=\"modal-container\">\n\t\t\t\t\t\t<div class=\"person-modal__media\">\n\t\t\t\t<img width=\"500\" height=\"500\" src=\"https:\/\/medicina.udd.cl\/terapia-ocupacional-santiago\/files\/2021\/10\/T.O.-Marcos-Chiang-Arias-500x500.jpg\" class=\"person-modal__image wp-post-image\" alt=\"\" decoding=\"async\" loading=\"lazy\" srcset=\"https:\/\/medicina.udd.cl\/terapia-ocupacional-santiago\/files\/2021\/10\/T.O.-Marcos-Chiang-Arias-500x500.jpg 500w, https:\/\/medicina.udd.cl\/terapia-ocupacional-santiago\/files\/2021\/10\/T.O.-Marcos-Chiang-Arias-150x150.jpg 150w, https:\/\/medicina.udd.cl\/terapia-ocupacional-santiago\/files\/2021\/10\/T.O.-Marcos-Chiang-Arias-62x62.jpg 62w, https:\/\/medicina.udd.cl\/terapia-ocupacional-santiago\/files\/2021\/10\/T.O.-Marcos-Chiang-Arias-750x750.jpg 750w, https:\/\/medicina.udd.cl\/terapia-ocupacional-santiago\/files\/2021\/10\/T.O.-Marcos-Chiang-Arias-250x250.jpg 250w, https:\/\/medicina.udd.cl\/terapia-ocupacional-santiago\/files\/2021\/10\/T.O.-Marcos-Chiang-Arias-126x126.jpg 126w\" sizes=\"auto, (max-width: 500px) 100vw, 500px\" \/>\t\t\t<\/div>\n\t\t\t\t\t\t<div class=\"person-modal__data\">\n\t\t\t\t<h1 class=\"person-modal__name\">Marcos Chiang Arias<\/h1>\n\t\t\t\t\t\t\t<span class=\"person-modal__description\">Docente \u00c1rea Profesional<\/span>\n\t\t\t\t\t\t\t\t\t\t\t\t\t<a href=\"mailto:m.c&#104;&#105;an&#103;&#064;&#117;&#100;d.cl\" class=\"person-modal__email\">&#109;.&#99;hi&#97;n&#103;&#64;&#117;&#100;&#100;&#46;cl<\/a>\n\t\t\t\t\t\t\t\t\t<\/div>\n\t\t<\/div>\n\t<\/header>\n\t<div class=\"modal-container\">\n\t\t\t<div class=\"person-modal__content text\">\n\t\t\t\t\t\t\t\t\t\t<ul>\n<li class=\"MsoNormal\"><span>Terapeuta Ocupacional, Universidad de Chile.<\/span><\/li>\n<li class=\"MsoNormal\"><span>Licenciado en Ciencias de la Ocupaci\u00f3n Humana, Universidad de Chile.<\/span><\/li>\n<li class=\"MsoNormal\"><span>M\u00e1ster en Integraci\u00f3n de Personas con Discapacidad, Universidad de Salamanca.<\/span><\/li>\n<li class=\"MsoNormal\"><span>Certificaci\u00f3n chilena y americana de Integraci\u00f3n Sensorial.<\/span><\/li>\n<li class=\"MsoNormal\"><span>Instructor curso b\u00e1sico pedi\u00e1trico de Neurodesarrollo Concepto Bobath.<\/span><\/li>\n<li class=\"MsoNormal\"><span>Diplomado en Docencia Efectiva, Universidad Mayor.<\/span><\/li>\n<li class=\"MsoNormal\"><span>Diplomado en Coaching y Liderazgo Organizacional, Universidad Mayor.<\/span><\/li>\n<\/ul>\n<p class=\"MsoNormal\"><span>Profesional con 25 a\u00f1os de experiencia laboral, con formaci\u00f3n especializada en Integraci\u00f3n Sensorial y Neurodesarrollo \u201cConcepto Bobath\u201d. Jefe de la Unidad de Terapia Ocupacional del Instituto de Rehabilitaci\u00f3n Infantil TELET\u00d3N Santiago, durante 6 a\u00f1os. Fundador y socio de \u201cALTHEA Ltda. Crecimiento y Desarrollo Integral\u201d, centro de rehabilitaci\u00f3n para ni\u00f1os con dificultades en su desempe\u00f1o ocupacional, principalmente trastornos de neurodesarrollo, trastornos motores, sensorio integrativos, trastornos de aprendizaje y comportamiento.<\/span><\/p>\n<p class=\"MsoNormal\"><span>Docente con m\u00e1s de 14 a\u00f1os experiencia en la formaci\u00f3n de Terapeutas Ocupacionales, ha dictado cursos introductorios y avanzados del Concepto Bobath, AVD y \u00d3rtesis, Procesamiento Sensorial en: contexto escolar, Trastornos del Espectro Autista, Trastornos de alimentaci\u00f3n, Disfunciones motoras de la escritura en Per\u00fa, M\u00e9xico, Brasil, Argentina y Chile.<\/span><\/p>\n\t\t<\/div>\n\t<\/div>\n<\/div>\n"},"identifier":"d12b05a1e9817e845ea3db6bf382dc27ff2c6838","has_credential":[],"given_name":"Marcos","family_name":"Chiang Arias  ","name":"Marcos Chiang Arias","job_title":"Docente \u00c1rea Profesional","telephone":"","note":"","im":"","_self_schedule":null,"_links":{"self":[{"href":"https:\/\/medicina.udd.cl\/terapia-ocupacional-santiago\/wp-json\/wp\/v2\/people\/1110","targetHints":{"allow":["GET"]}}],"collection":[{"href":"https:\/\/medicina.udd.cl\/terapia-ocupacional-santiago\/wp-json\/wp\/v2\/people"}],"about":[{"href":"https:\/\/medicina.udd.cl\/terapia-ocupacional-santiago\/wp-json\/wp\/v2\/types\/person"}],"wp:featuredmedia":[{"embeddable":true,"href":"https:\/\/medicina.udd.cl\/terapia-ocupacional-santiago\/wp-json\/wp\/v2\/media\/1111"}],"wp:attachment":[{"href":"https:\/\/medicina.udd.cl\/terapia-ocupacional-santiago\/wp-json\/wp\/v2\/media?parent=1110"}],"wp:term":[{"taxonomy":"people_tax","embeddable":true,"href":"https:\/\/medicina.udd.cl\/terapia-ocupacional-santiago\/wp-json\/wp\/v2\/people_tax?post=1110"},{"taxonomy":"people_areas","embeddable":true,"href":"https:\/\/medicina.udd.cl\/terapia-ocupacional-santiago\/wp-json\/wp\/v2\/people_areas?post=1110"},{"taxonomy":"people_levels","embeddable":true,"href":"https:\/\/medicina.udd.cl\/terapia-ocupacional-santiago\/wp-json\/wp\/v2\/people_levels?post=1110"}],"curies":[{"name":"wp","href":"https:\/\/api.w.org\/{rel}","templated":true}]}}

<!-- This site is optimized with the Yoast SEO plugin v26.9 - https://yoast.com/product/yoast-seo-wordpress/ -->
<title>Marcos Chiang Arias - Terapia Ocupacional</title>
<meta name="robots" content="index, follow, max-snippet:-1, max-image-preview:large, max-video-preview:-1" />
<link rel="canonical" href="https://medicina.udd.cl/terapia-ocupacional-santiago/persona/marcos-chiang-arias/" />
<meta property="og:locale" content="es_ES" />
<meta property="og:type" content="article" />
<meta property="og:title" content="Marcos Chiang Arias - Terapia Ocupacional" />
<meta property="og:url" content="https://medicina.udd.cl/terapia-ocupacional-santiago/persona/marcos-chiang-arias/" />
<meta property="og:site_name" content="Terapia Ocupacional" />
<meta property="article:modified_time" content="2023-01-04T18:59:46+00:00" />
<meta property="og:image" content="https://medicina.udd.cl/terapia-ocupacional-santiago/files/2021/10/T.O.-Marcos-Chiang-Arias.jpg" />
	<meta property="og:image:width" content="2048" />
	<meta property="og:image:height" content="1806" />
	<meta property="og:image:type" content="image/jpeg" />
<meta name="twitter:card" content="summary_large_image" />
<script type="application/ld+json" class="yoast-schema-graph">{"@context":"https://schema.org","@graph":[{"@type":"WebPage","@id":"https://medicina.udd.cl/terapia-ocupacional-santiago/persona/marcos-chiang-arias/","url":"https://medicina.udd.cl/terapia-ocupacional-santiago/persona/marcos-chiang-arias/","name":"Marcos Chiang Arias - Terapia Ocupacional","isPartOf":{"@id":"https://medicina.udd.cl/terapia-ocupacional-santiago/#website"},"primaryImageOfPage":{"@id":"https://medicina.udd.cl/terapia-ocupacional-santiago/persona/marcos-chiang-arias/#primaryimage"},"image":{"@id":"https://medicina.udd.cl/terapia-ocupacional-santiago/persona/marcos-chiang-arias/#primaryimage"},"thumbnailUrl":"https://medicina.udd.cl/terapia-ocupacional-santiago/files/2021/10/T.O.-Marcos-Chiang-Arias.jpg","datePublished":"2021-10-27T14:20:34+00:00","dateModified":"2023-01-04T18:59:46+00:00","breadcrumb":{"@id":"https://medicina.udd.cl/terapia-ocupacional-santiago/persona/marcos-chiang-arias/#breadcrumb"},"inLanguage":"es","potentialAction":[{"@type":"ReadAction","target":["https://medicina.udd.cl/terapia-ocupacional-santiago/persona/marcos-chiang-arias/"]}]},{"@type":"ImageObject","inLanguage":"es","@id":"https://medicina.udd.cl/terapia-ocupacional-santiago/persona/marcos-chiang-arias/#primaryimage","url":"https://medicina.udd.cl/terapia-ocupacional-santiago/files/2021/10/T.O.-Marcos-Chiang-Arias.jpg","contentUrl":"https://medicina.udd.cl/terapia-ocupacional-santiago/files/2021/10/T.O.-Marcos-Chiang-Arias.jpg","width":2048,"height":1806},{"@type":"BreadcrumbList","@id":"https://medicina.udd.cl/terapia-ocupacional-santiago/persona/marcos-chiang-arias/#breadcrumb","itemListElement":[{"@type":"ListItem","position":1,"name":"Home","item":"https://medicina.udd.cl/terapia-ocupacional-santiago/"},{"@type":"ListItem","position":2,"name":"Personas","item":"https://medicina.udd.cl/terapia-ocupacional-santiago/persona/"},{"@type":"ListItem","position":3,"name":"Marcos Chiang Arias"}]},{"@type":"WebSite","@id":"https://medicina.udd.cl/terapia-ocupacional-santiago/#website","url":"https://medicina.udd.cl/terapia-ocupacional-santiago/","name":"Terapia Ocupacional","description":"Facultad de Medicina Cínica Alemana Universidad del Desarrollo","inLanguage":"es"}]}</script>
<!-- / Yoast SEO plugin. -->

Facultad de Medicina Cínica Alemana Universidad del Desarrollo

Docente Área Profesional

<div class="person-modal person-modal--scl">
	<header class="person-modal__header">
		<div class="person-modal__bg"></div>
		<div class="modal-container">
						<div class="person-modal__media">
				<img width="500" height="500" src="https://medicina.udd.cl/terapia-ocupacional-santiago/files/2021/10/T.O.-Marcos-Chiang-Arias-500x500.jpg" class="person-modal__image wp-post-image" alt="" decoding="async" loading="lazy" srcset="https://medicina.udd.cl/terapia-ocupacional-santiago/files/2021/10/T.O.-Marcos-Chiang-Arias-500x500.jpg 500w, https://medicina.udd.cl/terapia-ocupacional-santiago/files/2021/10/T.O.-Marcos-Chiang-Arias-150x150.jpg 150w, https://medicina.udd.cl/terapia-ocupacional-santiago/files/2021/10/T.O.-Marcos-Chiang-Arias-62x62.jpg 62w, https://medicina.udd.cl/terapia-ocupacional-santiago/files/2021/10/T.O.-Marcos-Chiang-Arias-750x750.jpg 750w, https://medicina.udd.cl/terapia-ocupacional-santiago/files/2021/10/T.O.-Marcos-Chiang-Arias-250x250.jpg 250w, https://medicina.udd.cl/terapia-ocupacional-santiago/files/2021/10/T.O.-Marcos-Chiang-Arias-126x126.jpg 126w" sizes="auto, (max-width: 500px) 100vw, 500px" />			</div>
						<div class="person-modal__data">
				<h1 class="person-modal__name">Marcos Chiang Arias</h1>
							<span class="person-modal__description">Docente Área Profesional</span>
													<a href="mailto:m.c&#104;&#105;an&#103;&#064;&#117;&#100;d.cl" class="person-modal__email">&#109;.&#99;hi&#97;n&#103;&#64;&#117;&#100;&#100;&#46;cl</a>
									</div>
		</div>
	</header>
	<div class="modal-container">
			<div class="person-modal__content text">
										<ul>
<li class="MsoNormal"><span>Terapeuta Ocupacional, Universidad de Chile.</span></li>
<li class="MsoNormal"><span>Licenciado en Ciencias de la Ocupación Humana, Universidad de Chile.</span></li>
<li class="MsoNormal"><span>Máster en Integración de Personas con Discapacidad, Universidad de Salamanca.</span></li>
<li class="MsoNormal"><span>Certificación chilena y americana de Integración Sensorial.</span></li>
<li class="MsoNormal"><span>Instructor curso básico pediátrico de Neurodesarrollo Concepto Bobath.</span></li>
<li class="MsoNormal"><span>Diplomado en Docencia Efectiva, Universidad Mayor.</span></li>
<li class="MsoNormal"><span>Diplomado en Coaching y Liderazgo Organizacional, Universidad Mayor.</span></li>
</ul>
<p class="MsoNormal"><span>Profesional con 25 años de experiencia laboral, con formación especializada en Integración Sensorial y Neurodesarrollo “Concepto Bobath”. Jefe de la Unidad de Terapia Ocupacional del Instituto de Rehabilitación Infantil TELETÓN Santiago, durante 6 años. Fundador y socio de “ALTHEA Ltda. Crecimiento y Desarrollo Integral”, centro de rehabilitación para niños con dificultades en su desempeño ocupacional, principalmente trastornos de neurodesarrollo, trastornos motores, sensorio integrativos, trastornos de aprendizaje y comportamiento.</span></p>
<p class="MsoNormal"><span>Docente con más de 14 años experiencia en la formación de Terapeutas Ocupacionales, ha dictado cursos introductorios y avanzados del Concepto Bobath, AVD y Órtesis, Procesamiento Sensorial en: contexto escolar, Trastornos del Espectro Autista, Trastornos de alimentación, Disfunciones motoras de la escritura en Perú, México, Brasil, Argentina y Chile.</span></p>
		</div>
	</div>
</div>
