{"id":1495,"date":"2022-08-01T15:47:08","date_gmt":"2022-08-01T13:47:08","guid":{"rendered":"https:\/\/medicina.udd.cl\/terapia-ocupacional-santiago\/?post_type=person&#038;p=1495"},"modified":"2023-01-05T14:58:25","modified_gmt":"2023-01-05T13:58:25","slug":"coordinadora-de-admision","status":"publish","type":"person","link":"https:\/\/medicina.udd.cl\/terapia-ocupacional-santiago\/persona\/coordinadora-de-admision\/","title":{"rendered":"Coordinaci\u00f3n  Admisi\u00f3n"},"featured_media":1807,"template":"","people_tax":[],"people_areas":[],"people_levels":[],"class_list":["post-1495","person","type-person","status-publish","has-post-thumbnail","hentry"],"yoast_head":"<!-- This site is optimized with the Yoast SEO plugin v26.9 - https:\/\/yoast.com\/product\/yoast-seo-wordpress\/ -->\n<title>Coordinaci\u00f3n Admisi\u00f3n - Terapia Ocupacional<\/title>\n<meta name=\"robots\" content=\"index, follow, max-snippet:-1, max-image-preview:large, max-video-preview:-1\" \/>\n<link rel=\"canonical\" href=\"https:\/\/medicina.udd.cl\/terapia-ocupacional-santiago\/persona\/coordinadora-de-admision\/\" \/>\n<meta property=\"og:locale\" content=\"es_ES\" \/>\n<meta property=\"og:type\" content=\"article\" \/>\n<meta property=\"og:title\" content=\"Coordinaci\u00f3n Admisi\u00f3n - Terapia Ocupacional\" \/>\n<meta property=\"og:url\" content=\"https:\/\/medicina.udd.cl\/terapia-ocupacional-santiago\/persona\/coordinadora-de-admision\/\" \/>\n<meta property=\"og:site_name\" content=\"Terapia Ocupacional\" \/>\n<meta property=\"article:modified_time\" content=\"2023-01-05T13:58:25+00:00\" \/>\n<meta property=\"og:image\" content=\"https:\/\/medicina.udd.cl\/terapia-ocupacional-santiago\/files\/2022\/08\/logo-to.jpg\" \/>\n\t<meta property=\"og:image:width\" content=\"1075\" \/>\n\t<meta property=\"og:image:height\" content=\"1027\" \/>\n\t<meta property=\"og:image:type\" content=\"image\/jpeg\" \/>\n<meta name=\"twitter:card\" content=\"summary_large_image\" \/>\n<script type=\"application\/ld+json\" class=\"yoast-schema-graph\">{\"@context\":\"https:\/\/schema.org\",\"@graph\":[{\"@type\":\"WebPage\",\"@id\":\"https:\/\/medicina.udd.cl\/terapia-ocupacional-santiago\/persona\/coordinadora-de-admision\/\",\"url\":\"https:\/\/medicina.udd.cl\/terapia-ocupacional-santiago\/persona\/coordinadora-de-admision\/\",\"name\":\"Coordinaci\u00f3n Admisi\u00f3n - Terapia Ocupacional\",\"isPartOf\":{\"@id\":\"https:\/\/medicina.udd.cl\/terapia-ocupacional-santiago\/#website\"},\"primaryImageOfPage\":{\"@id\":\"https:\/\/medicina.udd.cl\/terapia-ocupacional-santiago\/persona\/coordinadora-de-admision\/#primaryimage\"},\"image\":{\"@id\":\"https:\/\/medicina.udd.cl\/terapia-ocupacional-santiago\/persona\/coordinadora-de-admision\/#primaryimage\"},\"thumbnailUrl\":\"https:\/\/medicina.udd.cl\/terapia-ocupacional-santiago\/files\/2022\/08\/logo-to.jpg\",\"datePublished\":\"2022-08-01T13:47:08+00:00\",\"dateModified\":\"2023-01-05T13:58:25+00:00\",\"breadcrumb\":{\"@id\":\"https:\/\/medicina.udd.cl\/terapia-ocupacional-santiago\/persona\/coordinadora-de-admision\/#breadcrumb\"},\"inLanguage\":\"es\",\"potentialAction\":[{\"@type\":\"ReadAction\",\"target\":[\"https:\/\/medicina.udd.cl\/terapia-ocupacional-santiago\/persona\/coordinadora-de-admision\/\"]}]},{\"@type\":\"ImageObject\",\"inLanguage\":\"es\",\"@id\":\"https:\/\/medicina.udd.cl\/terapia-ocupacional-santiago\/persona\/coordinadora-de-admision\/#primaryimage\",\"url\":\"https:\/\/medicina.udd.cl\/terapia-ocupacional-santiago\/files\/2022\/08\/logo-to.jpg\",\"contentUrl\":\"https:\/\/medicina.udd.cl\/terapia-ocupacional-santiago\/files\/2022\/08\/logo-to.jpg\",\"width\":1075,\"height\":1027},{\"@type\":\"BreadcrumbList\",\"@id\":\"https:\/\/medicina.udd.cl\/terapia-ocupacional-santiago\/persona\/coordinadora-de-admision\/#breadcrumb\",\"itemListElement\":[{\"@type\":\"ListItem\",\"position\":1,\"name\":\"Home\",\"item\":\"https:\/\/medicina.udd.cl\/terapia-ocupacional-santiago\/\"},{\"@type\":\"ListItem\",\"position\":2,\"name\":\"Personas\",\"item\":\"https:\/\/medicina.udd.cl\/terapia-ocupacional-santiago\/persona\/\"},{\"@type\":\"ListItem\",\"position\":3,\"name\":\"Coordinaci\u00f3n Admisi\u00f3n\"}]},{\"@type\":\"WebSite\",\"@id\":\"https:\/\/medicina.udd.cl\/terapia-ocupacional-santiago\/#website\",\"url\":\"https:\/\/medicina.udd.cl\/terapia-ocupacional-santiago\/\",\"name\":\"Terapia Ocupacional\",\"description\":\"Facultad de Medicina C\u00ednica Alemana Universidad del Desarrollo\",\"inLanguage\":\"es\"}]}<\/script>\n<!-- \/ Yoast SEO plugin. -->","yoast_head_json":{"title":"Coordinaci\u00f3n Admisi\u00f3n - Terapia Ocupacional","robots":{"index":"index","follow":"follow","max-snippet":"max-snippet:-1","max-image-preview":"max-image-preview:large","max-video-preview":"max-video-preview:-1"},"canonical":"https:\/\/medicina.udd.cl\/terapia-ocupacional-santiago\/persona\/coordinadora-de-admision\/","og_locale":"es_ES","og_type":"article","og_title":"Coordinaci\u00f3n Admisi\u00f3n - Terapia Ocupacional","og_url":"https:\/\/medicina.udd.cl\/terapia-ocupacional-santiago\/persona\/coordinadora-de-admision\/","og_site_name":"Terapia Ocupacional","article_modified_time":"2023-01-05T13:58:25+00:00","og_image":[{"width":1075,"height":1027,"url":"https:\/\/medicina.udd.cl\/terapia-ocupacional-santiago\/files\/2022\/08\/logo-to.jpg","type":"image\/jpeg"}],"twitter_card":"summary_large_image","schema":{"@context":"https:\/\/schema.org","@graph":[{"@type":"WebPage","@id":"https:\/\/medicina.udd.cl\/terapia-ocupacional-santiago\/persona\/coordinadora-de-admision\/","url":"https:\/\/medicina.udd.cl\/terapia-ocupacional-santiago\/persona\/coordinadora-de-admision\/","name":"Coordinaci\u00f3n Admisi\u00f3n - Terapia Ocupacional","isPartOf":{"@id":"https:\/\/medicina.udd.cl\/terapia-ocupacional-santiago\/#website"},"primaryImageOfPage":{"@id":"https:\/\/medicina.udd.cl\/terapia-ocupacional-santiago\/persona\/coordinadora-de-admision\/#primaryimage"},"image":{"@id":"https:\/\/medicina.udd.cl\/terapia-ocupacional-santiago\/persona\/coordinadora-de-admision\/#primaryimage"},"thumbnailUrl":"https:\/\/medicina.udd.cl\/terapia-ocupacional-santiago\/files\/2022\/08\/logo-to.jpg","datePublished":"2022-08-01T13:47:08+00:00","dateModified":"2023-01-05T13:58:25+00:00","breadcrumb":{"@id":"https:\/\/medicina.udd.cl\/terapia-ocupacional-santiago\/persona\/coordinadora-de-admision\/#breadcrumb"},"inLanguage":"es","potentialAction":[{"@type":"ReadAction","target":["https:\/\/medicina.udd.cl\/terapia-ocupacional-santiago\/persona\/coordinadora-de-admision\/"]}]},{"@type":"ImageObject","inLanguage":"es","@id":"https:\/\/medicina.udd.cl\/terapia-ocupacional-santiago\/persona\/coordinadora-de-admision\/#primaryimage","url":"https:\/\/medicina.udd.cl\/terapia-ocupacional-santiago\/files\/2022\/08\/logo-to.jpg","contentUrl":"https:\/\/medicina.udd.cl\/terapia-ocupacional-santiago\/files\/2022\/08\/logo-to.jpg","width":1075,"height":1027},{"@type":"BreadcrumbList","@id":"https:\/\/medicina.udd.cl\/terapia-ocupacional-santiago\/persona\/coordinadora-de-admision\/#breadcrumb","itemListElement":[{"@type":"ListItem","position":1,"name":"Home","item":"https:\/\/medicina.udd.cl\/terapia-ocupacional-santiago\/"},{"@type":"ListItem","position":2,"name":"Personas","item":"https:\/\/medicina.udd.cl\/terapia-ocupacional-santiago\/persona\/"},{"@type":"ListItem","position":3,"name":"Coordinaci\u00f3n Admisi\u00f3n"}]},{"@type":"WebSite","@id":"https:\/\/medicina.udd.cl\/terapia-ocupacional-santiago\/#website","url":"https:\/\/medicina.udd.cl\/terapia-ocupacional-santiago\/","name":"Terapia Ocupacional","description":"Facultad de Medicina C\u00ednica Alemana Universidad del Desarrollo","inLanguage":"es"}]}},"label":"Coordinaci\u00f3n  Admisi\u00f3n","role":false,"thumbnail_url":"https:\/\/medicina.udd.cl\/terapia-ocupacional-santiago\/files\/2022\/08\/logo-to-500x500.jpg","email":"admisionterapiaocupacional@udd.cl","tel_job":"","content":{"rendered":"<div class=\"person-modal person-modal--scl\">\n\t<header class=\"person-modal__header\">\n\t\t<div class=\"person-modal__bg\"><\/div>\n\t\t<div class=\"modal-container\">\n\t\t\t\t\t\t<div class=\"person-modal__media\">\n\t\t\t\t<img width=\"500\" height=\"500\" src=\"https:\/\/medicina.udd.cl\/terapia-ocupacional-santiago\/files\/2022\/08\/logo-to-500x500.jpg\" class=\"person-modal__image wp-post-image\" alt=\"\" decoding=\"async\" loading=\"lazy\" srcset=\"https:\/\/medicina.udd.cl\/terapia-ocupacional-santiago\/files\/2022\/08\/logo-to-500x500.jpg 500w, https:\/\/medicina.udd.cl\/terapia-ocupacional-santiago\/files\/2022\/08\/logo-to-150x150.jpg 150w, https:\/\/medicina.udd.cl\/terapia-ocupacional-santiago\/files\/2022\/08\/logo-to-62x62.jpg 62w, https:\/\/medicina.udd.cl\/terapia-ocupacional-santiago\/files\/2022\/08\/logo-to-750x750.jpg 750w, https:\/\/medicina.udd.cl\/terapia-ocupacional-santiago\/files\/2022\/08\/logo-to-250x250.jpg 250w, https:\/\/medicina.udd.cl\/terapia-ocupacional-santiago\/files\/2022\/08\/logo-to-126x126.jpg 126w\" sizes=\"auto, (max-width: 500px) 100vw, 500px\" \/>\t\t\t<\/div>\n\t\t\t\t\t\t<div class=\"person-modal__data\">\n\t\t\t\t<h1 class=\"person-modal__name\">Coordinaci\u00f3n  Admisi\u00f3n<\/h1>\n\t\t\t\t\t\t\t\t\t\t\t\t\t<a href=\"mailto:&#097;dm&#105;s&#105;&#111;nte&#114;&#097;&#112;&#105;a&#111;&#099;up&#097;&#099;&#105;on&#097;l&#064;&#117;&#100;d&#046;cl\" class=\"person-modal__email\">&#97;&#100;&#109;i&#115;&#105;o&#110;te&#114;a&#112;&#105;ao&#99;&#117;&#112;ac&#105;o&#110;a&#108;&#64;&#117;dd.&#99;&#108;<\/a>\n\t\t\t\t\t\t\t\t\t<\/div>\n\t\t<\/div>\n\t<\/header>\n\t<div class=\"modal-container\">\n\t\t\t<div class=\"person-modal__content text\">\n\t\t\t\t\t\t\t\t\t\t\t\t<\/div>\n\t<\/div>\n<\/div>\n"},"identifier":"703358e0a23289ba5c51cb6f7332e55d0d75b031","has_credential":[],"given_name":"Coordinaci\u00f3n ","family_name":"Admisi\u00f3n ","name":"Coordinaci\u00f3n  Admisi\u00f3n","job_title":"","telephone":"+56 9 3578 7310","note":"","im":"56935787310","_self_schedule":null,"_links":{"self":[{"href":"https:\/\/medicina.udd.cl\/terapia-ocupacional-santiago\/wp-json\/wp\/v2\/people\/1495","targetHints":{"allow":["GET"]}}],"collection":[{"href":"https:\/\/medicina.udd.cl\/terapia-ocupacional-santiago\/wp-json\/wp\/v2\/people"}],"about":[{"href":"https:\/\/medicina.udd.cl\/terapia-ocupacional-santiago\/wp-json\/wp\/v2\/types\/person"}],"wp:featuredmedia":[{"embeddable":true,"href":"https:\/\/medicina.udd.cl\/terapia-ocupacional-santiago\/wp-json\/wp\/v2\/media\/1807"}],"wp:attachment":[{"href":"https:\/\/medicina.udd.cl\/terapia-ocupacional-santiago\/wp-json\/wp\/v2\/media?parent=1495"}],"wp:term":[{"taxonomy":"people_tax","embeddable":true,"href":"https:\/\/medicina.udd.cl\/terapia-ocupacional-santiago\/wp-json\/wp\/v2\/people_tax?post=1495"},{"taxonomy":"people_areas","embeddable":true,"href":"https:\/\/medicina.udd.cl\/terapia-ocupacional-santiago\/wp-json\/wp\/v2\/people_areas?post=1495"},{"taxonomy":"people_levels","embeddable":true,"href":"https:\/\/medicina.udd.cl\/terapia-ocupacional-santiago\/wp-json\/wp\/v2\/people_levels?post=1495"}],"curies":[{"name":"wp","href":"https:\/\/api.w.org\/{rel}","templated":true}]}}

Coordinación  Admisión

<!-- This site is optimized with the Yoast SEO plugin v26.9 - https://yoast.com/product/yoast-seo-wordpress/ -->
<title>Coordinación Admisión - Terapia Ocupacional</title>
<meta name="robots" content="index, follow, max-snippet:-1, max-image-preview:large, max-video-preview:-1" />
<link rel="canonical" href="https://medicina.udd.cl/terapia-ocupacional-santiago/persona/coordinadora-de-admision/" />
<meta property="og:locale" content="es_ES" />
<meta property="og:type" content="article" />
<meta property="og:title" content="Coordinación Admisión - Terapia Ocupacional" />
<meta property="og:url" content="https://medicina.udd.cl/terapia-ocupacional-santiago/persona/coordinadora-de-admision/" />
<meta property="og:site_name" content="Terapia Ocupacional" />
<meta property="article:modified_time" content="2023-01-05T13:58:25+00:00" />
<meta property="og:image" content="https://medicina.udd.cl/terapia-ocupacional-santiago/files/2022/08/logo-to.jpg" />
	<meta property="og:image:width" content="1075" />
	<meta property="og:image:height" content="1027" />
	<meta property="og:image:type" content="image/jpeg" />
<meta name="twitter:card" content="summary_large_image" />
<script type="application/ld+json" class="yoast-schema-graph">{"@context":"https://schema.org","@graph":[{"@type":"WebPage","@id":"https://medicina.udd.cl/terapia-ocupacional-santiago/persona/coordinadora-de-admision/","url":"https://medicina.udd.cl/terapia-ocupacional-santiago/persona/coordinadora-de-admision/","name":"Coordinación Admisión - Terapia Ocupacional","isPartOf":{"@id":"https://medicina.udd.cl/terapia-ocupacional-santiago/#website"},"primaryImageOfPage":{"@id":"https://medicina.udd.cl/terapia-ocupacional-santiago/persona/coordinadora-de-admision/#primaryimage"},"image":{"@id":"https://medicina.udd.cl/terapia-ocupacional-santiago/persona/coordinadora-de-admision/#primaryimage"},"thumbnailUrl":"https://medicina.udd.cl/terapia-ocupacional-santiago/files/2022/08/logo-to.jpg","datePublished":"2022-08-01T13:47:08+00:00","dateModified":"2023-01-05T13:58:25+00:00","breadcrumb":{"@id":"https://medicina.udd.cl/terapia-ocupacional-santiago/persona/coordinadora-de-admision/#breadcrumb"},"inLanguage":"es","potentialAction":[{"@type":"ReadAction","target":["https://medicina.udd.cl/terapia-ocupacional-santiago/persona/coordinadora-de-admision/"]}]},{"@type":"ImageObject","inLanguage":"es","@id":"https://medicina.udd.cl/terapia-ocupacional-santiago/persona/coordinadora-de-admision/#primaryimage","url":"https://medicina.udd.cl/terapia-ocupacional-santiago/files/2022/08/logo-to.jpg","contentUrl":"https://medicina.udd.cl/terapia-ocupacional-santiago/files/2022/08/logo-to.jpg","width":1075,"height":1027},{"@type":"BreadcrumbList","@id":"https://medicina.udd.cl/terapia-ocupacional-santiago/persona/coordinadora-de-admision/#breadcrumb","itemListElement":[{"@type":"ListItem","position":1,"name":"Home","item":"https://medicina.udd.cl/terapia-ocupacional-santiago/"},{"@type":"ListItem","position":2,"name":"Personas","item":"https://medicina.udd.cl/terapia-ocupacional-santiago/persona/"},{"@type":"ListItem","position":3,"name":"Coordinación Admisión"}]},{"@type":"WebSite","@id":"https://medicina.udd.cl/terapia-ocupacional-santiago/#website","url":"https://medicina.udd.cl/terapia-ocupacional-santiago/","name":"Terapia Ocupacional","description":"Facultad de Medicina Cínica Alemana Universidad del Desarrollo","inLanguage":"es"}]}</script>
<!-- / Yoast SEO plugin. -->

Coordinación Admisión - Terapia Ocupacional

Coordinación Admisión

Facultad de Medicina Cínica Alemana Universidad del Desarrollo

<div class="person-modal person-modal--scl">
	<header class="person-modal__header">
		<div class="person-modal__bg"></div>
		<div class="modal-container">
						<div class="person-modal__media">
				<img width="500" height="500" src="https://medicina.udd.cl/terapia-ocupacional-santiago/files/2022/08/logo-to-500x500.jpg" class="person-modal__image wp-post-image" alt="" decoding="async" loading="lazy" srcset="https://medicina.udd.cl/terapia-ocupacional-santiago/files/2022/08/logo-to-500x500.jpg 500w, https://medicina.udd.cl/terapia-ocupacional-santiago/files/2022/08/logo-to-150x150.jpg 150w, https://medicina.udd.cl/terapia-ocupacional-santiago/files/2022/08/logo-to-62x62.jpg 62w, https://medicina.udd.cl/terapia-ocupacional-santiago/files/2022/08/logo-to-750x750.jpg 750w, https://medicina.udd.cl/terapia-ocupacional-santiago/files/2022/08/logo-to-250x250.jpg 250w, https://medicina.udd.cl/terapia-ocupacional-santiago/files/2022/08/logo-to-126x126.jpg 126w" sizes="auto, (max-width: 500px) 100vw, 500px" />			</div>
						<div class="person-modal__data">
				<h1 class="person-modal__name">Coordinación  Admisión</h1>
													<a href="mailto:&#097;dm&#105;s&#105;&#111;nte&#114;&#097;&#112;&#105;a&#111;&#099;up&#097;&#099;&#105;on&#097;l&#064;&#117;&#100;d&#046;cl" class="person-modal__email">&#97;&#100;&#109;i&#115;&#105;o&#110;te&#114;a&#112;&#105;ao&#99;&#117;&#112;ac&#105;o&#110;a&#108;&#64;&#117;dd.&#99;&#108;</a>
									</div>
		</div>
	</header>
	<div class="modal-container">
			<div class="person-modal__content text">
												</div>
	</div>
</div>

Coordinación

Admisión
