{"id":824,"date":"2021-01-13T15:57:50","date_gmt":"2021-01-13T14:57:50","guid":{"rendered":"http:\/\/medicina.udd.cl\/terapia-ocupacional-santiago\/?post_type=testimonial&#038;p=824"},"modified":"2024-05-22T22:19:50","modified_gmt":"2024-05-22T20:19:50","slug":"rosario-hernandez-astica-estudiante-2o-ano-t-o-udd","status":"publish","type":"testimonial","link":"https:\/\/medicina.udd.cl\/terapia-ocupacional-santiago\/testimonio\/rosario-hernandez-astica-estudiante-2o-ano-t-o-udd\/","title":{"rendered":"Rosario Hern\u00e1ndez Astica"},"content":{"rendered":"\n<p><em>\u201cEstoy muy contenta con mi elecci\u00f3n, porque me ha gustado mucho la carrera, el equipo docente es muy comprensivo y la Universidad siempre busca lo mejor para sus estudiantes. Estoy muy agradecida por la oportunidad que se me di\u00f3, una de las muchas que brinda la Universidad, ya que gracias a <\/em> la v\u00eda de Admisi\u00f3n Especial,<em> pude ingresar a estudiar la carrera que me gustaba en la Universidad que quer\u00eda\u201d<\/em><\/p>\n","protected":false},"featured_media":840,"template":"","testimonial-categories":[8],"class_list":["post-824","testimonial","type-testimonial","status-publish","has-post-thumbnail","hentry"],"yoast_head":"<!-- This site is optimized with the Yoast SEO plugin v26.9 - https:\/\/yoast.com\/product\/yoast-seo-wordpress\/ -->\n<title>Rosario Hern\u00e1ndez Astica - Terapia Ocupacional<\/title>\n<meta name=\"robots\" content=\"index, follow, max-snippet:-1, max-image-preview:large, max-video-preview:-1\" \/>\n<link rel=\"canonical\" href=\"https:\/\/medicina.udd.cl\/terapia-ocupacional-santiago\/testimonio\/rosario-hernandez-astica-estudiante-2o-ano-t-o-udd\/\" \/>\n<meta property=\"og:locale\" content=\"es_ES\" \/>\n<meta property=\"og:type\" content=\"article\" \/>\n<meta property=\"og:title\" content=\"Rosario Hern\u00e1ndez Astica - Terapia Ocupacional\" \/>\n<meta property=\"og:description\" content=\"\u201cEstoy muy contenta con mi elecci\u00f3n, porque me ha gustado mucho la carrera, el equipo docente es muy comprensivo y la Universidad siempre busca lo mejor para sus estudiantes. Estoy muy agradecida por la oportunidad que se me di\u00f3, una de las muchas que brinda la Universidad, ya que gracias a la v\u00eda de Admisi\u00f3n [&hellip;]\" \/>\n<meta property=\"og:url\" content=\"https:\/\/medicina.udd.cl\/terapia-ocupacional-santiago\/testimonio\/rosario-hernandez-astica-estudiante-2o-ano-t-o-udd\/\" \/>\n<meta property=\"og:site_name\" content=\"Terapia Ocupacional\" \/>\n<meta property=\"article:modified_time\" content=\"2024-05-22T20:19:50+00:00\" \/>\n<meta property=\"og:image\" content=\"https:\/\/medicina.udd.cl\/terapia-ocupacional-santiago\/files\/2021\/01\/Rosario-Hernandez-T.O2.jpg\" \/>\n\t<meta property=\"og:image:width\" content=\"532\" \/>\n\t<meta property=\"og:image:height\" content=\"594\" \/>\n\t<meta property=\"og:image:type\" content=\"image\/jpeg\" \/>\n<meta name=\"twitter:card\" content=\"summary_large_image\" \/>\n<script type=\"application\/ld+json\" class=\"yoast-schema-graph\">{\"@context\":\"https:\/\/schema.org\",\"@graph\":[{\"@type\":\"WebPage\",\"@id\":\"https:\/\/medicina.udd.cl\/terapia-ocupacional-santiago\/testimonio\/rosario-hernandez-astica-estudiante-2o-ano-t-o-udd\/\",\"url\":\"https:\/\/medicina.udd.cl\/terapia-ocupacional-santiago\/testimonio\/rosario-hernandez-astica-estudiante-2o-ano-t-o-udd\/\",\"name\":\"Rosario Hern\u00e1ndez Astica - Terapia Ocupacional\",\"isPartOf\":{\"@id\":\"https:\/\/medicina.udd.cl\/terapia-ocupacional-santiago\/#website\"},\"primaryImageOfPage\":{\"@id\":\"https:\/\/medicina.udd.cl\/terapia-ocupacional-santiago\/testimonio\/rosario-hernandez-astica-estudiante-2o-ano-t-o-udd\/#primaryimage\"},\"image\":{\"@id\":\"https:\/\/medicina.udd.cl\/terapia-ocupacional-santiago\/testimonio\/rosario-hernandez-astica-estudiante-2o-ano-t-o-udd\/#primaryimage\"},\"thumbnailUrl\":\"https:\/\/medicina.udd.cl\/terapia-ocupacional-santiago\/files\/2021\/01\/Rosario-Hernandez-T.O2.jpg\",\"datePublished\":\"2021-01-13T14:57:50+00:00\",\"dateModified\":\"2024-05-22T20:19:50+00:00\",\"breadcrumb\":{\"@id\":\"https:\/\/medicina.udd.cl\/terapia-ocupacional-santiago\/testimonio\/rosario-hernandez-astica-estudiante-2o-ano-t-o-udd\/#breadcrumb\"},\"inLanguage\":\"es\",\"potentialAction\":[{\"@type\":\"ReadAction\",\"target\":[\"https:\/\/medicina.udd.cl\/terapia-ocupacional-santiago\/testimonio\/rosario-hernandez-astica-estudiante-2o-ano-t-o-udd\/\"]}]},{\"@type\":\"ImageObject\",\"inLanguage\":\"es\",\"@id\":\"https:\/\/medicina.udd.cl\/terapia-ocupacional-santiago\/testimonio\/rosario-hernandez-astica-estudiante-2o-ano-t-o-udd\/#primaryimage\",\"url\":\"https:\/\/medicina.udd.cl\/terapia-ocupacional-santiago\/files\/2021\/01\/Rosario-Hernandez-T.O2.jpg\",\"contentUrl\":\"https:\/\/medicina.udd.cl\/terapia-ocupacional-santiago\/files\/2021\/01\/Rosario-Hernandez-T.O2.jpg\",\"width\":532,\"height\":594},{\"@type\":\"BreadcrumbList\",\"@id\":\"https:\/\/medicina.udd.cl\/terapia-ocupacional-santiago\/testimonio\/rosario-hernandez-astica-estudiante-2o-ano-t-o-udd\/#breadcrumb\",\"itemListElement\":[{\"@type\":\"ListItem\",\"position\":1,\"name\":\"Home\",\"item\":\"https:\/\/medicina.udd.cl\/terapia-ocupacional-santiago\/\"},{\"@type\":\"ListItem\",\"position\":2,\"name\":\"Testimonios\",\"item\":\"https:\/\/medicina.udd.cl\/terapia-ocupacional-santiago\/testimonio\/\"},{\"@type\":\"ListItem\",\"position\":3,\"name\":\"Rosario Hern\u00e1ndez Astica\"}]},{\"@type\":\"WebSite\",\"@id\":\"https:\/\/medicina.udd.cl\/terapia-ocupacional-santiago\/#website\",\"url\":\"https:\/\/medicina.udd.cl\/terapia-ocupacional-santiago\/\",\"name\":\"Terapia Ocupacional\",\"description\":\"Facultad de Medicina C\u00ednica Alemana Universidad del Desarrollo\",\"inLanguage\":\"es\"}]}<\/script>\n<!-- \/ Yoast SEO plugin. -->","yoast_head_json":{"title":"Rosario Hern\u00e1ndez Astica - Terapia Ocupacional","robots":{"index":"index","follow":"follow","max-snippet":"max-snippet:-1","max-image-preview":"max-image-preview:large","max-video-preview":"max-video-preview:-1"},"canonical":"https:\/\/medicina.udd.cl\/terapia-ocupacional-santiago\/testimonio\/rosario-hernandez-astica-estudiante-2o-ano-t-o-udd\/","og_locale":"es_ES","og_type":"article","og_title":"Rosario Hern\u00e1ndez Astica - Terapia Ocupacional","og_description":"\u201cEstoy muy contenta con mi elecci\u00f3n, porque me ha gustado mucho la carrera, el equipo docente es muy comprensivo y la Universidad siempre busca lo mejor para sus estudiantes. Estoy muy agradecida por la oportunidad que se me di\u00f3, una de las muchas que brinda la Universidad, ya que gracias a la v\u00eda de Admisi\u00f3n [&hellip;]","og_url":"https:\/\/medicina.udd.cl\/terapia-ocupacional-santiago\/testimonio\/rosario-hernandez-astica-estudiante-2o-ano-t-o-udd\/","og_site_name":"Terapia Ocupacional","article_modified_time":"2024-05-22T20:19:50+00:00","og_image":[{"width":532,"height":594,"url":"https:\/\/medicina.udd.cl\/terapia-ocupacional-santiago\/files\/2021\/01\/Rosario-Hernandez-T.O2.jpg","type":"image\/jpeg"}],"twitter_card":"summary_large_image","schema":{"@context":"https:\/\/schema.org","@graph":[{"@type":"WebPage","@id":"https:\/\/medicina.udd.cl\/terapia-ocupacional-santiago\/testimonio\/rosario-hernandez-astica-estudiante-2o-ano-t-o-udd\/","url":"https:\/\/medicina.udd.cl\/terapia-ocupacional-santiago\/testimonio\/rosario-hernandez-astica-estudiante-2o-ano-t-o-udd\/","name":"Rosario Hern\u00e1ndez Astica - Terapia Ocupacional","isPartOf":{"@id":"https:\/\/medicina.udd.cl\/terapia-ocupacional-santiago\/#website"},"primaryImageOfPage":{"@id":"https:\/\/medicina.udd.cl\/terapia-ocupacional-santiago\/testimonio\/rosario-hernandez-astica-estudiante-2o-ano-t-o-udd\/#primaryimage"},"image":{"@id":"https:\/\/medicina.udd.cl\/terapia-ocupacional-santiago\/testimonio\/rosario-hernandez-astica-estudiante-2o-ano-t-o-udd\/#primaryimage"},"thumbnailUrl":"https:\/\/medicina.udd.cl\/terapia-ocupacional-santiago\/files\/2021\/01\/Rosario-Hernandez-T.O2.jpg","datePublished":"2021-01-13T14:57:50+00:00","dateModified":"2024-05-22T20:19:50+00:00","breadcrumb":{"@id":"https:\/\/medicina.udd.cl\/terapia-ocupacional-santiago\/testimonio\/rosario-hernandez-astica-estudiante-2o-ano-t-o-udd\/#breadcrumb"},"inLanguage":"es","potentialAction":[{"@type":"ReadAction","target":["https:\/\/medicina.udd.cl\/terapia-ocupacional-santiago\/testimonio\/rosario-hernandez-astica-estudiante-2o-ano-t-o-udd\/"]}]},{"@type":"ImageObject","inLanguage":"es","@id":"https:\/\/medicina.udd.cl\/terapia-ocupacional-santiago\/testimonio\/rosario-hernandez-astica-estudiante-2o-ano-t-o-udd\/#primaryimage","url":"https:\/\/medicina.udd.cl\/terapia-ocupacional-santiago\/files\/2021\/01\/Rosario-Hernandez-T.O2.jpg","contentUrl":"https:\/\/medicina.udd.cl\/terapia-ocupacional-santiago\/files\/2021\/01\/Rosario-Hernandez-T.O2.jpg","width":532,"height":594},{"@type":"BreadcrumbList","@id":"https:\/\/medicina.udd.cl\/terapia-ocupacional-santiago\/testimonio\/rosario-hernandez-astica-estudiante-2o-ano-t-o-udd\/#breadcrumb","itemListElement":[{"@type":"ListItem","position":1,"name":"Home","item":"https:\/\/medicina.udd.cl\/terapia-ocupacional-santiago\/"},{"@type":"ListItem","position":2,"name":"Testimonios","item":"https:\/\/medicina.udd.cl\/terapia-ocupacional-santiago\/testimonio\/"},{"@type":"ListItem","position":3,"name":"Rosario Hern\u00e1ndez Astica"}]},{"@type":"WebSite","@id":"https:\/\/medicina.udd.cl\/terapia-ocupacional-santiago\/#website","url":"https:\/\/medicina.udd.cl\/terapia-ocupacional-santiago\/","name":"Terapia Ocupacional","description":"Facultad de Medicina C\u00ednica Alemana Universidad del Desarrollo","inLanguage":"es"}]}},"_links":{"self":[{"href":"https:\/\/medicina.udd.cl\/terapia-ocupacional-santiago\/wp-json\/wp\/v2\/testimonials\/824","targetHints":{"allow":["GET"]}}],"collection":[{"href":"https:\/\/medicina.udd.cl\/terapia-ocupacional-santiago\/wp-json\/wp\/v2\/testimonials"}],"about":[{"href":"https:\/\/medicina.udd.cl\/terapia-ocupacional-santiago\/wp-json\/wp\/v2\/types\/testimonial"}],"wp:featuredmedia":[{"embeddable":true,"href":"https:\/\/medicina.udd.cl\/terapia-ocupacional-santiago\/wp-json\/wp\/v2\/media\/840"}],"wp:attachment":[{"href":"https:\/\/medicina.udd.cl\/terapia-ocupacional-santiago\/wp-json\/wp\/v2\/media?parent=824"}],"wp:term":[{"taxonomy":"testimonial_category","embeddable":true,"href":"https:\/\/medicina.udd.cl\/terapia-ocupacional-santiago\/wp-json\/wp\/v2\/testimonial-categories?post=824"}],"curies":[{"name":"wp","href":"https:\/\/api.w.org\/{rel}","templated":true}]}}

Rosario Hernández Astica

<p><em>“Estoy muy contenta con mi elección, porque me ha gustado mucho la carrera, el equipo docente es muy comprensivo y la Universidad siempre busca lo mejor para sus estudiantes. Estoy muy agradecida por la oportunidad que se me dió, una de las muchas que brinda la Universidad, ya que gracias a </em> la vía de Admisión Especial,<em> pude ingresar a estudiar la carrera que me gustaba en la Universidad que quería”</em></p>

<!-- This site is optimized with the Yoast SEO plugin v26.9 - https://yoast.com/product/yoast-seo-wordpress/ -->
<title>Rosario Hernández Astica - Terapia Ocupacional</title>
<meta name="robots" content="index, follow, max-snippet:-1, max-image-preview:large, max-video-preview:-1" />
<link rel="canonical" href="https://medicina.udd.cl/terapia-ocupacional-santiago/testimonio/rosario-hernandez-astica-estudiante-2o-ano-t-o-udd/" />
<meta property="og:locale" content="es_ES" />
<meta property="og:type" content="article" />
<meta property="og:title" content="Rosario Hernández Astica - Terapia Ocupacional" />
<meta property="og:description" content="“Estoy muy contenta con mi elección, porque me ha gustado mucho la carrera, el equipo docente es muy comprensivo y la Universidad siempre busca lo mejor para sus estudiantes. Estoy muy agradecida por la oportunidad que se me dió, una de las muchas que brinda la Universidad, ya que gracias a la vía de Admisión [&hellip;]" />
<meta property="og:url" content="https://medicina.udd.cl/terapia-ocupacional-santiago/testimonio/rosario-hernandez-astica-estudiante-2o-ano-t-o-udd/" />
<meta property="og:site_name" content="Terapia Ocupacional" />
<meta property="article:modified_time" content="2024-05-22T20:19:50+00:00" />
<meta property="og:image" content="https://medicina.udd.cl/terapia-ocupacional-santiago/files/2021/01/Rosario-Hernandez-T.O2.jpg" />
	<meta property="og:image:width" content="532" />
	<meta property="og:image:height" content="594" />
	<meta property="og:image:type" content="image/jpeg" />
<meta name="twitter:card" content="summary_large_image" />
<script type="application/ld+json" class="yoast-schema-graph">{"@context":"https://schema.org","@graph":[{"@type":"WebPage","@id":"https://medicina.udd.cl/terapia-ocupacional-santiago/testimonio/rosario-hernandez-astica-estudiante-2o-ano-t-o-udd/","url":"https://medicina.udd.cl/terapia-ocupacional-santiago/testimonio/rosario-hernandez-astica-estudiante-2o-ano-t-o-udd/","name":"Rosario Hernández Astica - Terapia Ocupacional","isPartOf":{"@id":"https://medicina.udd.cl/terapia-ocupacional-santiago/#website"},"primaryImageOfPage":{"@id":"https://medicina.udd.cl/terapia-ocupacional-santiago/testimonio/rosario-hernandez-astica-estudiante-2o-ano-t-o-udd/#primaryimage"},"image":{"@id":"https://medicina.udd.cl/terapia-ocupacional-santiago/testimonio/rosario-hernandez-astica-estudiante-2o-ano-t-o-udd/#primaryimage"},"thumbnailUrl":"https://medicina.udd.cl/terapia-ocupacional-santiago/files/2021/01/Rosario-Hernandez-T.O2.jpg","datePublished":"2021-01-13T14:57:50+00:00","dateModified":"2024-05-22T20:19:50+00:00","breadcrumb":{"@id":"https://medicina.udd.cl/terapia-ocupacional-santiago/testimonio/rosario-hernandez-astica-estudiante-2o-ano-t-o-udd/#breadcrumb"},"inLanguage":"es","potentialAction":[{"@type":"ReadAction","target":["https://medicina.udd.cl/terapia-ocupacional-santiago/testimonio/rosario-hernandez-astica-estudiante-2o-ano-t-o-udd/"]}]},{"@type":"ImageObject","inLanguage":"es","@id":"https://medicina.udd.cl/terapia-ocupacional-santiago/testimonio/rosario-hernandez-astica-estudiante-2o-ano-t-o-udd/#primaryimage","url":"https://medicina.udd.cl/terapia-ocupacional-santiago/files/2021/01/Rosario-Hernandez-T.O2.jpg","contentUrl":"https://medicina.udd.cl/terapia-ocupacional-santiago/files/2021/01/Rosario-Hernandez-T.O2.jpg","width":532,"height":594},{"@type":"BreadcrumbList","@id":"https://medicina.udd.cl/terapia-ocupacional-santiago/testimonio/rosario-hernandez-astica-estudiante-2o-ano-t-o-udd/#breadcrumb","itemListElement":[{"@type":"ListItem","position":1,"name":"Home","item":"https://medicina.udd.cl/terapia-ocupacional-santiago/"},{"@type":"ListItem","position":2,"name":"Testimonios","item":"https://medicina.udd.cl/terapia-ocupacional-santiago/testimonio/"},{"@type":"ListItem","position":3,"name":"Rosario Hernández Astica"}]},{"@type":"WebSite","@id":"https://medicina.udd.cl/terapia-ocupacional-santiago/#website","url":"https://medicina.udd.cl/terapia-ocupacional-santiago/","name":"Terapia Ocupacional","description":"Facultad de Medicina Cínica Alemana Universidad del Desarrollo","inLanguage":"es"}]}</script>
<!-- / Yoast SEO plugin. -->

Rosario Hernández Astica - Terapia Ocupacional

“Estoy muy contenta con mi elección, porque me ha gustado mucho la carrera, el equipo docente es muy comprensivo y la Universidad siempre busca lo mejor para sus estudiantes. Estoy muy agradecida por la oportunidad que se me dió, una de las muchas que brinda la Universidad, ya que gracias a la vía de Admisión [&hellip;]

Facultad de Medicina Cínica Alemana Universidad del Desarrollo
