{"id":830,"date":"2021-01-13T16:08:28","date_gmt":"2021-01-13T15:08:28","guid":{"rendered":"http:\/\/medicina.udd.cl\/terapia-ocupacional-santiago\/?post_type=testimonial&#038;p=830"},"modified":"2024-05-22T22:19:04","modified_gmt":"2024-05-22T20:19:04","slug":"sofia-pareto-jara-estudiante-2o-ano-t-o-udd","status":"publish","type":"testimonial","link":"https:\/\/medicina.udd.cl\/terapia-ocupacional-santiago\/testimonio\/sofia-pareto-jara-estudiante-2o-ano-t-o-udd\/","title":{"rendered":"Sof\u00eda Pareto Jara"},"content":{"rendered":"\n<p><em>\u201cAl entrar a una carrera nueva y con una dificultad mayor por mi hijo, pens\u00e9 que ser\u00eda muy dif\u00edcil poder adecuarme, sin embargo, nuestra Directora, Coordinadora y Docentes fueron un 7, hasta les pondr\u00eda un 10 (risas). Me han apoyado y ayudado, generando en mi vida universitaria y mi vida personal un ambiente bueno y grato. Me encanta mi carrera, aunque reci\u00e9n estoy partiendo y cada d\u00eda me enamoro m\u00e1s en lo que eleg\u00ed\u201d.<\/em><\/p>\n","protected":false},"featured_media":837,"template":"","testimonial-categories":[8],"class_list":["post-830","testimonial","type-testimonial","status-publish","has-post-thumbnail","hentry"],"yoast_head":"<!-- This site is optimized with the Yoast SEO plugin v26.9 - https:\/\/yoast.com\/product\/yoast-seo-wordpress\/ -->\n<title>Sof\u00eda Pareto Jara - Terapia Ocupacional<\/title>\n<meta name=\"robots\" content=\"index, follow, max-snippet:-1, max-image-preview:large, max-video-preview:-1\" \/>\n<link rel=\"canonical\" href=\"https:\/\/medicina.udd.cl\/terapia-ocupacional-santiago\/testimonio\/sofia-pareto-jara-estudiante-2o-ano-t-o-udd\/\" \/>\n<meta property=\"og:locale\" content=\"es_ES\" \/>\n<meta property=\"og:type\" content=\"article\" \/>\n<meta property=\"og:title\" content=\"Sof\u00eda Pareto Jara - Terapia Ocupacional\" \/>\n<meta property=\"og:description\" content=\"\u201cAl entrar a una carrera nueva y con una dificultad mayor por mi hijo, pens\u00e9 que ser\u00eda muy dif\u00edcil poder adecuarme, sin embargo, nuestra Directora, Coordinadora y Docentes fueron un 7, hasta les pondr\u00eda un 10 (risas). Me han apoyado y ayudado, generando en mi vida universitaria y mi vida personal un ambiente bueno y [&hellip;]\" \/>\n<meta property=\"og:url\" content=\"https:\/\/medicina.udd.cl\/terapia-ocupacional-santiago\/testimonio\/sofia-pareto-jara-estudiante-2o-ano-t-o-udd\/\" \/>\n<meta property=\"og:site_name\" content=\"Terapia Ocupacional\" \/>\n<meta property=\"article:modified_time\" content=\"2024-05-22T20:19:04+00:00\" \/>\n<meta property=\"og:image\" content=\"https:\/\/medicina.udd.cl\/terapia-ocupacional-santiago\/files\/2021\/01\/Sof\u00eda-Pareto-T.O.2.jpg\" \/>\n\t<meta property=\"og:image:width\" content=\"545\" \/>\n\t<meta property=\"og:image:height\" content=\"725\" \/>\n\t<meta property=\"og:image:type\" content=\"image\/jpeg\" \/>\n<meta name=\"twitter:card\" content=\"summary_large_image\" \/>\n<script type=\"application\/ld+json\" class=\"yoast-schema-graph\">{\"@context\":\"https:\/\/schema.org\",\"@graph\":[{\"@type\":\"WebPage\",\"@id\":\"https:\/\/medicina.udd.cl\/terapia-ocupacional-santiago\/testimonio\/sofia-pareto-jara-estudiante-2o-ano-t-o-udd\/\",\"url\":\"https:\/\/medicina.udd.cl\/terapia-ocupacional-santiago\/testimonio\/sofia-pareto-jara-estudiante-2o-ano-t-o-udd\/\",\"name\":\"Sof\u00eda Pareto Jara - Terapia Ocupacional\",\"isPartOf\":{\"@id\":\"https:\/\/medicina.udd.cl\/terapia-ocupacional-santiago\/#website\"},\"primaryImageOfPage\":{\"@id\":\"https:\/\/medicina.udd.cl\/terapia-ocupacional-santiago\/testimonio\/sofia-pareto-jara-estudiante-2o-ano-t-o-udd\/#primaryimage\"},\"image\":{\"@id\":\"https:\/\/medicina.udd.cl\/terapia-ocupacional-santiago\/testimonio\/sofia-pareto-jara-estudiante-2o-ano-t-o-udd\/#primaryimage\"},\"thumbnailUrl\":\"https:\/\/medicina.udd.cl\/terapia-ocupacional-santiago\/files\/2021\/01\/Sof\u00eda-Pareto-T.O.2.jpg\",\"datePublished\":\"2021-01-13T15:08:28+00:00\",\"dateModified\":\"2024-05-22T20:19:04+00:00\",\"breadcrumb\":{\"@id\":\"https:\/\/medicina.udd.cl\/terapia-ocupacional-santiago\/testimonio\/sofia-pareto-jara-estudiante-2o-ano-t-o-udd\/#breadcrumb\"},\"inLanguage\":\"es\",\"potentialAction\":[{\"@type\":\"ReadAction\",\"target\":[\"https:\/\/medicina.udd.cl\/terapia-ocupacional-santiago\/testimonio\/sofia-pareto-jara-estudiante-2o-ano-t-o-udd\/\"]}]},{\"@type\":\"ImageObject\",\"inLanguage\":\"es\",\"@id\":\"https:\/\/medicina.udd.cl\/terapia-ocupacional-santiago\/testimonio\/sofia-pareto-jara-estudiante-2o-ano-t-o-udd\/#primaryimage\",\"url\":\"https:\/\/medicina.udd.cl\/terapia-ocupacional-santiago\/files\/2021\/01\/Sof\u00eda-Pareto-T.O.2.jpg\",\"contentUrl\":\"https:\/\/medicina.udd.cl\/terapia-ocupacional-santiago\/files\/2021\/01\/Sof\u00eda-Pareto-T.O.2.jpg\",\"width\":545,\"height\":725},{\"@type\":\"BreadcrumbList\",\"@id\":\"https:\/\/medicina.udd.cl\/terapia-ocupacional-santiago\/testimonio\/sofia-pareto-jara-estudiante-2o-ano-t-o-udd\/#breadcrumb\",\"itemListElement\":[{\"@type\":\"ListItem\",\"position\":1,\"name\":\"Home\",\"item\":\"https:\/\/medicina.udd.cl\/terapia-ocupacional-santiago\/\"},{\"@type\":\"ListItem\",\"position\":2,\"name\":\"Testimonios\",\"item\":\"https:\/\/medicina.udd.cl\/terapia-ocupacional-santiago\/testimonio\/\"},{\"@type\":\"ListItem\",\"position\":3,\"name\":\"Sof\u00eda Pareto Jara\"}]},{\"@type\":\"WebSite\",\"@id\":\"https:\/\/medicina.udd.cl\/terapia-ocupacional-santiago\/#website\",\"url\":\"https:\/\/medicina.udd.cl\/terapia-ocupacional-santiago\/\",\"name\":\"Terapia Ocupacional\",\"description\":\"Facultad de Medicina C\u00ednica Alemana Universidad del Desarrollo\",\"inLanguage\":\"es\"}]}<\/script>\n<!-- \/ Yoast SEO plugin. -->","yoast_head_json":{"title":"Sof\u00eda Pareto Jara - Terapia Ocupacional","robots":{"index":"index","follow":"follow","max-snippet":"max-snippet:-1","max-image-preview":"max-image-preview:large","max-video-preview":"max-video-preview:-1"},"canonical":"https:\/\/medicina.udd.cl\/terapia-ocupacional-santiago\/testimonio\/sofia-pareto-jara-estudiante-2o-ano-t-o-udd\/","og_locale":"es_ES","og_type":"article","og_title":"Sof\u00eda Pareto Jara - Terapia Ocupacional","og_description":"\u201cAl entrar a una carrera nueva y con una dificultad mayor por mi hijo, pens\u00e9 que ser\u00eda muy dif\u00edcil poder adecuarme, sin embargo, nuestra Directora, Coordinadora y Docentes fueron un 7, hasta les pondr\u00eda un 10 (risas). Me han apoyado y ayudado, generando en mi vida universitaria y mi vida personal un ambiente bueno y [&hellip;]","og_url":"https:\/\/medicina.udd.cl\/terapia-ocupacional-santiago\/testimonio\/sofia-pareto-jara-estudiante-2o-ano-t-o-udd\/","og_site_name":"Terapia Ocupacional","article_modified_time":"2024-05-22T20:19:04+00:00","og_image":[{"width":545,"height":725,"url":"https:\/\/medicina.udd.cl\/terapia-ocupacional-santiago\/files\/2021\/01\/Sof\u00eda-Pareto-T.O.2.jpg","type":"image\/jpeg"}],"twitter_card":"summary_large_image","schema":{"@context":"https:\/\/schema.org","@graph":[{"@type":"WebPage","@id":"https:\/\/medicina.udd.cl\/terapia-ocupacional-santiago\/testimonio\/sofia-pareto-jara-estudiante-2o-ano-t-o-udd\/","url":"https:\/\/medicina.udd.cl\/terapia-ocupacional-santiago\/testimonio\/sofia-pareto-jara-estudiante-2o-ano-t-o-udd\/","name":"Sof\u00eda Pareto Jara - Terapia Ocupacional","isPartOf":{"@id":"https:\/\/medicina.udd.cl\/terapia-ocupacional-santiago\/#website"},"primaryImageOfPage":{"@id":"https:\/\/medicina.udd.cl\/terapia-ocupacional-santiago\/testimonio\/sofia-pareto-jara-estudiante-2o-ano-t-o-udd\/#primaryimage"},"image":{"@id":"https:\/\/medicina.udd.cl\/terapia-ocupacional-santiago\/testimonio\/sofia-pareto-jara-estudiante-2o-ano-t-o-udd\/#primaryimage"},"thumbnailUrl":"https:\/\/medicina.udd.cl\/terapia-ocupacional-santiago\/files\/2021\/01\/Sof\u00eda-Pareto-T.O.2.jpg","datePublished":"2021-01-13T15:08:28+00:00","dateModified":"2024-05-22T20:19:04+00:00","breadcrumb":{"@id":"https:\/\/medicina.udd.cl\/terapia-ocupacional-santiago\/testimonio\/sofia-pareto-jara-estudiante-2o-ano-t-o-udd\/#breadcrumb"},"inLanguage":"es","potentialAction":[{"@type":"ReadAction","target":["https:\/\/medicina.udd.cl\/terapia-ocupacional-santiago\/testimonio\/sofia-pareto-jara-estudiante-2o-ano-t-o-udd\/"]}]},{"@type":"ImageObject","inLanguage":"es","@id":"https:\/\/medicina.udd.cl\/terapia-ocupacional-santiago\/testimonio\/sofia-pareto-jara-estudiante-2o-ano-t-o-udd\/#primaryimage","url":"https:\/\/medicina.udd.cl\/terapia-ocupacional-santiago\/files\/2021\/01\/Sof\u00eda-Pareto-T.O.2.jpg","contentUrl":"https:\/\/medicina.udd.cl\/terapia-ocupacional-santiago\/files\/2021\/01\/Sof\u00eda-Pareto-T.O.2.jpg","width":545,"height":725},{"@type":"BreadcrumbList","@id":"https:\/\/medicina.udd.cl\/terapia-ocupacional-santiago\/testimonio\/sofia-pareto-jara-estudiante-2o-ano-t-o-udd\/#breadcrumb","itemListElement":[{"@type":"ListItem","position":1,"name":"Home","item":"https:\/\/medicina.udd.cl\/terapia-ocupacional-santiago\/"},{"@type":"ListItem","position":2,"name":"Testimonios","item":"https:\/\/medicina.udd.cl\/terapia-ocupacional-santiago\/testimonio\/"},{"@type":"ListItem","position":3,"name":"Sof\u00eda Pareto Jara"}]},{"@type":"WebSite","@id":"https:\/\/medicina.udd.cl\/terapia-ocupacional-santiago\/#website","url":"https:\/\/medicina.udd.cl\/terapia-ocupacional-santiago\/","name":"Terapia Ocupacional","description":"Facultad de Medicina C\u00ednica Alemana Universidad del Desarrollo","inLanguage":"es"}]}},"_links":{"self":[{"href":"https:\/\/medicina.udd.cl\/terapia-ocupacional-santiago\/wp-json\/wp\/v2\/testimonials\/830","targetHints":{"allow":["GET"]}}],"collection":[{"href":"https:\/\/medicina.udd.cl\/terapia-ocupacional-santiago\/wp-json\/wp\/v2\/testimonials"}],"about":[{"href":"https:\/\/medicina.udd.cl\/terapia-ocupacional-santiago\/wp-json\/wp\/v2\/types\/testimonial"}],"wp:featuredmedia":[{"embeddable":true,"href":"https:\/\/medicina.udd.cl\/terapia-ocupacional-santiago\/wp-json\/wp\/v2\/media\/837"}],"wp:attachment":[{"href":"https:\/\/medicina.udd.cl\/terapia-ocupacional-santiago\/wp-json\/wp\/v2\/media?parent=830"}],"wp:term":[{"taxonomy":"testimonial_category","embeddable":true,"href":"https:\/\/medicina.udd.cl\/terapia-ocupacional-santiago\/wp-json\/wp\/v2\/testimonial-categories?post=830"}],"curies":[{"name":"wp","href":"https:\/\/api.w.org\/{rel}","templated":true}]}}

Sofía Pareto Jara

<p><em>“Al entrar a una carrera nueva y con una dificultad mayor por mi hijo, pensé que sería muy difícil poder adecuarme, sin embargo, nuestra Directora, Coordinadora y Docentes fueron un 7, hasta les pondría un 10 (risas). Me han apoyado y ayudado, generando en mi vida universitaria y mi vida personal un ambiente bueno y grato. Me encanta mi carrera, aunque recién estoy partiendo y cada día me enamoro más en lo que elegí”.</em></p>

<!-- This site is optimized with the Yoast SEO plugin v26.9 - https://yoast.com/product/yoast-seo-wordpress/ -->
<title>Sofía Pareto Jara - Terapia Ocupacional</title>
<meta name="robots" content="index, follow, max-snippet:-1, max-image-preview:large, max-video-preview:-1" />
<link rel="canonical" href="https://medicina.udd.cl/terapia-ocupacional-santiago/testimonio/sofia-pareto-jara-estudiante-2o-ano-t-o-udd/" />
<meta property="og:locale" content="es_ES" />
<meta property="og:type" content="article" />
<meta property="og:title" content="Sofía Pareto Jara - Terapia Ocupacional" />
<meta property="og:description" content="“Al entrar a una carrera nueva y con una dificultad mayor por mi hijo, pensé que sería muy difícil poder adecuarme, sin embargo, nuestra Directora, Coordinadora y Docentes fueron un 7, hasta les pondría un 10 (risas). Me han apoyado y ayudado, generando en mi vida universitaria y mi vida personal un ambiente bueno y [&hellip;]" />
<meta property="og:url" content="https://medicina.udd.cl/terapia-ocupacional-santiago/testimonio/sofia-pareto-jara-estudiante-2o-ano-t-o-udd/" />
<meta property="og:site_name" content="Terapia Ocupacional" />
<meta property="article:modified_time" content="2024-05-22T20:19:04+00:00" />
<meta property="og:image" content="https://medicina.udd.cl/terapia-ocupacional-santiago/files/2021/01/Sofía-Pareto-T.O.2.jpg" />
	<meta property="og:image:width" content="545" />
	<meta property="og:image:height" content="725" />
	<meta property="og:image:type" content="image/jpeg" />
<meta name="twitter:card" content="summary_large_image" />
<script type="application/ld+json" class="yoast-schema-graph">{"@context":"https://schema.org","@graph":[{"@type":"WebPage","@id":"https://medicina.udd.cl/terapia-ocupacional-santiago/testimonio/sofia-pareto-jara-estudiante-2o-ano-t-o-udd/","url":"https://medicina.udd.cl/terapia-ocupacional-santiago/testimonio/sofia-pareto-jara-estudiante-2o-ano-t-o-udd/","name":"Sofía Pareto Jara - Terapia Ocupacional","isPartOf":{"@id":"https://medicina.udd.cl/terapia-ocupacional-santiago/#website"},"primaryImageOfPage":{"@id":"https://medicina.udd.cl/terapia-ocupacional-santiago/testimonio/sofia-pareto-jara-estudiante-2o-ano-t-o-udd/#primaryimage"},"image":{"@id":"https://medicina.udd.cl/terapia-ocupacional-santiago/testimonio/sofia-pareto-jara-estudiante-2o-ano-t-o-udd/#primaryimage"},"thumbnailUrl":"https://medicina.udd.cl/terapia-ocupacional-santiago/files/2021/01/Sofía-Pareto-T.O.2.jpg","datePublished":"2021-01-13T15:08:28+00:00","dateModified":"2024-05-22T20:19:04+00:00","breadcrumb":{"@id":"https://medicina.udd.cl/terapia-ocupacional-santiago/testimonio/sofia-pareto-jara-estudiante-2o-ano-t-o-udd/#breadcrumb"},"inLanguage":"es","potentialAction":[{"@type":"ReadAction","target":["https://medicina.udd.cl/terapia-ocupacional-santiago/testimonio/sofia-pareto-jara-estudiante-2o-ano-t-o-udd/"]}]},{"@type":"ImageObject","inLanguage":"es","@id":"https://medicina.udd.cl/terapia-ocupacional-santiago/testimonio/sofia-pareto-jara-estudiante-2o-ano-t-o-udd/#primaryimage","url":"https://medicina.udd.cl/terapia-ocupacional-santiago/files/2021/01/Sofía-Pareto-T.O.2.jpg","contentUrl":"https://medicina.udd.cl/terapia-ocupacional-santiago/files/2021/01/Sofía-Pareto-T.O.2.jpg","width":545,"height":725},{"@type":"BreadcrumbList","@id":"https://medicina.udd.cl/terapia-ocupacional-santiago/testimonio/sofia-pareto-jara-estudiante-2o-ano-t-o-udd/#breadcrumb","itemListElement":[{"@type":"ListItem","position":1,"name":"Home","item":"https://medicina.udd.cl/terapia-ocupacional-santiago/"},{"@type":"ListItem","position":2,"name":"Testimonios","item":"https://medicina.udd.cl/terapia-ocupacional-santiago/testimonio/"},{"@type":"ListItem","position":3,"name":"Sofía Pareto Jara"}]},{"@type":"WebSite","@id":"https://medicina.udd.cl/terapia-ocupacional-santiago/#website","url":"https://medicina.udd.cl/terapia-ocupacional-santiago/","name":"Terapia Ocupacional","description":"Facultad de Medicina Cínica Alemana Universidad del Desarrollo","inLanguage":"es"}]}</script>
<!-- / Yoast SEO plugin. -->

Sofía Pareto Jara - Terapia Ocupacional

“Al entrar a una carrera nueva y con una dificultad mayor por mi hijo, pensé que sería muy difícil poder adecuarme, sin embargo, nuestra Directora, Coordinadora y Docentes fueron un 7, hasta les pondría un 10 (risas). Me han apoyado y ayudado, generando en mi vida universitaria y mi vida personal un ambiente bueno y [&hellip;]

https://medicina.udd.cl/terapia-ocupacional-santiago/files/2021/01/Sofía-Pareto-T.O.2.jpg

Facultad de Medicina Cínica Alemana Universidad del Desarrollo
