{"id":832,"date":"2021-01-13T16:13:19","date_gmt":"2021-01-13T15:13:19","guid":{"rendered":"http:\/\/medicina.udd.cl\/terapia-ocupacional-santiago\/?post_type=testimonial&#038;p=832"},"modified":"2024-05-22T22:18:43","modified_gmt":"2024-05-22T20:18:43","slug":"benjamin-argel-ureta-estudiante-2o-ano-t-o-udd","status":"publish","type":"testimonial","link":"https:\/\/medicina.udd.cl\/terapia-ocupacional-santiago\/testimonio\/benjamin-argel-ureta-estudiante-2o-ano-t-o-udd\/","title":{"rendered":"Benjam\u00edn Argel Ureta"},"content":{"rendered":"\n<p><em>\u201cDecid\u00ed estudiar esta carrera ya que siempre me he visto muy ligado al \u00e1rea de la salud, me gusta ayudar a las personas, empatizar, poder hacer un bien com\u00fan y siento que esta carrera se adapta muy bien a todos mis intereses personales, lo cual me hace estar muy satisfecho y contento\u201d. <\/em><\/p>\n","protected":false},"featured_media":836,"template":"","testimonial-categories":[8],"class_list":["post-832","testimonial","type-testimonial","status-publish","has-post-thumbnail","hentry"],"yoast_head":"<!-- This site is optimized with the Yoast SEO plugin v26.9 - https:\/\/yoast.com\/product\/yoast-seo-wordpress\/ -->\n<title>Benjam\u00edn Argel Ureta - Terapia Ocupacional<\/title>\n<meta name=\"robots\" content=\"index, follow, max-snippet:-1, max-image-preview:large, max-video-preview:-1\" \/>\n<link rel=\"canonical\" href=\"https:\/\/medicina.udd.cl\/terapia-ocupacional-santiago\/testimonio\/benjamin-argel-ureta-estudiante-2o-ano-t-o-udd\/\" \/>\n<meta property=\"og:locale\" content=\"es_ES\" \/>\n<meta property=\"og:type\" content=\"article\" \/>\n<meta property=\"og:title\" content=\"Benjam\u00edn Argel Ureta - Terapia Ocupacional\" \/>\n<meta property=\"og:description\" content=\"\u201cDecid\u00ed estudiar esta carrera ya que siempre me he visto muy ligado al \u00e1rea de la salud, me gusta ayudar a las personas, empatizar, poder hacer un bien com\u00fan y siento que esta carrera se adapta muy bien a todos mis intereses personales, lo cual me hace estar muy satisfecho y contento\u201d.\" \/>\n<meta property=\"og:url\" content=\"https:\/\/medicina.udd.cl\/terapia-ocupacional-santiago\/testimonio\/benjamin-argel-ureta-estudiante-2o-ano-t-o-udd\/\" \/>\n<meta property=\"og:site_name\" content=\"Terapia Ocupacional\" \/>\n<meta property=\"article:modified_time\" content=\"2024-05-22T20:18:43+00:00\" \/>\n<meta property=\"og:image\" content=\"https:\/\/medicina.udd.cl\/terapia-ocupacional-santiago\/files\/2021\/01\/Benjam\u00edn-Argel-T.O2.jpg\" \/>\n\t<meta property=\"og:image:width\" content=\"377\" \/>\n\t<meta property=\"og:image:height\" content=\"466\" \/>\n\t<meta property=\"og:image:type\" content=\"image\/jpeg\" \/>\n<meta name=\"twitter:card\" content=\"summary_large_image\" \/>\n<script type=\"application\/ld+json\" class=\"yoast-schema-graph\">{\"@context\":\"https:\/\/schema.org\",\"@graph\":[{\"@type\":\"WebPage\",\"@id\":\"https:\/\/medicina.udd.cl\/terapia-ocupacional-santiago\/testimonio\/benjamin-argel-ureta-estudiante-2o-ano-t-o-udd\/\",\"url\":\"https:\/\/medicina.udd.cl\/terapia-ocupacional-santiago\/testimonio\/benjamin-argel-ureta-estudiante-2o-ano-t-o-udd\/\",\"name\":\"Benjam\u00edn Argel Ureta - Terapia Ocupacional\",\"isPartOf\":{\"@id\":\"https:\/\/medicina.udd.cl\/terapia-ocupacional-santiago\/#website\"},\"primaryImageOfPage\":{\"@id\":\"https:\/\/medicina.udd.cl\/terapia-ocupacional-santiago\/testimonio\/benjamin-argel-ureta-estudiante-2o-ano-t-o-udd\/#primaryimage\"},\"image\":{\"@id\":\"https:\/\/medicina.udd.cl\/terapia-ocupacional-santiago\/testimonio\/benjamin-argel-ureta-estudiante-2o-ano-t-o-udd\/#primaryimage\"},\"thumbnailUrl\":\"https:\/\/medicina.udd.cl\/terapia-ocupacional-santiago\/files\/2021\/01\/Benjam\u00edn-Argel-T.O2.jpg\",\"datePublished\":\"2021-01-13T15:13:19+00:00\",\"dateModified\":\"2024-05-22T20:18:43+00:00\",\"breadcrumb\":{\"@id\":\"https:\/\/medicina.udd.cl\/terapia-ocupacional-santiago\/testimonio\/benjamin-argel-ureta-estudiante-2o-ano-t-o-udd\/#breadcrumb\"},\"inLanguage\":\"es\",\"potentialAction\":[{\"@type\":\"ReadAction\",\"target\":[\"https:\/\/medicina.udd.cl\/terapia-ocupacional-santiago\/testimonio\/benjamin-argel-ureta-estudiante-2o-ano-t-o-udd\/\"]}]},{\"@type\":\"ImageObject\",\"inLanguage\":\"es\",\"@id\":\"https:\/\/medicina.udd.cl\/terapia-ocupacional-santiago\/testimonio\/benjamin-argel-ureta-estudiante-2o-ano-t-o-udd\/#primaryimage\",\"url\":\"https:\/\/medicina.udd.cl\/terapia-ocupacional-santiago\/files\/2021\/01\/Benjam\u00edn-Argel-T.O2.jpg\",\"contentUrl\":\"https:\/\/medicina.udd.cl\/terapia-ocupacional-santiago\/files\/2021\/01\/Benjam\u00edn-Argel-T.O2.jpg\",\"width\":377,\"height\":466},{\"@type\":\"BreadcrumbList\",\"@id\":\"https:\/\/medicina.udd.cl\/terapia-ocupacional-santiago\/testimonio\/benjamin-argel-ureta-estudiante-2o-ano-t-o-udd\/#breadcrumb\",\"itemListElement\":[{\"@type\":\"ListItem\",\"position\":1,\"name\":\"Home\",\"item\":\"https:\/\/medicina.udd.cl\/terapia-ocupacional-santiago\/\"},{\"@type\":\"ListItem\",\"position\":2,\"name\":\"Testimonios\",\"item\":\"https:\/\/medicina.udd.cl\/terapia-ocupacional-santiago\/testimonio\/\"},{\"@type\":\"ListItem\",\"position\":3,\"name\":\"Benjam\u00edn Argel Ureta\"}]},{\"@type\":\"WebSite\",\"@id\":\"https:\/\/medicina.udd.cl\/terapia-ocupacional-santiago\/#website\",\"url\":\"https:\/\/medicina.udd.cl\/terapia-ocupacional-santiago\/\",\"name\":\"Terapia Ocupacional\",\"description\":\"Facultad de Medicina C\u00ednica Alemana Universidad del Desarrollo\",\"inLanguage\":\"es\"}]}<\/script>\n<!-- \/ Yoast SEO plugin. -->","yoast_head_json":{"title":"Benjam\u00edn Argel Ureta - Terapia Ocupacional","robots":{"index":"index","follow":"follow","max-snippet":"max-snippet:-1","max-image-preview":"max-image-preview:large","max-video-preview":"max-video-preview:-1"},"canonical":"https:\/\/medicina.udd.cl\/terapia-ocupacional-santiago\/testimonio\/benjamin-argel-ureta-estudiante-2o-ano-t-o-udd\/","og_locale":"es_ES","og_type":"article","og_title":"Benjam\u00edn Argel Ureta - Terapia Ocupacional","og_description":"\u201cDecid\u00ed estudiar esta carrera ya que siempre me he visto muy ligado al \u00e1rea de la salud, me gusta ayudar a las personas, empatizar, poder hacer un bien com\u00fan y siento que esta carrera se adapta muy bien a todos mis intereses personales, lo cual me hace estar muy satisfecho y contento\u201d.","og_url":"https:\/\/medicina.udd.cl\/terapia-ocupacional-santiago\/testimonio\/benjamin-argel-ureta-estudiante-2o-ano-t-o-udd\/","og_site_name":"Terapia Ocupacional","article_modified_time":"2024-05-22T20:18:43+00:00","og_image":[{"width":377,"height":466,"url":"https:\/\/medicina.udd.cl\/terapia-ocupacional-santiago\/files\/2021\/01\/Benjam\u00edn-Argel-T.O2.jpg","type":"image\/jpeg"}],"twitter_card":"summary_large_image","schema":{"@context":"https:\/\/schema.org","@graph":[{"@type":"WebPage","@id":"https:\/\/medicina.udd.cl\/terapia-ocupacional-santiago\/testimonio\/benjamin-argel-ureta-estudiante-2o-ano-t-o-udd\/","url":"https:\/\/medicina.udd.cl\/terapia-ocupacional-santiago\/testimonio\/benjamin-argel-ureta-estudiante-2o-ano-t-o-udd\/","name":"Benjam\u00edn Argel Ureta - Terapia Ocupacional","isPartOf":{"@id":"https:\/\/medicina.udd.cl\/terapia-ocupacional-santiago\/#website"},"primaryImageOfPage":{"@id":"https:\/\/medicina.udd.cl\/terapia-ocupacional-santiago\/testimonio\/benjamin-argel-ureta-estudiante-2o-ano-t-o-udd\/#primaryimage"},"image":{"@id":"https:\/\/medicina.udd.cl\/terapia-ocupacional-santiago\/testimonio\/benjamin-argel-ureta-estudiante-2o-ano-t-o-udd\/#primaryimage"},"thumbnailUrl":"https:\/\/medicina.udd.cl\/terapia-ocupacional-santiago\/files\/2021\/01\/Benjam\u00edn-Argel-T.O2.jpg","datePublished":"2021-01-13T15:13:19+00:00","dateModified":"2024-05-22T20:18:43+00:00","breadcrumb":{"@id":"https:\/\/medicina.udd.cl\/terapia-ocupacional-santiago\/testimonio\/benjamin-argel-ureta-estudiante-2o-ano-t-o-udd\/#breadcrumb"},"inLanguage":"es","potentialAction":[{"@type":"ReadAction","target":["https:\/\/medicina.udd.cl\/terapia-ocupacional-santiago\/testimonio\/benjamin-argel-ureta-estudiante-2o-ano-t-o-udd\/"]}]},{"@type":"ImageObject","inLanguage":"es","@id":"https:\/\/medicina.udd.cl\/terapia-ocupacional-santiago\/testimonio\/benjamin-argel-ureta-estudiante-2o-ano-t-o-udd\/#primaryimage","url":"https:\/\/medicina.udd.cl\/terapia-ocupacional-santiago\/files\/2021\/01\/Benjam\u00edn-Argel-T.O2.jpg","contentUrl":"https:\/\/medicina.udd.cl\/terapia-ocupacional-santiago\/files\/2021\/01\/Benjam\u00edn-Argel-T.O2.jpg","width":377,"height":466},{"@type":"BreadcrumbList","@id":"https:\/\/medicina.udd.cl\/terapia-ocupacional-santiago\/testimonio\/benjamin-argel-ureta-estudiante-2o-ano-t-o-udd\/#breadcrumb","itemListElement":[{"@type":"ListItem","position":1,"name":"Home","item":"https:\/\/medicina.udd.cl\/terapia-ocupacional-santiago\/"},{"@type":"ListItem","position":2,"name":"Testimonios","item":"https:\/\/medicina.udd.cl\/terapia-ocupacional-santiago\/testimonio\/"},{"@type":"ListItem","position":3,"name":"Benjam\u00edn Argel Ureta"}]},{"@type":"WebSite","@id":"https:\/\/medicina.udd.cl\/terapia-ocupacional-santiago\/#website","url":"https:\/\/medicina.udd.cl\/terapia-ocupacional-santiago\/","name":"Terapia Ocupacional","description":"Facultad de Medicina C\u00ednica Alemana Universidad del Desarrollo","inLanguage":"es"}]}},"_links":{"self":[{"href":"https:\/\/medicina.udd.cl\/terapia-ocupacional-santiago\/wp-json\/wp\/v2\/testimonials\/832","targetHints":{"allow":["GET"]}}],"collection":[{"href":"https:\/\/medicina.udd.cl\/terapia-ocupacional-santiago\/wp-json\/wp\/v2\/testimonials"}],"about":[{"href":"https:\/\/medicina.udd.cl\/terapia-ocupacional-santiago\/wp-json\/wp\/v2\/types\/testimonial"}],"wp:featuredmedia":[{"embeddable":true,"href":"https:\/\/medicina.udd.cl\/terapia-ocupacional-santiago\/wp-json\/wp\/v2\/media\/836"}],"wp:attachment":[{"href":"https:\/\/medicina.udd.cl\/terapia-ocupacional-santiago\/wp-json\/wp\/v2\/media?parent=832"}],"wp:term":[{"taxonomy":"testimonial_category","embeddable":true,"href":"https:\/\/medicina.udd.cl\/terapia-ocupacional-santiago\/wp-json\/wp\/v2\/testimonial-categories?post=832"}],"curies":[{"name":"wp","href":"https:\/\/api.w.org\/{rel}","templated":true}]}}

Benjamín Argel Ureta

<p><em>“Decidí estudiar esta carrera ya que siempre me he visto muy ligado al área de la salud, me gusta ayudar a las personas, empatizar, poder hacer un bien común y siento que esta carrera se adapta muy bien a todos mis intereses personales, lo cual me hace estar muy satisfecho y contento”. </em></p>

<!-- This site is optimized with the Yoast SEO plugin v26.9 - https://yoast.com/product/yoast-seo-wordpress/ -->
<title>Benjamín Argel Ureta - Terapia Ocupacional</title>
<meta name="robots" content="index, follow, max-snippet:-1, max-image-preview:large, max-video-preview:-1" />
<link rel="canonical" href="https://medicina.udd.cl/terapia-ocupacional-santiago/testimonio/benjamin-argel-ureta-estudiante-2o-ano-t-o-udd/" />
<meta property="og:locale" content="es_ES" />
<meta property="og:type" content="article" />
<meta property="og:title" content="Benjamín Argel Ureta - Terapia Ocupacional" />
<meta property="og:description" content="“Decidí estudiar esta carrera ya que siempre me he visto muy ligado al área de la salud, me gusta ayudar a las personas, empatizar, poder hacer un bien común y siento que esta carrera se adapta muy bien a todos mis intereses personales, lo cual me hace estar muy satisfecho y contento”." />
<meta property="og:url" content="https://medicina.udd.cl/terapia-ocupacional-santiago/testimonio/benjamin-argel-ureta-estudiante-2o-ano-t-o-udd/" />
<meta property="og:site_name" content="Terapia Ocupacional" />
<meta property="article:modified_time" content="2024-05-22T20:18:43+00:00" />
<meta property="og:image" content="https://medicina.udd.cl/terapia-ocupacional-santiago/files/2021/01/Benjamín-Argel-T.O2.jpg" />
	<meta property="og:image:width" content="377" />
	<meta property="og:image:height" content="466" />
	<meta property="og:image:type" content="image/jpeg" />
<meta name="twitter:card" content="summary_large_image" />
<script type="application/ld+json" class="yoast-schema-graph">{"@context":"https://schema.org","@graph":[{"@type":"WebPage","@id":"https://medicina.udd.cl/terapia-ocupacional-santiago/testimonio/benjamin-argel-ureta-estudiante-2o-ano-t-o-udd/","url":"https://medicina.udd.cl/terapia-ocupacional-santiago/testimonio/benjamin-argel-ureta-estudiante-2o-ano-t-o-udd/","name":"Benjamín Argel Ureta - Terapia Ocupacional","isPartOf":{"@id":"https://medicina.udd.cl/terapia-ocupacional-santiago/#website"},"primaryImageOfPage":{"@id":"https://medicina.udd.cl/terapia-ocupacional-santiago/testimonio/benjamin-argel-ureta-estudiante-2o-ano-t-o-udd/#primaryimage"},"image":{"@id":"https://medicina.udd.cl/terapia-ocupacional-santiago/testimonio/benjamin-argel-ureta-estudiante-2o-ano-t-o-udd/#primaryimage"},"thumbnailUrl":"https://medicina.udd.cl/terapia-ocupacional-santiago/files/2021/01/Benjamín-Argel-T.O2.jpg","datePublished":"2021-01-13T15:13:19+00:00","dateModified":"2024-05-22T20:18:43+00:00","breadcrumb":{"@id":"https://medicina.udd.cl/terapia-ocupacional-santiago/testimonio/benjamin-argel-ureta-estudiante-2o-ano-t-o-udd/#breadcrumb"},"inLanguage":"es","potentialAction":[{"@type":"ReadAction","target":["https://medicina.udd.cl/terapia-ocupacional-santiago/testimonio/benjamin-argel-ureta-estudiante-2o-ano-t-o-udd/"]}]},{"@type":"ImageObject","inLanguage":"es","@id":"https://medicina.udd.cl/terapia-ocupacional-santiago/testimonio/benjamin-argel-ureta-estudiante-2o-ano-t-o-udd/#primaryimage","url":"https://medicina.udd.cl/terapia-ocupacional-santiago/files/2021/01/Benjamín-Argel-T.O2.jpg","contentUrl":"https://medicina.udd.cl/terapia-ocupacional-santiago/files/2021/01/Benjamín-Argel-T.O2.jpg","width":377,"height":466},{"@type":"BreadcrumbList","@id":"https://medicina.udd.cl/terapia-ocupacional-santiago/testimonio/benjamin-argel-ureta-estudiante-2o-ano-t-o-udd/#breadcrumb","itemListElement":[{"@type":"ListItem","position":1,"name":"Home","item":"https://medicina.udd.cl/terapia-ocupacional-santiago/"},{"@type":"ListItem","position":2,"name":"Testimonios","item":"https://medicina.udd.cl/terapia-ocupacional-santiago/testimonio/"},{"@type":"ListItem","position":3,"name":"Benjamín Argel Ureta"}]},{"@type":"WebSite","@id":"https://medicina.udd.cl/terapia-ocupacional-santiago/#website","url":"https://medicina.udd.cl/terapia-ocupacional-santiago/","name":"Terapia Ocupacional","description":"Facultad de Medicina Cínica Alemana Universidad del Desarrollo","inLanguage":"es"}]}</script>
<!-- / Yoast SEO plugin. -->

Benjamín Argel Ureta - Terapia Ocupacional

“Decidí estudiar esta carrera ya que siempre me he visto muy ligado al área de la salud, me gusta ayudar a las personas, empatizar, poder hacer un bien común y siento que esta carrera se adapta muy bien a todos mis intereses personales, lo cual me hace estar muy satisfecho y contento”.

https://medicina.udd.cl/terapia-ocupacional-santiago/files/2021/01/Benjamín-Argel-T.O2.jpg

Facultad de Medicina Cínica Alemana Universidad del Desarrollo
