{"id":12,"date":"2010-04-06T11:03:50","date_gmt":"2010-04-06T15:03:50","guid":{"rendered":"http:\/\/medicina.udd.cl\/enfermeria-cuidados-intensivos-adulto\/postulacion\/requisitos\/"},"modified":"2011-11-23T11:32:44","modified_gmt":"2011-11-23T14:32:44","slug":"requisitos","status":"publish","type":"page","link":"https:\/\/medicina.udd.cl\/uci-adulto\/postulacion\/requisitos\/","title":{"rendered":"Requisitos"},"content":{"rendered":"<p><span style=\"font-family: Symbol;\">\u00b7<\/span>\u00a0\u00a0\u00a0\u00a0\u00a0\u00a0\u00a0\u00a0\u00a0 T\u00edtulo profesional de Enfermera o Enfermera-Matrona de cualquier universidad chilena. En caso de ser de universidad extranjera, deber\u00e1 estar revalidado en nuestro pa\u00eds.<br \/>\n<span style=\"font-family: Symbol;\">\u00b7<\/span>\u00a0\u00a0\u00a0\u00a0\u00a0\u00a0\u00a0\u00a0\u00a0 Edad hasta 35 a\u00f1os.<br \/>\n<span style=\"font-family: Symbol;\">\u00b7<\/span>\u00a0\u00a0\u00a0\u00a0\u00a0\u00a0\u00a0\u00a0\u00a0 Experiencia de \u00a0clinica 3 a\u00f1os en servicio de adultos<br \/>\n<span style=\"font-family: Symbol;\">\u00b7<\/span>\u00a0\u00a0\u00a0\u00a0\u00a0\u00a0\u00a0\u00a0\u00a0 Dedicaci\u00f3n exclusiva por el tiempo que se desarrolle el programa<br \/>\n<span style=\"font-family: Symbol;\">\u00b7<\/span>\u00a0\u00a0\u00a0\u00a0\u00a0\u00a0\u00a0\u00a0\u00a0 Evaluaci\u00f3n psicol\u00f3gica<\/p>\n<p style=\"text-align: justify;\"><strong>Financiamiento:<br \/>\n<\/strong>El financiamiento de los aranceles de los programas est\u00e1 cubierto por las instituciones que otorgan las becas (UDD, Cl\u00ednica Alemana, Hospital Padre Hurtado, Servicios de Salud, MINSAL u otra). El m\u00e9dico en formaci\u00f3n recibe una remuneraci\u00f3n o estipendio, seg\u00fan la instituci\u00f3n que otorga la beca. Los M\u00e9dicos en Formaci\u00f3n s\u00f3lo cancelan la matr\u00edcula anual, cuando la instituci\u00f3n que otorga la beca no la cubre.<\/p>\n","protected":false},"excerpt":{"rendered":"<p>Conoce los requisitos para postular a la especialidad.<\/p>\n","protected":false},"author":1,"featured_media":0,"parent":4,"menu_order":0,"comment_status":"open","ping_status":"open","template":"","meta":{"footnotes":""},"class_list":["post-12","page","type-page","status-publish","hentry"],"yoast_head":"<!-- This site is optimized with the Yoast SEO plugin v26.9 - https:\/\/yoast.com\/product\/yoast-seo-wordpress\/ -->\n<title>Requisitos - Post\u00edtulo de Especialidad en Unidad de Cuidados Intensivos del Adulto<\/title>\n<meta name=\"robots\" content=\"index, follow, max-snippet:-1, max-image-preview:large, max-video-preview:-1\" \/>\n<link rel=\"canonical\" href=\"https:\/\/medicina.udd.cl\/uci-adulto\/postulacion\/requisitos\/\" \/>\n<meta property=\"og:locale\" content=\"es_ES\" \/>\n<meta property=\"og:type\" content=\"article\" \/>\n<meta property=\"og:title\" content=\"Requisitos - Post\u00edtulo de Especialidad en Unidad de Cuidados Intensivos del Adulto\" \/>\n<meta property=\"og:description\" content=\"Conoce los requisitos para postular a la especialidad.\" \/>\n<meta property=\"og:url\" content=\"https:\/\/medicina.udd.cl\/uci-adulto\/postulacion\/requisitos\/\" \/>\n<meta property=\"og:site_name\" content=\"Post\u00edtulo de Especialidad en Unidad de Cuidados Intensivos del Adulto\" \/>\n<meta property=\"article:modified_time\" content=\"2011-11-23T14:32:44+00:00\" \/>\n<meta name=\"twitter:label1\" content=\"Tiempo de lectura\" \/>\n\t<meta name=\"twitter:data1\" content=\"1 minuto\" \/>\n<script type=\"application\/ld+json\" class=\"yoast-schema-graph\">{\"@context\":\"https:\/\/schema.org\",\"@graph\":[{\"@type\":\"WebPage\",\"@id\":\"https:\/\/medicina.udd.cl\/uci-adulto\/postulacion\/requisitos\/\",\"url\":\"https:\/\/medicina.udd.cl\/uci-adulto\/postulacion\/requisitos\/\",\"name\":\"Requisitos - Post\u00edtulo de Especialidad en Unidad de Cuidados Intensivos del Adulto\",\"isPartOf\":{\"@id\":\"https:\/\/medicina.udd.cl\/uci-adulto\/#website\"},\"datePublished\":\"2010-04-06T15:03:50+00:00\",\"dateModified\":\"2011-11-23T14:32:44+00:00\",\"breadcrumb\":{\"@id\":\"https:\/\/medicina.udd.cl\/uci-adulto\/postulacion\/requisitos\/#breadcrumb\"},\"inLanguage\":\"es\",\"potentialAction\":[{\"@type\":\"ReadAction\",\"target\":[\"https:\/\/medicina.udd.cl\/uci-adulto\/postulacion\/requisitos\/\"]}]},{\"@type\":\"BreadcrumbList\",\"@id\":\"https:\/\/medicina.udd.cl\/uci-adulto\/postulacion\/requisitos\/#breadcrumb\",\"itemListElement\":[{\"@type\":\"ListItem\",\"position\":1,\"name\":\"Home\",\"item\":\"https:\/\/medicina.udd.cl\/uci-adulto\/\"},{\"@type\":\"ListItem\",\"position\":2,\"name\":\"Postulaci\u00f3n\",\"item\":\"https:\/\/medicina.udd.cl\/uci-adulto\/postulacion\/\"},{\"@type\":\"ListItem\",\"position\":3,\"name\":\"Requisitos\"}]},{\"@type\":\"WebSite\",\"@id\":\"https:\/\/medicina.udd.cl\/uci-adulto\/#website\",\"url\":\"https:\/\/medicina.udd.cl\/uci-adulto\/\",\"name\":\"Post\u00edtulo de Especialidad en Unidad de Cuidados Intensivos del Adulto\",\"description\":\"Otro blog m\u00e1s de Medicina\",\"potentialAction\":[{\"@type\":\"SearchAction\",\"target\":{\"@type\":\"EntryPoint\",\"urlTemplate\":\"https:\/\/medicina.udd.cl\/uci-adulto\/?s={search_term_string}\"},\"query-input\":{\"@type\":\"PropertyValueSpecification\",\"valueRequired\":true,\"valueName\":\"search_term_string\"}}],\"inLanguage\":\"es\"}]}<\/script>\n<!-- \/ Yoast SEO plugin. -->","yoast_head_json":{"title":"Requisitos - Post\u00edtulo de Especialidad en Unidad de Cuidados Intensivos del Adulto","robots":{"index":"index","follow":"follow","max-snippet":"max-snippet:-1","max-image-preview":"max-image-preview:large","max-video-preview":"max-video-preview:-1"},"canonical":"https:\/\/medicina.udd.cl\/uci-adulto\/postulacion\/requisitos\/","og_locale":"es_ES","og_type":"article","og_title":"Requisitos - Post\u00edtulo de Especialidad en Unidad de Cuidados Intensivos del Adulto","og_description":"Conoce los requisitos para postular a la especialidad.","og_url":"https:\/\/medicina.udd.cl\/uci-adulto\/postulacion\/requisitos\/","og_site_name":"Post\u00edtulo de Especialidad en Unidad de Cuidados Intensivos del Adulto","article_modified_time":"2011-11-23T14:32:44+00:00","twitter_misc":{"Tiempo de lectura":"1 minuto"},"schema":{"@context":"https:\/\/schema.org","@graph":[{"@type":"WebPage","@id":"https:\/\/medicina.udd.cl\/uci-adulto\/postulacion\/requisitos\/","url":"https:\/\/medicina.udd.cl\/uci-adulto\/postulacion\/requisitos\/","name":"Requisitos - Post\u00edtulo de Especialidad en Unidad de Cuidados Intensivos del Adulto","isPartOf":{"@id":"https:\/\/medicina.udd.cl\/uci-adulto\/#website"},"datePublished":"2010-04-06T15:03:50+00:00","dateModified":"2011-11-23T14:32:44+00:00","breadcrumb":{"@id":"https:\/\/medicina.udd.cl\/uci-adulto\/postulacion\/requisitos\/#breadcrumb"},"inLanguage":"es","potentialAction":[{"@type":"ReadAction","target":["https:\/\/medicina.udd.cl\/uci-adulto\/postulacion\/requisitos\/"]}]},{"@type":"BreadcrumbList","@id":"https:\/\/medicina.udd.cl\/uci-adulto\/postulacion\/requisitos\/#breadcrumb","itemListElement":[{"@type":"ListItem","position":1,"name":"Home","item":"https:\/\/medicina.udd.cl\/uci-adulto\/"},{"@type":"ListItem","position":2,"name":"Postulaci\u00f3n","item":"https:\/\/medicina.udd.cl\/uci-adulto\/postulacion\/"},{"@type":"ListItem","position":3,"name":"Requisitos"}]},{"@type":"WebSite","@id":"https:\/\/medicina.udd.cl\/uci-adulto\/#website","url":"https:\/\/medicina.udd.cl\/uci-adulto\/","name":"Post\u00edtulo de Especialidad en Unidad de Cuidados Intensivos del Adulto","description":"Otro blog m\u00e1s de Medicina","potentialAction":[{"@type":"SearchAction","target":{"@type":"EntryPoint","urlTemplate":"https:\/\/medicina.udd.cl\/uci-adulto\/?s={search_term_string}"},"query-input":{"@type":"PropertyValueSpecification","valueRequired":true,"valueName":"search_term_string"}}],"inLanguage":"es"}]}},"_links":{"self":[{"href":"https:\/\/medicina.udd.cl\/uci-adulto\/wp-json\/wp\/v2\/pages\/12","targetHints":{"allow":["GET"]}}],"collection":[{"href":"https:\/\/medicina.udd.cl\/uci-adulto\/wp-json\/wp\/v2\/pages"}],"about":[{"href":"https:\/\/medicina.udd.cl\/uci-adulto\/wp-json\/wp\/v2\/types\/page"}],"author":[{"embeddable":true,"href":"https:\/\/medicina.udd.cl\/uci-adulto\/wp-json\/wp\/v2\/users\/1"}],"replies":[{"embeddable":true,"href":"https:\/\/medicina.udd.cl\/uci-adulto\/wp-json\/wp\/v2\/comments?post=12"}],"version-history":[{"count":2,"href":"https:\/\/medicina.udd.cl\/uci-adulto\/wp-json\/wp\/v2\/pages\/12\/revisions"}],"predecessor-version":[{"id":58,"href":"https:\/\/medicina.udd.cl\/uci-adulto\/wp-json\/wp\/v2\/pages\/12\/revisions\/58"}],"up":[{"embeddable":true,"href":"https:\/\/medicina.udd.cl\/uci-adulto\/wp-json\/wp\/v2\/pages\/4"}],"wp:attachment":[{"href":"https:\/\/medicina.udd.cl\/uci-adulto\/wp-json\/wp\/v2\/media?parent=12"}],"curies":[{"name":"wp","href":"https:\/\/api.w.org\/{rel}","templated":true}]}}