{"id":18,"date":"2010-04-06T11:03:51","date_gmt":"2010-04-06T15:03:51","guid":{"rendered":"http:\/\/medicina.udd.cl\/enfermeria-cuidados-intensivos-adulto\/donde-estamos\/"},"modified":"2010-06-04T10:33:26","modified_gmt":"2010-06-04T14:33:26","slug":"donde-estamos","status":"publish","type":"page","link":"https:\/\/medicina.udd.cl\/uci-adulto\/donde-estamos\/","title":{"rendered":"\u00bfD\u00f3nde estamos?"},"content":{"rendered":"<p>La Facultad de Medicina Cl\u00ednica Alemana Universidad del Desarrollo se ubica en Avenida Las Condes 12.438, en la comuna de Lo Barnechea.<\/p>\n","protected":false},"excerpt":{"rendered":"<p>La Facultad de Medicina Cl\u00ednica Alemana Universidad del Desarrollo se ubica en Avenida Las Condes 12.438, en la comuna de Lo Barnechea.<\/p>\n","protected":false},"author":1,"featured_media":0,"parent":0,"menu_order":0,"comment_status":"open","ping_status":"open","template":"donde-estamos.php","meta":{"footnotes":""},"class_list":["post-18","page","type-page","status-publish","hentry"],"yoast_head":"<!-- This site is optimized with the Yoast SEO plugin v26.9 - https:\/\/yoast.com\/product\/yoast-seo-wordpress\/ -->\n<title>\u00bfD\u00f3nde estamos? - Post\u00edtulo de Especialidad en Unidad de Cuidados Intensivos del Adulto<\/title>\n<meta name=\"robots\" content=\"index, follow, max-snippet:-1, max-image-preview:large, max-video-preview:-1\" \/>\n<link rel=\"canonical\" href=\"https:\/\/medicina.udd.cl\/uci-adulto\/donde-estamos\/\" \/>\n<meta property=\"og:locale\" content=\"es_ES\" \/>\n<meta property=\"og:type\" content=\"article\" \/>\n<meta property=\"og:title\" content=\"\u00bfD\u00f3nde estamos? - Post\u00edtulo de Especialidad en Unidad de Cuidados Intensivos del Adulto\" \/>\n<meta property=\"og:description\" content=\"La Facultad de Medicina Cl\u00ednica Alemana Universidad del Desarrollo se ubica en Avenida Las Condes 12.438, en la comuna de Lo Barnechea.\" \/>\n<meta property=\"og:url\" content=\"https:\/\/medicina.udd.cl\/uci-adulto\/donde-estamos\/\" \/>\n<meta property=\"og:site_name\" content=\"Post\u00edtulo de Especialidad en Unidad de Cuidados Intensivos del Adulto\" \/>\n<meta property=\"article:modified_time\" content=\"2010-06-04T14:33:26+00:00\" \/>\n<script type=\"application\/ld+json\" class=\"yoast-schema-graph\">{\"@context\":\"https:\/\/schema.org\",\"@graph\":[{\"@type\":\"WebPage\",\"@id\":\"https:\/\/medicina.udd.cl\/uci-adulto\/donde-estamos\/\",\"url\":\"https:\/\/medicina.udd.cl\/uci-adulto\/donde-estamos\/\",\"name\":\"\u00bfD\u00f3nde estamos? - Post\u00edtulo de Especialidad en Unidad de Cuidados Intensivos del Adulto\",\"isPartOf\":{\"@id\":\"https:\/\/medicina.udd.cl\/uci-adulto\/#website\"},\"datePublished\":\"2010-04-06T15:03:51+00:00\",\"dateModified\":\"2010-06-04T14:33:26+00:00\",\"breadcrumb\":{\"@id\":\"https:\/\/medicina.udd.cl\/uci-adulto\/donde-estamos\/#breadcrumb\"},\"inLanguage\":\"es\",\"potentialAction\":[{\"@type\":\"ReadAction\",\"target\":[\"https:\/\/medicina.udd.cl\/uci-adulto\/donde-estamos\/\"]}]},{\"@type\":\"BreadcrumbList\",\"@id\":\"https:\/\/medicina.udd.cl\/uci-adulto\/donde-estamos\/#breadcrumb\",\"itemListElement\":[{\"@type\":\"ListItem\",\"position\":1,\"name\":\"Home\",\"item\":\"https:\/\/medicina.udd.cl\/uci-adulto\/\"},{\"@type\":\"ListItem\",\"position\":2,\"name\":\"\u00bfD\u00f3nde estamos?\"}]},{\"@type\":\"WebSite\",\"@id\":\"https:\/\/medicina.udd.cl\/uci-adulto\/#website\",\"url\":\"https:\/\/medicina.udd.cl\/uci-adulto\/\",\"name\":\"Post\u00edtulo de Especialidad en Unidad de Cuidados Intensivos del Adulto\",\"description\":\"Otro blog m\u00e1s de Medicina\",\"potentialAction\":[{\"@type\":\"SearchAction\",\"target\":{\"@type\":\"EntryPoint\",\"urlTemplate\":\"https:\/\/medicina.udd.cl\/uci-adulto\/?s={search_term_string}\"},\"query-input\":{\"@type\":\"PropertyValueSpecification\",\"valueRequired\":true,\"valueName\":\"search_term_string\"}}],\"inLanguage\":\"es\"}]}<\/script>\n<!-- \/ Yoast SEO plugin. -->","yoast_head_json":{"title":"\u00bfD\u00f3nde estamos? - Post\u00edtulo de Especialidad en Unidad de Cuidados Intensivos del Adulto","robots":{"index":"index","follow":"follow","max-snippet":"max-snippet:-1","max-image-preview":"max-image-preview:large","max-video-preview":"max-video-preview:-1"},"canonical":"https:\/\/medicina.udd.cl\/uci-adulto\/donde-estamos\/","og_locale":"es_ES","og_type":"article","og_title":"\u00bfD\u00f3nde estamos? - Post\u00edtulo de Especialidad en Unidad de Cuidados Intensivos del Adulto","og_description":"La Facultad de Medicina Cl\u00ednica Alemana Universidad del Desarrollo se ubica en Avenida Las Condes 12.438, en la comuna de Lo Barnechea.","og_url":"https:\/\/medicina.udd.cl\/uci-adulto\/donde-estamos\/","og_site_name":"Post\u00edtulo de Especialidad en Unidad de Cuidados Intensivos del Adulto","article_modified_time":"2010-06-04T14:33:26+00:00","schema":{"@context":"https:\/\/schema.org","@graph":[{"@type":"WebPage","@id":"https:\/\/medicina.udd.cl\/uci-adulto\/donde-estamos\/","url":"https:\/\/medicina.udd.cl\/uci-adulto\/donde-estamos\/","name":"\u00bfD\u00f3nde estamos? - Post\u00edtulo de Especialidad en Unidad de Cuidados Intensivos del Adulto","isPartOf":{"@id":"https:\/\/medicina.udd.cl\/uci-adulto\/#website"},"datePublished":"2010-04-06T15:03:51+00:00","dateModified":"2010-06-04T14:33:26+00:00","breadcrumb":{"@id":"https:\/\/medicina.udd.cl\/uci-adulto\/donde-estamos\/#breadcrumb"},"inLanguage":"es","potentialAction":[{"@type":"ReadAction","target":["https:\/\/medicina.udd.cl\/uci-adulto\/donde-estamos\/"]}]},{"@type":"BreadcrumbList","@id":"https:\/\/medicina.udd.cl\/uci-adulto\/donde-estamos\/#breadcrumb","itemListElement":[{"@type":"ListItem","position":1,"name":"Home","item":"https:\/\/medicina.udd.cl\/uci-adulto\/"},{"@type":"ListItem","position":2,"name":"\u00bfD\u00f3nde estamos?"}]},{"@type":"WebSite","@id":"https:\/\/medicina.udd.cl\/uci-adulto\/#website","url":"https:\/\/medicina.udd.cl\/uci-adulto\/","name":"Post\u00edtulo de Especialidad en Unidad de Cuidados Intensivos del Adulto","description":"Otro blog m\u00e1s de Medicina","potentialAction":[{"@type":"SearchAction","target":{"@type":"EntryPoint","urlTemplate":"https:\/\/medicina.udd.cl\/uci-adulto\/?s={search_term_string}"},"query-input":{"@type":"PropertyValueSpecification","valueRequired":true,"valueName":"search_term_string"}}],"inLanguage":"es"}]}},"_links":{"self":[{"href":"https:\/\/medicina.udd.cl\/uci-adulto\/wp-json\/wp\/v2\/pages\/18","targetHints":{"allow":["GET"]}}],"collection":[{"href":"https:\/\/medicina.udd.cl\/uci-adulto\/wp-json\/wp\/v2\/pages"}],"about":[{"href":"https:\/\/medicina.udd.cl\/uci-adulto\/wp-json\/wp\/v2\/types\/page"}],"author":[{"embeddable":true,"href":"https:\/\/medicina.udd.cl\/uci-adulto\/wp-json\/wp\/v2\/users\/1"}],"replies":[{"embeddable":true,"href":"https:\/\/medicina.udd.cl\/uci-adulto\/wp-json\/wp\/v2\/comments?post=18"}],"version-history":[{"count":2,"href":"https:\/\/medicina.udd.cl\/uci-adulto\/wp-json\/wp\/v2\/pages\/18\/revisions"}],"predecessor-version":[{"id":54,"href":"https:\/\/medicina.udd.cl\/uci-adulto\/wp-json\/wp\/v2\/pages\/18\/revisions\/54"}],"wp:attachment":[{"href":"https:\/\/medicina.udd.cl\/uci-adulto\/wp-json\/wp\/v2\/media?parent=18"}],"curies":[{"name":"wp","href":"https:\/\/api.w.org\/{rel}","templated":true}]}}