{"id":7,"date":"2010-04-06T11:03:50","date_gmt":"2010-04-06T15:03:50","guid":{"rendered":"http:\/\/medicina.udd.cl\/enfermeria-cuidados-intensivos-adulto\/presentacion\/descripcion\/"},"modified":"2011-11-23T11:31:50","modified_gmt":"2011-11-23T14:31:50","slug":"descripcion","status":"publish","type":"page","link":"https:\/\/medicina.udd.cl\/uci-adulto\/presentacion\/descripcion\/","title":{"rendered":"Descripci\u00f3n"},"content":{"rendered":"<p style=\"text-align: justify;\">Este programa de Post\u00edtulo de Enfermer\u00eda, es de dedicaci\u00f3n exclusiva. Se imparte en modalidad anual, en jornada diurna y cuarto turno y su cupo es de un alumno por a\u00f1o acad\u00e9mico.\u00a0\u00a0\u00a0\u00a0\u00a0\u00a0\u00a0\u00a0\u00a0\u00a0\u00a0\u00a0\u00a0\u00a0\u00a0\u00a0\u00a0\u00a0\u00a0\u00a0\u00a0\u00a0\u00a0\u00a0\u00a0\u00a0<br \/>\nPrograma de Especialidad de Enfermer\u00eda en Cuidados Intensivos del Adulto\u00a0 que conduce a t\u00edtulo de Especialista que se imparte en modalidad anual, en jornada diurna y cuarto turno y su cupo es de un alumno por a\u00f1o acad\u00e9mico. \u00a0\u00a0\u00a0\u00a0\u00a0\u00a0\u00a0\u00a0\u00a0\u00a0\u00a0\u00a0\u00a0\u00a0\u00a0<br \/>\nEl prop\u00f3sito del programa es contribuir en la formaci\u00f3n de postgrado para\u00a0 profesionales de enfermer\u00eda en el \u00e1rea de Cuidados Intensivos del Adulto, enmarcado en la formaci\u00f3n integral, humana , profesional y \u00e9tica con un s\u00f3lido marco te\u00f3rico y pr\u00e1ctico que apoye el quehacer\u00a0 de esta disciplina, que sea capaz de liderar equipo y de resolver problemas de salud con un enfoque de enfermar\u00eda intensiva.<br \/>\nEl programa entrega elementos de an\u00e1lisis y gesti\u00f3n del cuidado en Unidades de Cuidados Intensivos del Adulto, cautelando siempre la dignidad y respeto por los derechos del paciente<br \/>\nLos objetivos principales del programa son:<br \/>\n<span style=\"font-family: Symbol;\">\u00b7<\/span>\u00a0\u00a0\u00a0\u00a0\u00a0\u00a0\u00a0\u00a0\u00a0 Formar enfermeras (os) especialistas en el \u00e1rea de cuidados intensivos del adulto, capaces de desempe\u00f1arse dentro de su \u00e1mbito profesional con conocimientos fundamentados sobre una base te\u00f3rica s\u00f3lida y con una orientaci\u00f3n humana hacia el cuidado de los pacientes.<br \/>\n<span style=\"font-family: Symbol;\">\u00b7<\/span>\u00a0\u00a0\u00a0\u00a0\u00a0\u00a0\u00a0\u00a0\u00a0 Preparar profesionales que resguarden la dignidad de la persona, respeten sus derechos como pacientes, teniendo en cuenta la gesti\u00f3n del cuidado como eje principal.<br \/>\nEl programa permite al alumno reconocer los problemas de salud m\u00e1s frecuentes dentro de las Unidades de Cuidados Intensivos y adquirir las habilidades te\u00f3rico-pr\u00e1cticas en el manejo de este tipo de pacientes. Igualmente brinda la posibilidad de conocer y manejar tecnolog\u00eda de avanzada, tanto para el tratamiento y diagn\u00f3stico de los pacientes de Unidades de Cuidados Intensivos.<\/p>\n<p style=\"text-align: justify;\"><strong>En proceso de acreditaci\u00f3n.<\/strong><\/p>\n<p style=\"text-align: justify;\"><strong>Campo cl\u00ednico:<\/strong> Cl\u00ednica Alemana<\/p>\n<p style=\"text-align: justify;\">\u00a0<div class=\"content-images entry-gallery\"><ul id=\"photos-entry\"><li id=\"image-0\"><img decoding=\"async\" src=\"https:\/\/medicina.udd.cl\/thumbnails\/index.php?src=wp-content\/uploads\/medicina\/blogs.dir\/21\/files\/2010\/04\/CAS5.jpg&amp;w=430&amp;h=270&amp;zc=1&amp;q=100\" alt=\"CAS5\" \/><h3>CAS5<\/h3><\/li><li id=\"image-1\"><img decoding=\"async\" src=\"https:\/\/medicina.udd.cl\/thumbnails\/index.php?src=wp-content\/uploads\/medicina\/blogs.dir\/21\/files\/2010\/04\/CAS1.jpg&amp;w=430&amp;h=270&amp;zc=1&amp;q=100\" alt=\"CAS1\" \/><h3>CAS1<\/h3><\/li><\/ul><ul class=\"paginate-gallery\"><li><a href=\"#image-0\" title=\"CAS5\">CAS5<\/a><\/li>\n<li><a href=\"#image-1\" title=\"CAS1\">CAS1<\/a><\/li>\n<\/ul><\/div><\/p>\n","protected":false},"excerpt":{"rendered":"<p>Conoce los objetivos.<\/p>\n","protected":false},"author":1,"featured_media":0,"parent":3,"menu_order":0,"comment_status":"open","ping_status":"open","template":"","meta":{"footnotes":""},"class_list":["post-7","page","type-page","status-publish","hentry"],"yoast_head":"<!-- This site is optimized with the Yoast SEO plugin v26.9 - https:\/\/yoast.com\/product\/yoast-seo-wordpress\/ -->\n<title>Descripci\u00f3n - Post\u00edtulo de Especialidad en Unidad de Cuidados Intensivos del Adulto<\/title>\n<meta name=\"robots\" content=\"index, follow, max-snippet:-1, max-image-preview:large, max-video-preview:-1\" \/>\n<link rel=\"canonical\" href=\"https:\/\/medicina.udd.cl\/uci-adulto\/presentacion\/descripcion\/\" \/>\n<meta property=\"og:locale\" content=\"es_ES\" \/>\n<meta property=\"og:type\" content=\"article\" \/>\n<meta property=\"og:title\" content=\"Descripci\u00f3n - Post\u00edtulo de Especialidad en Unidad de Cuidados Intensivos del Adulto\" \/>\n<meta property=\"og:description\" content=\"Conoce los objetivos.\" \/>\n<meta property=\"og:url\" content=\"https:\/\/medicina.udd.cl\/uci-adulto\/presentacion\/descripcion\/\" \/>\n<meta property=\"og:site_name\" content=\"Post\u00edtulo de Especialidad en Unidad de Cuidados Intensivos del Adulto\" \/>\n<meta property=\"article:modified_time\" content=\"2011-11-23T14:31:50+00:00\" \/>\n<meta property=\"og:image\" content=\"https:\/\/medicina.udd.cl\/thumbnails\/index.php?src=wp-content\/uploads\/medicina\/blogs.dir\/21\/files\/2010\/06\/MG_2747.jpg&amp;w=430&amp;h=270&amp;zc=1&amp;q=100\" \/>\n<meta name=\"twitter:label1\" content=\"Tiempo de lectura\" \/>\n\t<meta name=\"twitter:data1\" content=\"2 minutos\" \/>\n<script type=\"application\/ld+json\" class=\"yoast-schema-graph\">{\"@context\":\"https:\/\/schema.org\",\"@graph\":[{\"@type\":\"WebPage\",\"@id\":\"https:\/\/medicina.udd.cl\/uci-adulto\/presentacion\/descripcion\/\",\"url\":\"https:\/\/medicina.udd.cl\/uci-adulto\/presentacion\/descripcion\/\",\"name\":\"Descripci\u00f3n - Post\u00edtulo de Especialidad en Unidad de Cuidados Intensivos del Adulto\",\"isPartOf\":{\"@id\":\"https:\/\/medicina.udd.cl\/uci-adulto\/#website\"},\"datePublished\":\"2010-04-06T15:03:50+00:00\",\"dateModified\":\"2011-11-23T14:31:50+00:00\",\"breadcrumb\":{\"@id\":\"https:\/\/medicina.udd.cl\/uci-adulto\/presentacion\/descripcion\/#breadcrumb\"},\"inLanguage\":\"es\",\"potentialAction\":[{\"@type\":\"ReadAction\",\"target\":[\"https:\/\/medicina.udd.cl\/uci-adulto\/presentacion\/descripcion\/\"]}]},{\"@type\":\"BreadcrumbList\",\"@id\":\"https:\/\/medicina.udd.cl\/uci-adulto\/presentacion\/descripcion\/#breadcrumb\",\"itemListElement\":[{\"@type\":\"ListItem\",\"position\":1,\"name\":\"Home\",\"item\":\"https:\/\/medicina.udd.cl\/uci-adulto\/\"},{\"@type\":\"ListItem\",\"position\":2,\"name\":\"Presentaci\u00f3n\",\"item\":\"https:\/\/medicina.udd.cl\/uci-adulto\/presentacion\/\"},{\"@type\":\"ListItem\",\"position\":3,\"name\":\"Descripci\u00f3n\"}]},{\"@type\":\"WebSite\",\"@id\":\"https:\/\/medicina.udd.cl\/uci-adulto\/#website\",\"url\":\"https:\/\/medicina.udd.cl\/uci-adulto\/\",\"name\":\"Post\u00edtulo de Especialidad en Unidad de Cuidados Intensivos del Adulto\",\"description\":\"Otro blog m\u00e1s de Medicina\",\"potentialAction\":[{\"@type\":\"SearchAction\",\"target\":{\"@type\":\"EntryPoint\",\"urlTemplate\":\"https:\/\/medicina.udd.cl\/uci-adulto\/?s={search_term_string}\"},\"query-input\":{\"@type\":\"PropertyValueSpecification\",\"valueRequired\":true,\"valueName\":\"search_term_string\"}}],\"inLanguage\":\"es\"}]}<\/script>\n<!-- \/ Yoast SEO plugin. -->","yoast_head_json":{"title":"Descripci\u00f3n - Post\u00edtulo de Especialidad en Unidad de Cuidados Intensivos del Adulto","robots":{"index":"index","follow":"follow","max-snippet":"max-snippet:-1","max-image-preview":"max-image-preview:large","max-video-preview":"max-video-preview:-1"},"canonical":"https:\/\/medicina.udd.cl\/uci-adulto\/presentacion\/descripcion\/","og_locale":"es_ES","og_type":"article","og_title":"Descripci\u00f3n - Post\u00edtulo de Especialidad en Unidad de Cuidados Intensivos del Adulto","og_description":"Conoce los objetivos.","og_url":"https:\/\/medicina.udd.cl\/uci-adulto\/presentacion\/descripcion\/","og_site_name":"Post\u00edtulo de Especialidad en Unidad de Cuidados Intensivos del Adulto","article_modified_time":"2011-11-23T14:31:50+00:00","og_image":[{"url":"https:\/\/medicina.udd.cl\/thumbnails\/index.php?src=wp-content\/uploads\/medicina\/blogs.dir\/21\/files\/2010\/06\/MG_2747.jpg&amp;w=430&amp;h=270&amp;zc=1&amp;q=100","type":"","width":"","height":""}],"twitter_misc":{"Tiempo de lectura":"2 minutos"},"schema":{"@context":"https:\/\/schema.org","@graph":[{"@type":"WebPage","@id":"https:\/\/medicina.udd.cl\/uci-adulto\/presentacion\/descripcion\/","url":"https:\/\/medicina.udd.cl\/uci-adulto\/presentacion\/descripcion\/","name":"Descripci\u00f3n - Post\u00edtulo de Especialidad en Unidad de Cuidados Intensivos del Adulto","isPartOf":{"@id":"https:\/\/medicina.udd.cl\/uci-adulto\/#website"},"datePublished":"2010-04-06T15:03:50+00:00","dateModified":"2011-11-23T14:31:50+00:00","breadcrumb":{"@id":"https:\/\/medicina.udd.cl\/uci-adulto\/presentacion\/descripcion\/#breadcrumb"},"inLanguage":"es","potentialAction":[{"@type":"ReadAction","target":["https:\/\/medicina.udd.cl\/uci-adulto\/presentacion\/descripcion\/"]}]},{"@type":"BreadcrumbList","@id":"https:\/\/medicina.udd.cl\/uci-adulto\/presentacion\/descripcion\/#breadcrumb","itemListElement":[{"@type":"ListItem","position":1,"name":"Home","item":"https:\/\/medicina.udd.cl\/uci-adulto\/"},{"@type":"ListItem","position":2,"name":"Presentaci\u00f3n","item":"https:\/\/medicina.udd.cl\/uci-adulto\/presentacion\/"},{"@type":"ListItem","position":3,"name":"Descripci\u00f3n"}]},{"@type":"WebSite","@id":"https:\/\/medicina.udd.cl\/uci-adulto\/#website","url":"https:\/\/medicina.udd.cl\/uci-adulto\/","name":"Post\u00edtulo de Especialidad en Unidad de Cuidados Intensivos del Adulto","description":"Otro blog m\u00e1s de Medicina","potentialAction":[{"@type":"SearchAction","target":{"@type":"EntryPoint","urlTemplate":"https:\/\/medicina.udd.cl\/uci-adulto\/?s={search_term_string}"},"query-input":{"@type":"PropertyValueSpecification","valueRequired":true,"valueName":"search_term_string"}}],"inLanguage":"es"}]}},"_links":{"self":[{"href":"https:\/\/medicina.udd.cl\/uci-adulto\/wp-json\/wp\/v2\/pages\/7","targetHints":{"allow":["GET"]}}],"collection":[{"href":"https:\/\/medicina.udd.cl\/uci-adulto\/wp-json\/wp\/v2\/pages"}],"about":[{"href":"https:\/\/medicina.udd.cl\/uci-adulto\/wp-json\/wp\/v2\/types\/page"}],"author":[{"embeddable":true,"href":"https:\/\/medicina.udd.cl\/uci-adulto\/wp-json\/wp\/v2\/users\/1"}],"replies":[{"embeddable":true,"href":"https:\/\/medicina.udd.cl\/uci-adulto\/wp-json\/wp\/v2\/comments?post=7"}],"version-history":[{"count":4,"href":"https:\/\/medicina.udd.cl\/uci-adulto\/wp-json\/wp\/v2\/pages\/7\/revisions"}],"predecessor-version":[{"id":57,"href":"https:\/\/medicina.udd.cl\/uci-adulto\/wp-json\/wp\/v2\/pages\/7\/revisions\/57"}],"up":[{"embeddable":true,"href":"https:\/\/medicina.udd.cl\/uci-adulto\/wp-json\/wp\/v2\/pages\/3"}],"wp:attachment":[{"href":"https:\/\/medicina.udd.cl\/uci-adulto\/wp-json\/wp\/v2\/media?parent=7"}],"curies":[{"name":"wp","href":"https:\/\/api.w.org\/{rel}","templated":true}]}}