{"id":20,"date":"2024-09-10T10:58:08","date_gmt":"2024-09-10T13:58:08","guid":{"rendered":"https:\/\/medicina.udd.cl\/unica\/?page_id=20"},"modified":"2024-09-10T12:00:43","modified_gmt":"2024-09-10T15:00:43","slug":"equipo","status":"publish","type":"page","link":"https:\/\/medicina.udd.cl\/unica\/equipo\/","title":{"rendered":"Equipo"},"content":{"rendered":"\n<p>La Unidad de Calidad promueve una cultura de calidad al interior de la Facultad, gestionando y\/o perfeccionando procesos que favorezcan una mejora continua en el \u00e1mbito de la gesti\u00f3n acad\u00e9mica y curricular. Entre sus labores est\u00e1 la gesti\u00f3n curricular, aseguramiento de calidad, centralizaci\u00f3n y an\u00e1lisis de informaci\u00f3n,  vinculaci\u00f3n de acad\u00e9micos y vinculaci\u00f3n con el medio.<\/p>\n\n\n<!-- WP Block: UDD - People -->\n<section class=\"wp-block-udd-people \">\n\t<div class=\"container\">\n\t\t\t\t<header class=\"block__header\">\n\t\t\t\t\t\t\t\n<h2 class=\"wp-block-heading\">Equipo de trabajo<\/h2>\n\t\t\t\t\t\t\t\t<\/header>\n\t\t\t\t<div class=\"people-cards\">\n\t\t\t\t\t<div class=\"person-card\">\n\t<a href=\"https:\/\/medicina.udd.cl\/unica\/persona\/katherine-marin-donato\/\"\n\t\tclass=\"person-card__inner js-person-modal\"\n\t\tdata-post-id=\"23\"\n\t\tdata-postid=\"23\"\n\t>\n\t\t\t<div class=\"person-card__media\">\n\t\t\t<img loading=\"lazy\" decoding=\"async\" width=\"500\" height=\"500\" src=\"https:\/\/medicina.udd.cl\/unica\/files\/2024\/09\/katherine-marin-1-750x750-1-62x62.jpg\" class=\"person-card__image wp-post-image lazyload\" alt=\"\" sizes=\"auto, (max-width: 500px) 100vw, 500px\" data-src=\"https:\/\/medicina.udd.cl\/unica\/files\/2024\/09\/katherine-marin-1-750x750-1-500x500.jpg\" data-srcset=\"https:\/\/medicina.udd.cl\/unica\/files\/2024\/09\/katherine-marin-1-750x750-1-500x500.jpg 500w, https:\/\/medicina.udd.cl\/unica\/files\/2024\/09\/katherine-marin-1-750x750-1-300x300.jpg 300w, https:\/\/medicina.udd.cl\/unica\/files\/2024\/09\/katherine-marin-1-750x750-1-150x150.jpg 150w, https:\/\/medicina.udd.cl\/unica\/files\/2024\/09\/katherine-marin-1-750x750-1-62x62.jpg 62w, https:\/\/medicina.udd.cl\/unica\/files\/2024\/09\/katherine-marin-1-750x750-1-250x250.jpg 250w, https:\/\/medicina.udd.cl\/unica\/files\/2024\/09\/katherine-marin-1-750x750-1-126x126.jpg 126w, https:\/\/medicina.udd.cl\/unica\/files\/2024\/09\/katherine-marin-1-750x750-1.jpg 750w\" \/>\t\t<\/div>\n\t\t\t<div class=\"person-card__content\">\n\t\t\t<h3 class=\"person-card__name\">Katherine  Mar\u00edn Donato<\/h3>\n\t\t\t\t\t<span class=\"person-card__description\">Directora Unidad de Calidad<\/span>\n\t\t\t\t\t<span class=\"person-card__cta\">Ver perfil<\/span>\n\t\t<\/div>\n\t<\/a>\n<\/div>\n\t\t\t\t\t<div class=\"person-card\">\n\t<a href=\"https:\/\/medicina.udd.cl\/unica\/persona\/pamela-rodriguez-bastias\/\"\n\t\tclass=\"person-card__inner js-person-modal\"\n\t\tdata-post-id=\"25\"\n\t\tdata-postid=\"25\"\n\t>\n\t\t\t<div class=\"person-card__media\">\n\t\t\t<img loading=\"lazy\" decoding=\"async\" width=\"500\" height=\"500\" src=\"https:\/\/medicina.udd.cl\/unica\/files\/2024\/09\/unica-pamela-rodriguez-byn_-62x62.jpg\" class=\"person-card__image wp-post-image lazyload\" alt=\"\" sizes=\"auto, (max-width: 500px) 100vw, 500px\" data-src=\"https:\/\/medicina.udd.cl\/unica\/files\/2024\/09\/unica-pamela-rodriguez-byn_-500x500.jpg\" data-srcset=\"https:\/\/medicina.udd.cl\/unica\/files\/2024\/09\/unica-pamela-rodriguez-byn_-500x500.jpg 500w, https:\/\/medicina.udd.cl\/unica\/files\/2024\/09\/unica-pamela-rodriguez-byn_-300x300.jpg 300w, https:\/\/medicina.udd.cl\/unica\/files\/2024\/09\/unica-pamela-rodriguez-byn_-1024x1024.jpg 1024w, https:\/\/medicina.udd.cl\/unica\/files\/2024\/09\/unica-pamela-rodriguez-byn_-150x150.jpg 150w, https:\/\/medicina.udd.cl\/unica\/files\/2024\/09\/unica-pamela-rodriguez-byn_-768x768.jpg 768w, https:\/\/medicina.udd.cl\/unica\/files\/2024\/09\/unica-pamela-rodriguez-byn_-62x62.jpg 62w, https:\/\/medicina.udd.cl\/unica\/files\/2024\/09\/unica-pamela-rodriguez-byn_-1536x1536.jpg 1536w, https:\/\/medicina.udd.cl\/unica\/files\/2024\/09\/unica-pamela-rodriguez-byn_-2048x2048.jpg 2048w, https:\/\/medicina.udd.cl\/unica\/files\/2024\/09\/unica-pamela-rodriguez-byn_-750x750.jpg 750w, https:\/\/medicina.udd.cl\/unica\/files\/2024\/09\/unica-pamela-rodriguez-byn_-250x250.jpg 250w, https:\/\/medicina.udd.cl\/unica\/files\/2024\/09\/unica-pamela-rodriguez-byn_-126x126.jpg 126w\" \/>\t\t<\/div>\n\t\t\t<div class=\"person-card__content\">\n\t\t\t<h3 class=\"person-card__name\">Pamela  Rodr\u00edguez Bast\u00edas<\/h3>\n\t\t\t\t\t<span class=\"person-card__description\">Periodista Unidad de Calidad<\/span>\n\t\t\t\t\t<span class=\"person-card__cta\">Ver perfil<\/span>\n\t\t<\/div>\n\t<\/a>\n<\/div>\n\t\t\t\t\t<div class=\"person-card\">\n\t<a href=\"https:\/\/medicina.udd.cl\/unica\/persona\/pamela-pasten\/\"\n\t\tclass=\"person-card__inner js-person-modal\"\n\t\tdata-post-id=\"55\"\n\t\tdata-postid=\"55\"\n\t>\n\t\t\t<div class=\"person-card__media\">\n\t\t\t<img loading=\"lazy\" decoding=\"async\" width=\"500\" height=\"500\" src=\"https:\/\/medicina.udd.cl\/unica\/files\/2024\/09\/unica-pamela-pasten-byn_-62x62.jpg\" class=\"person-card__image wp-post-image lazyload\" alt=\"\" sizes=\"auto, (max-width: 500px) 100vw, 500px\" data-src=\"https:\/\/medicina.udd.cl\/unica\/files\/2024\/09\/unica-pamela-pasten-byn_-scaled.jpg\" data-srcset=\"https:\/\/medicina.udd.cl\/unica\/files\/2024\/09\/unica-pamela-pasten-byn_-scaled.jpg 2560w, https:\/\/medicina.udd.cl\/unica\/files\/2024\/09\/unica-pamela-pasten-byn_-300x300.jpg 300w, https:\/\/medicina.udd.cl\/unica\/files\/2024\/09\/unica-pamela-pasten-byn_-1024x1024.jpg 1024w, https:\/\/medicina.udd.cl\/unica\/files\/2024\/09\/unica-pamela-pasten-byn_-150x150.jpg 150w, https:\/\/medicina.udd.cl\/unica\/files\/2024\/09\/unica-pamela-pasten-byn_-768x768.jpg 768w, https:\/\/medicina.udd.cl\/unica\/files\/2024\/09\/unica-pamela-pasten-byn_-62x62.jpg 62w, https:\/\/medicina.udd.cl\/unica\/files\/2024\/09\/unica-pamela-pasten-byn_-1536x1536.jpg 1536w\" \/>\t\t<\/div>\n\t\t\t<div class=\"person-card__content\">\n\t\t\t<h3 class=\"person-card__name\">Pamela Past\u00e9n<\/h3>\n\t\t\t\t\t<span class=\"person-card__description\">Analista Unidad de Calidad<\/span>\n\t\t\t\t\t<span class=\"person-card__cta\">Ver perfil<\/span>\n\t\t<\/div>\n\t<\/a>\n<\/div>\n\t\t\t\t<\/div>\n\t<\/div>\n<\/section>\n","protected":false},"excerpt":{"rendered":"<p>La Unidad de Calidad promueve una cultura de calidad al interior de la Facultad, gestionando y\/o perfeccionando procesos que favorezcan una mejora continua en el \u00e1mbito de la gesti\u00f3n acad\u00e9mica y curricular. Entre sus labores est\u00e1 la gesti\u00f3n curricular, aseguramiento de calidad, centralizaci\u00f3n y an\u00e1lisis de informaci\u00f3n, vinculaci\u00f3n de acad\u00e9micos y vinculaci\u00f3n con el medio.<\/p>\n","protected":false},"author":9192217,"featured_media":0,"parent":0,"menu_order":0,"comment_status":"closed","ping_status":"closed","template":"","meta":{"footnotes":""},"class_list":["post-20","page","type-page","status-publish","hentry"],"yoast_head":"<!-- This site is optimized with the Yoast SEO plugin v26.9 - https:\/\/yoast.com\/product\/yoast-seo-wordpress\/ -->\n<title>Equipo - Unidad de Calidad (Unica)<\/title>\n<meta name=\"robots\" content=\"index, follow, max-snippet:-1, max-image-preview:large, max-video-preview:-1\" \/>\n<link rel=\"canonical\" href=\"https:\/\/medicina.udd.cl\/unica\/equipo\/\" \/>\n<meta property=\"og:locale\" content=\"es_ES\" \/>\n<meta property=\"og:type\" content=\"article\" \/>\n<meta property=\"og:title\" content=\"Equipo - Unidad de Calidad (Unica)\" \/>\n<meta property=\"og:description\" content=\"La Unidad de Calidad promueve una cultura de calidad al interior de la Facultad, gestionando y\/o perfeccionando procesos que favorezcan una mejora continua en el \u00e1mbito de la gesti\u00f3n acad\u00e9mica y curricular. Entre sus labores est\u00e1 la gesti\u00f3n curricular, aseguramiento de calidad, centralizaci\u00f3n y an\u00e1lisis de informaci\u00f3n, vinculaci\u00f3n de acad\u00e9micos y vinculaci\u00f3n con el medio.\" \/>\n<meta property=\"og:url\" content=\"https:\/\/medicina.udd.cl\/unica\/equipo\/\" \/>\n<meta property=\"og:site_name\" content=\"Unidad de Calidad (Unica)\" \/>\n<meta property=\"article:modified_time\" content=\"2024-09-10T15:00:43+00:00\" \/>\n<meta name=\"twitter:card\" content=\"summary_large_image\" \/>\n<meta name=\"twitter:label1\" content=\"Tiempo de lectura\" \/>\n\t<meta name=\"twitter:data1\" content=\"1 minuto\" \/>\n<script type=\"application\/ld+json\" class=\"yoast-schema-graph\">{\"@context\":\"https:\/\/schema.org\",\"@graph\":[{\"@type\":\"WebPage\",\"@id\":\"https:\/\/medicina.udd.cl\/unica\/equipo\/\",\"url\":\"https:\/\/medicina.udd.cl\/unica\/equipo\/\",\"name\":\"Equipo - Unidad de Calidad (Unica)\",\"isPartOf\":{\"@id\":\"https:\/\/medicina.udd.cl\/unica\/#website\"},\"datePublished\":\"2024-09-10T13:58:08+00:00\",\"dateModified\":\"2024-09-10T15:00:43+00:00\",\"breadcrumb\":{\"@id\":\"https:\/\/medicina.udd.cl\/unica\/equipo\/#breadcrumb\"},\"inLanguage\":\"es\",\"potentialAction\":[{\"@type\":\"ReadAction\",\"target\":[\"https:\/\/medicina.udd.cl\/unica\/equipo\/\"]}]},{\"@type\":\"BreadcrumbList\",\"@id\":\"https:\/\/medicina.udd.cl\/unica\/equipo\/#breadcrumb\",\"itemListElement\":[{\"@type\":\"ListItem\",\"position\":1,\"name\":\"Portada\",\"item\":\"https:\/\/medicina.udd.cl\/unica\/\"},{\"@type\":\"ListItem\",\"position\":2,\"name\":\"Equipo\"}]},{\"@type\":\"WebSite\",\"@id\":\"https:\/\/medicina.udd.cl\/unica\/#website\",\"url\":\"https:\/\/medicina.udd.cl\/unica\/\",\"name\":\"Unidad de Calidad (Unica)\",\"description\":\"\",\"inLanguage\":\"es\"}]}<\/script>\n<!-- \/ Yoast SEO plugin. -->","yoast_head_json":{"title":"Equipo - Unidad de Calidad (Unica)","robots":{"index":"index","follow":"follow","max-snippet":"max-snippet:-1","max-image-preview":"max-image-preview:large","max-video-preview":"max-video-preview:-1"},"canonical":"https:\/\/medicina.udd.cl\/unica\/equipo\/","og_locale":"es_ES","og_type":"article","og_title":"Equipo - Unidad de Calidad (Unica)","og_description":"La Unidad de Calidad promueve una cultura de calidad al interior de la Facultad, gestionando y\/o perfeccionando procesos que favorezcan una mejora continua en el \u00e1mbito de la gesti\u00f3n acad\u00e9mica y curricular. Entre sus labores est\u00e1 la gesti\u00f3n curricular, aseguramiento de calidad, centralizaci\u00f3n y an\u00e1lisis de informaci\u00f3n, vinculaci\u00f3n de acad\u00e9micos y vinculaci\u00f3n con el medio.","og_url":"https:\/\/medicina.udd.cl\/unica\/equipo\/","og_site_name":"Unidad de Calidad (Unica)","article_modified_time":"2024-09-10T15:00:43+00:00","twitter_card":"summary_large_image","twitter_misc":{"Tiempo de lectura":"1 minuto"},"schema":{"@context":"https:\/\/schema.org","@graph":[{"@type":"WebPage","@id":"https:\/\/medicina.udd.cl\/unica\/equipo\/","url":"https:\/\/medicina.udd.cl\/unica\/equipo\/","name":"Equipo - Unidad de Calidad (Unica)","isPartOf":{"@id":"https:\/\/medicina.udd.cl\/unica\/#website"},"datePublished":"2024-09-10T13:58:08+00:00","dateModified":"2024-09-10T15:00:43+00:00","breadcrumb":{"@id":"https:\/\/medicina.udd.cl\/unica\/equipo\/#breadcrumb"},"inLanguage":"es","potentialAction":[{"@type":"ReadAction","target":["https:\/\/medicina.udd.cl\/unica\/equipo\/"]}]},{"@type":"BreadcrumbList","@id":"https:\/\/medicina.udd.cl\/unica\/equipo\/#breadcrumb","itemListElement":[{"@type":"ListItem","position":1,"name":"Portada","item":"https:\/\/medicina.udd.cl\/unica\/"},{"@type":"ListItem","position":2,"name":"Equipo"}]},{"@type":"WebSite","@id":"https:\/\/medicina.udd.cl\/unica\/#website","url":"https:\/\/medicina.udd.cl\/unica\/","name":"Unidad de Calidad (Unica)","description":"","inLanguage":"es"}]}},"_links":{"self":[{"href":"https:\/\/medicina.udd.cl\/unica\/wp-json\/wp\/v2\/pages\/20","targetHints":{"allow":["GET"]}}],"collection":[{"href":"https:\/\/medicina.udd.cl\/unica\/wp-json\/wp\/v2\/pages"}],"about":[{"href":"https:\/\/medicina.udd.cl\/unica\/wp-json\/wp\/v2\/types\/page"}],"author":[{"embeddable":true,"href":"https:\/\/medicina.udd.cl\/unica\/wp-json\/wp\/v2\/users\/9192217"}],"replies":[{"embeddable":true,"href":"https:\/\/medicina.udd.cl\/unica\/wp-json\/wp\/v2\/comments?post=20"}],"version-history":[{"count":4,"href":"https:\/\/medicina.udd.cl\/unica\/wp-json\/wp\/v2\/pages\/20\/revisions"}],"predecessor-version":[{"id":56,"href":"https:\/\/medicina.udd.cl\/unica\/wp-json\/wp\/v2\/pages\/20\/revisions\/56"}],"wp:attachment":[{"href":"https:\/\/medicina.udd.cl\/unica\/wp-json\/wp\/v2\/media?parent=20"}],"curies":[{"name":"wp","href":"https:\/\/api.w.org\/{rel}","templated":true}]}}